000
CXUS54 KEWX 132134
CF6DZB
PRELIMINARY LOCAL CLIMATOLOGICAL DATA (WS FORM: F-6)
STATION: HORSESHOE BAY
MONTH: DECEMBER
YEAR: 2020
LATITUDE: 30 31 N
LONGITUDE: 98 22 W
TEMPERATURE IN F: :PCPN: SNOW: WIND :SUNSHINE: SKY :PK WND
================================================================================
1 2 3 4 5 6A 6B 7 8 9 10 11 12 13 14 15 16 17 18
12Z AVG MX 2MIN
DY MAX MIN AVG DEP HDD CDD WTR SNW DPTH SPD SPD DIR MIN PSBL S-S WX SPD DR
================================================================================
1 61 23 42 M 23 0 0.00 M M 4.3 14 190 M M 0 21 180
2 63 39 51 M 14 0 0.00 M M 7.8 18 340 M M 2 25 340
3 54 36 45 M 20 0 0.00 M M 7.5 14 330 M M 3 20 340
4 57 28 43 M 22 0 0.00 M M 2.5 8 240 M M 0 M M
5 54 30 42 M 23 0 0.01 M M 0.8 5 210 M M 6 M M
6 64 36 50 M 15 0 0.00 M M 4.7 12 340 M M 0 18 320
7 70 30 50 M 15 0 0.00 M M 2.6 7 330 M M 0 M M
8 M 32 M M M M 0.00 0.0 0 2.3 6 190 M M 0 8 M M
9 81 32 57 M 8 0 0.00 0.0 0 2.9 10 200 M M 0 17 200
10 79 37 58 M 7 0 0.00 M M 6.2 15 170 M M 0 29 170
11 72 50 61 M 4 0 0.02 M M 2.4 9 170 M M 5 18 170
12 63 41 52 M 13 0 0.00 M M 2.6 6 20 M M 2 1 M M
13 68 41 55 M 10 0 0.01 M M 8.9 23 320 M M 8 12 38 350
14 50 28 39 M 26 0 0.00 M M 5.5 14 350 M M 1 24 340
15 64 37 51 M 14 0 0.00 M M 6.1 14 330 M M 6 18 28 310
16 55 32 44 M 21 0 0.00 M M 6.9 13 330 M M 0 22 320
17 66 25 46 M 19 0 0.00 M M 3.6 9 170 M M 0 M M
18 63 39 51 M 14 0 0.00 M M 6.6 13 180 M M 6 21 170
19 66 37 52 M 13 0 0.16 M M 3.9 13 320 M M 6 20 330
20 M 32 M M M M 0.00 M M 2.8 9 330 M M 0 M M
21 M 30 M M M M 0.00 M M 2.5 7 180 M M 0 M M
22 72 41 57 M 8 0 0.00 M M 5.1 13 170 M M 4 21 160
23 79 45 62 M 3 0 0.00 M M 10.2 25 360 M M 4 36 360
24 55 30 43 M 22 0 0.00 M M 9.2 16 300 M M 0 31 300
25 70 M M M M M 0.00 M M 2.1 6 160 M M 0 M M
26 70 34 52 M 13 0 0.00 M M 5.1 16 200 M M 0 22 200
27 77 54 66 M 0 1 0.00 M M 7.0 13 200 M M 0 23 200
28 72 57 65 M 0 0 0.00 M M 3.9 10 130 M M 9 21 140
29 73 61 67 M 0 2 0.02 M M 10.4 14 140 M M 10 24 180
30 66 41 54 M 11 0 0.11 M M 8.0 13 320 M M 10 3 21 160
31 41 34 38 M 27 0 0.00 M M 8.9 14 350 M M 10 13 23 340
================================================================================
SM 1825 1112 365 3 0.33 0.0 163.2 M 92
================================================================================
AV 65.2 37.1 5.3 FASTST M M 3 MAX(MPH)
MISC ----> 25 360 38 350
================================================================================
NOTES:
# LAST OF SEVERAL OCCURRENCES
COLUMN 17 PEAK WIND IN M.P.H.
PRELIMINARY LOCAL CLIMATOLOGICAL DATA (WS FORM: F-6) , PAGE 2
STATION: HORSESHOE BAY
MONTH: DECEMBER
YEAR: 2020
LATITUDE: 30 31 N
LONGITUDE: 98 22 W
[TEMPERATURE DATA] [PRECIPITATION DATA] SYMBOLS USED IN COLUMN 16
AVERAGE MONTHLY: 51.1 TOTAL FOR MONTH: 0.33 1 = FOG OR MIST
DPTR FM NORMAL: 0.0 DPTR FM NORMAL: M 2 = FOG REDUCING VISIBILITY
HIGHEST: 81 ON 9 GRTST 24HR 0.16 ON 19-19 TO 1/4 MILE OR LESS
LOWEST: 23 ON 1 3 = THUNDER
SNOW, ICE PELLETS, HAIL 4 = ICE PELLETS
TOTAL MONTH: 0.0 INCH 5 = HAIL
GRTST 24HR 0.0 6 = FREEZING RAIN OR DRIZZLE
GRTST DEPTH: 0 7 = DUSTSTORM OR SANDSTORM:
VSBY 1/2 MILE OR LESS
8 = SMOKE OR HAZE
[NO. OF DAYS WITH] [WEATHER - DAYS WITH] 9 = BLOWING SNOW
X = TORNADO
MAX 32 OR BELOW: 0 0.01 INCH OR MORE: 6
MAX 90 OR ABOVE: 0 0.10 INCH OR MORE: 2
MIN 32 OR BELOW: 12 0.50 INCH OR MORE: 0
MIN 0 OR BELOW: 0 1.00 INCH OR MORE: 0
[HDD (BASE 65) ]
TOTAL THIS MO. 365 CLEAR (SCALE 0-3) 19
DPTR FM NORMAL M PTCLDY (SCALE 4-7) 8
TOTAL FM JUL 1 680 CLOUDY (SCALE 8-10) 4
DPTR FM NORMAL M
[CDD (BASE 65) ]
TOTAL THIS MO. 3
DPTR FM NORMAL M [PRESSURE DATA]
TOTAL FM JAN 1 3036 HIGHEST SLP M ON M
DPTR FM NORMAL M LOWEST SLP M ON M
[REMARKS]
#FINAL-12-20#