000
CXUS54 KMAF 011110
CF6E38
PRELIMINARY LOCAL CLIMATOLOGICAL DATA (WS FORM: F-6)
STATION: ALPINE-CASPARIS MUNICIPAL
MONTH: JUNE
YEAR: 2023
LATITUDE: 30 23 N
LONGITUDE: 103 41 W
TEMPERATURE IN F: :PCPN: SNOW: WIND :SUNSHINE: SKY :PK WND
================================================================================
1 2 3 4 5 6A 6B 7 8 9 10 11 12 13 14 15 16 17 18
12Z AVG MX 2MIN
DY MAX MIN AVG DEP HDD CDD WTR SNW DPTH SPD SPD DIR MIN PSBL S-S WX SPD DR
================================================================================
1 89 64 77 M 0 12 M M M 7.4 12 150 M M 0 21 240
2 90 61 76 M 0 11 M M M 9.5 18 260 M M 1 30 240
3 90 52 71 M 0 6 M M M 6.3 14 90 M M 0 21 40
4 85 56 71 M 0 6 0.06 M M 7.1 15 350 M M 3 28 330
5 83 53 68 M 0 3 M M M 6.2 14 50 M M 2 21 20
6 85 57 71 M 0 6 M M M 5.1 10 60 M M 1 16 70
7 90 56 73 M 0 8 0.16 M M 5.5 15 40 M M 2 24 190
8 91 54 73 M 0 8 M M M 5.9 12 250 M M 1 17 60
9 95 59 77 M 0 12 M M M 7.9 16 230 M M 1 3 26 250
10 94 62 78 M 0 13 M M M 8.0 14 270 M M 0 22 300
11 97 60 79 M 0 14 M M M 7.0 16 210 M M 0 22 180
12 98 65 82 M 0 17 M M M 9.3 18 250 M M 0 23 270
13 96 62 79 M 0 14 M M M 7.5 18 250 M M 0 26 210
14 96 65 81 M 0 16 M M M 7.1 17 250 M M 0 23 250
15 98 67 83 M 0 18 M M M 10.8 18 260 M M 0 28 270
16 100 66 83 M 0 18 M M M 4.4 9 170 M M 0 17 140
17 101 70 86 M 0 21 M M M 6.6 16 240 M M 0 20 340
18 101 67 84 M 0 19 M M M 5.3 9 50 M M 0 17 60
19 103 69 86 M 0 21 M M M 6.0 12 240 M M 0 16 360
20 102 71 87 M 0 22 M M M 5.0 12 170 M M 0 26 170
21 102 76 89 M 0 24 0.02 M M 8.4 20 210 M M 1 3 41 60
22 102 78 90 M 0 25 M M M 11.1 23 240 M M 0 26 240
23 102 78 90 M 0 25 M M M 10.0 21 160 M M 0 3 33 360
24 103 79 91 M 0 26 M M M 11.0 30 180 M M 0 3 36 180
25 103 76 90 M 0 25 M M M 9.4 18 210 M M 0 25 210
26 101 75 88 M 0 23 M M M 6.9 12 220 M M 0 32 280
27 101 74 88 M 0 23 M M M 12.9 16 150 M M 1 29 150
28 99 76 88 M 0 23 M M M 10.9 17 160 M M 0 24 160
29 97 71 84 M 0 19 M M M 10.7 17 160 M M 0 25 160
30 94 67 81 M 0 16 0.32 M M 8.5 18 240 M M 2 3 25 80
================================================================================
SM 2888 1986 0 494 0.56 M 237.6 M 15
================================================================================
AV 96.3 66.2 7.9 FASTST M M 1 MAX(MPH)
MISC ----> 30 180 41 60
================================================================================
NOTES:
# LAST OF SEVERAL OCCURRENCES
COLUMN 17 PEAK WIND IN M.P.H.
PRELIMINARY LOCAL CLIMATOLOGICAL DATA (WS FORM: F-6) , PAGE 2
STATION: ALPINE-CASPARIS MUNICIPAL
MONTH: JUNE
YEAR: 2023
LATITUDE: 30 23 N
LONGITUDE: 103 41 W
[TEMPERATURE DATA] [PRECIPITATION DATA] SYMBOLS USED IN COLUMN 16
AVERAGE MONTHLY: 81.2 TOTAL FOR MONTH: 0.56 1 = FOG OR MIST
DPTR FM NORMAL: 0.0 DPTR FM NORMAL: M 2 = FOG REDUCING VISIBILITY
HIGHEST: 103 ON 25,24 GRTST 24HR 0.32 ON 30-30 TO 1/4 MILE OR LESS
LOWEST: 52 ON 3 3 = THUNDER
SNOW, ICE PELLETS, HAIL 4 = ICE PELLETS
TOTAL MONTH: M 5 = HAIL
GRTST 24HR M ON M 6 = FREEZING RAIN OR DRIZZLE
GRTST DEPTH: M ON M 7 = DUSTSTORM OR SANDSTORM:
VSBY 1/2 MILE OR LESS
8 = SMOKE OR HAZE
[NO. OF DAYS WITH] [WEATHER - DAYS WITH] 9 = BLOWING SNOW
X = TORNADO
MAX 32 OR BELOW: 0 0.01 INCH OR MORE: 4
MAX 90 OR ABOVE: 26 0.10 INCH OR MORE: 2
MIN 32 OR BELOW: 0 0.50 INCH OR MORE: 0
MIN 0 OR BELOW: 0 1.00 INCH OR MORE: 0
[HDD (BASE 65) ]
TOTAL THIS MO. 0 CLEAR (SCALE 0-3) 30
DPTR FM NORMAL M PTCLDY (SCALE 4-7) 0
TOTAL FM JUL 1 2367 CLOUDY (SCALE 8-10) 0
DPTR FM NORMAL M
[CDD (BASE 65) ]
TOTAL THIS MO. 494
DPTR FM NORMAL M [PRESSURE DATA]
TOTAL FM JAN 1 722 HIGHEST SLP M ON M
DPTR FM NORMAL M LOWEST SLP M ON M
[REMARKS]
#FINAL-06-23#