227
CXUS53 KGID 011748
CF6EAR
PRELIMINARY LOCAL CLIMATOLOGICAL DATA (WS FORM: F-6)
STATION: KEARNEY
MONTH: NOVEMBER
YEAR: 2020
LATITUDE: 40 43 N
LONGITUDE: 99 0 W
TEMPERATURE IN F: :PCPN: SNOW: WIND :SUNSHINE: SKY :PK WND
================================================================================
1 2 3 4 5 6A 6B 7 8 9 10 11 12 13 14 15 16 17 18
12Z AVG MX 2MIN
DY MAX MIN AVG DEP HDD CDD WTR SNW DPTH SPD SPD DIR MIN PSBL S-S WX SPD DR
================================================================================
1 53 24 39 -5 26 0 0.00 M M 7.3 10 180 M M 0 M M
2 75 30 53 9 12 0 0.00 M M 5.9 10 210 M M 0 M M
3 82 37 60 17 5 0 0.00 M M 8.8 17 220 M M 0 8 M M
4 82 39 61 18 4 0 0.00 M M 5.4 9 310 M M 0 M M
5 77 40 59 17 6 0 0.00 M M 6.9 14 340 M M 0 M M
6 80 37 59 17 6 0 0.00 M M 14.9 25 180 M M 0 33 180
7 76 55 66 24 0 1 0.00 M M 25.0 30 170 M M 0 41 170
8 72 55 64 23 1 0 0.00 M M 27.0 40 180 M M 2 52 190
9 61 28 45 5 20 0 0.12 M M 21.9 29 180 M M 9 13 37 180
10 38 26 32 -8 33 0 M M M 12.7 25 10 M M 7 1 32 10
11 54 29 42 3 23 0 0.00 M M 9.6 16 240 M M 1 23 240
12 38 21 30 -9 35 0 0.00 M M 10.1 22 360 M M 1 28 360
13 49 20 35 -3 30 0 0.00 M M 16.5 29 190 M M 0 39 200
14 60 28 44 6 21 0 0.00 M M 16.4 32 290 M M 1 48 290
15 52 30 41 4 24 0 0.00 M M 14.7 22 290 M M 0 33 290
16 60 31 46 9 19 0 0.00 M M 7.8 16 350 M M 0 18 330
17 65 27 46 10 19 0 0.00 M M 11.3 25 190 M M 1 36 170
18 65 33 49 13 16 0 0.00 M M 12.2 16 190 M M 0 M M
19 74 37 56 21 9 0 0.00 M M 8.0 15 200 M M 0 M M
20 56 31 44 9 21 0 0.00 M M 6.7 10 70 M M 1 M M
21 44 28 36 2 29 0 T M M 6.1 12 140 M M 7 1 M M
22 50 19 35 1 30 0 0.00 M M 8.5 20 310 M M 0 1 23 310
23 41 20 31 -2 34 0 T M M 16.1 25 160 M M 9 35 160
24 43 31 37 4 28 0 0.10 M M 15.2 24 360 M M 9 1 30 360
25 50 22 36 4 29 0 0.00 M M 9.2 15 350 M M 0 M M
26 49 27 38 6 27 0 0.00 M M 10.1 17 20 M M 0 M M
27 51 22 37 6 28 0 0.00 M M 8.0 12 250 M M 0 M M
28 55 29 42 11 23 0 0.00 M M 10.5 14 210 M M 0 M M
29 39 16 28 -2 37 0 0.00 M M 19.3 32 360 M M 0 40 360
30 48 9 29 -1 36 0 0.00 M M 8.9 17 200 M M 0 M M
================================================================================
SM 1739 881 631 1 M M 361.0 M 48
================================================================================
AV 58.0 29.4 12.0 FASTST M M 2 MAX(MPH)
MISC ----> 40 180 M M
================================================================================
NOTES:
# LAST OF SEVERAL OCCURRENCES
COLUMN 17 PEAK WIND IN M.P.H.
PRELIMINARY LOCAL CLIMATOLOGICAL DATA (WS FORM: F-6) , PAGE 2
STATION: KEARNEY
MONTH: NOVEMBER
YEAR: 2020
LATITUDE: 40 43 N
LONGITUDE: 99 0 W
[TEMPERATURE DATA] [PRECIPITATION DATA] SYMBOLS USED IN COLUMN 16
AVERAGE MONTHLY: 43.7 TOTAL FOR MONTH: M 1 = FOG OR MIST
DPTR FM NORMAL: 6.7 DPTR FM NORMAL: M 2 = FOG REDUCING VISIBILITY
HIGHEST: 82 ON 4, 3 GRTST 24HR M ON M TO 1/4 MILE OR LESS
LOWEST: 9 ON 30 3 = THUNDER
SNOW, ICE PELLETS, HAIL 4 = ICE PELLETS
TOTAL MONTH: M 5 = HAIL
GRTST 24HR M ON M 6 = FREEZING RAIN OR DRIZZLE
GRTST DEPTH: M ON M 7 = DUSTSTORM OR SANDSTORM:
VSBY 1/2 MILE OR LESS
8 = SMOKE OR HAZE
[NO. OF DAYS WITH] [WEATHER - DAYS WITH] 9 = BLOWING SNOW
X = TORNADO
MAX 32 OR BELOW: 0 0.01 INCH OR MORE: M
MAX 90 OR ABOVE: 0 0.10 INCH OR MORE: M
MIN 32 OR BELOW: 22 0.50 INCH OR MORE: M
MIN 0 OR BELOW: 0 1.00 INCH OR MORE: M
[HDD (BASE 65) ]
TOTAL THIS MO. 631 CLEAR (SCALE 0-3) 25
DPTR FM NORMAL -208 PTCLDY (SCALE 4-7) 2
TOTAL FM JUL 1 1238 CLOUDY (SCALE 8-10) 3
DPTR FM NORMAL -196
[CDD (BASE 65) ]
TOTAL THIS MO. 1
DPTR FM NORMAL 1 [PRESSURE DATA]
TOTAL FM JAN 1 1125 HIGHEST SLP 30.59 ON 1
DPTR FM NORMAL 254 LOWEST SLP 29.46 ON 14
[REMARKS]
#FINAL-11-20#