000
CXUS56 KOTX 011010
CF6EAT
PRELIMINARY LOCAL CLIMATOLOGICAL DATA (WS FORM: F-6)
STATION: WENATCHEE WA PANGBORN FIELD
MONTH: FEBRUARY
YEAR: 2023
LATITUDE: 47 23 N
LONGITUDE: 120 12 W
TEMPERATURE IN F: :PCPN: SNOW: WIND :SUNSHINE: SKY :PK WND
================================================================================
1 2 3 4 5 6A 6B 7 8 9 10 11 12 13 14 15 16 17 18
12Z AVG MX 2MIN
DY MAX MIN AVG DEP HDD CDD WTR SNW DPTH SPD SPD DIR MIN PSBL S-S WX SPD DR
================================================================================
1 28 18 23 -8 42 0 0.00 M M 1.7 7 290 M M 0 7 290
2 33 20 27 -5 38 0 0.00 M M 3.8 13 270 M M 0 13 270
3 34 24 29 -3 36 0 0.00 M M 4.1 9 260 M M 3 11 250
4 34 26 30 -2 35 0 0.04 M M 1.3 6 280 M M 9 1 8 250
5 41 31 36 4 29 0 0.04 M M 3.2 9 230 M M 6 12 12 290
6 49 32 41 9 24 0 0.00 M M 8.1 22 280 M M 1 29 260
7 43 33 38 6 27 0 T M M 6.1 25 300 M M 1 34 310
8 44 32 38 5 27 0 0.01 M M 8.7 23 310 M M 2 26 320
9 39 29 34 1 31 0 0.00 M M 2.0 10 300 M M 3 11 300
10 42 26 34 1 31 0 0.00 M M 2.9 12 300 M M 1 12 300
11 44 26 35 1 30 0 0.00 M M 5.7 15 280 M M 0 16 280
12 42 26 34 0 31 0 0.00 M M 1.8 8 70 M M 1 9 80
13 45 29 37 3 28 0 0.00 M M 10.1 25 290 M M 1 30 300
14 46 31 39 5 26 0 0.00 M M 11.6 20 300 M M 2 24 290
15 43 23 33 -1 32 0 0.00 M M 3.5 13 320 M M 0 15 330
16 40 26 33 -2 32 0 0.00 M M 0.6 6 140 M M 4 7 300
17 43 29 36 1 29 0 0.00 M M 1.8 13 320 M M 5 15 320
18 50 33 42 7 23 0 0.00 M M 7.4 24 310 M M 1 26 310
19 55 32 44 8 21 0 0.00 M M 14.5 36 310 M M 0 41 310
20 56 40 48 12 17 0 T M M 12.1 35 290 M M 1 42 300
21 47 31 39 3 26 0 0.27 M M 12.4 31 290 M M 5 1 42 300
22 32 19 26 -10 39 0 T M M 9.5 23 60 M M 10 18 28 80
23 20 15 18 -19 47 0 0.00 M M 6.8 17 80 M M 10 22 90
24 24 12 18 -19 47 0 0.00 M M 3.8 12 140 M M 1 14 130
25 27 14 21 -16 44 0 0.00 M M 2.4 13 140 M M 0 15 150
26 41 23 32 -6 33 0 0.00 M M 4.7 21 280 M M 3 25 270
27 29 22 26 -12 39 0 0.02 M M 3.9 9 280 M M 6 1 11 280
28 37 22 30 -8 35 0 0.07 M M 2.7 12 310 M M 4 1 14 300
================================================================================
SM 1108 724 899 0 0.45 M 157.2 M 80
================================================================================
AV 39.6 25.9 5.6 FASTST M M 3 MAX(MPH)
MISC ----> 36 310 # 42 300
================================================================================
NOTES:
# LAST OF SEVERAL OCCURRENCES
COLUMN 17 PEAK WIND IN M.P.H.
PRELIMINARY LOCAL CLIMATOLOGICAL DATA (WS FORM: F-6) , PAGE 2
STATION: WENATCHEE WA PANGBORN FIELD
MONTH: FEBRUARY
YEAR: 2023
LATITUDE: 47 23 N
LONGITUDE: 120 12 W
[TEMPERATURE DATA] [PRECIPITATION DATA] SYMBOLS USED IN COLUMN 16
AVERAGE MONTHLY: 32.7 TOTAL FOR MONTH: 0.45 1 = FOG OR MIST
DPTR FM NORMAL: -1.8 DPTR FM NORMAL: -0.31 2 = FOG REDUCING VISIBILITY
HIGHEST: 56 ON 20 GRTST 24HR 0.27 ON 21-21 TO 1/4 MILE OR LESS
LOWEST: 12 ON 24 3 = THUNDER
SNOW, ICE PELLETS, HAIL 4 = ICE PELLETS
TOTAL MONTH: M 5 = HAIL
GRTST 24HR M ON M 6 = FREEZING RAIN OR DRIZZLE
GRTST DEPTH: M ON M 7 = DUSTSTORM OR SANDSTORM:
VSBY 1/2 MILE OR LESS
8 = SMOKE OR HAZE
[NO. OF DAYS WITH] [WEATHER - DAYS WITH] 9 = BLOWING SNOW
X = TORNADO
MAX 32 OR BELOW: 6 0.01 INCH OR MORE: 6
MAX 90 OR ABOVE: 0 0.10 INCH OR MORE: 1
MIN 32 OR BELOW: 25 0.50 INCH OR MORE: 0
MIN 0 OR BELOW: 0 1.00 INCH OR MORE: 0
[HDD (BASE 65) ]
TOTAL THIS MO. 899 CLEAR (SCALE 0-3) 18
DPTR FM NORMAL 45 PTCLDY (SCALE 4-7) 7
TOTAL FM JUL 1 4677 CLOUDY (SCALE 8-10) 3
DPTR FM NORMAL 204
[CDD (BASE 65) ]
TOTAL THIS MO. 0
DPTR FM NORMAL 0 [PRESSURE DATA]
TOTAL FM JAN 1 0 HIGHEST SLP M ON M
DPTR FM NORMAL 0 LOWEST SLP 29.38 ON 21
[REMARKS]
#FINAL-02-23#