000
CXUS53 KMPX 080301
CF6EAU
PRELIMINARY LOCAL CLIMATOLOGICAL DATA (WS FORM: F-6)
STATION: EAU CLAIRE WI
MONTH: APRIL
YEAR: 2022
LATITUDE: 44 52 N
LONGITUDE: 91 29 W
TEMPERATURE IN F: :PCPN: SNOW: WIND :SUNSHINE: SKY :PK WND
================================================================================
1 2 3 4 5 6A 6B 7 8 9 10 11 12 13 14 15 16 17 18
12Z AVG MX 2MIN
DY MAX MIN AVG DEP HDD CDD WTR SNW DPTH SPD SPD DIR MIN PSBL S-S WX SPD DR
================================================================================
1 48 19 34 -4 31 0 0.00 0.0 0 5.1 14 220 M M 3 19 220
2 49 34 42 3 23 0 0.09 T 0 6.6 18 320 M M 10 1 25 340
3 47 24 36 -3 29 0 0.03 0.0 0 5.4 14 180 M M 5 1 18 90
4 44 33 39 -1 26 0 0.23 T 0 5.7 14 310 M M 10 1 16 300
5 51 31 41 1 24 0 0.36 0.0 0 13.2 23 120 M M 7 1 33 120
6 42 36 39 -2 26 0 0.19 T 0 13.5 21 260 M M 9 1 30 260
7 40 31 36 -5 29 0 0.14 0.8 0 12.4 23 330 M M 10 1 34 340
8 45 27 36 -6 29 0 T T 1 10.5 20 350 M M 8 30 330
9 55 26 41 -1 24 0 0.00 0.0 0 3.8 12 340 M M 0 15 360
10 63 22 43 1 22 0 0.00 0.0 0 11.1 28 120 M M 3 42 150
11 60 34 47 4 18 0 0.00 0.0 0 12.2 23 240 M M 3 33 240
12 63 26 45 2 20 0 2.66 0.0 0 12.1 32 100 M M 6 135 45 100
13 49 32 41 -3 24 0 0.44 0.0 0 8.7 28 90 M M 8 13 39 110
14 36 28 32 -12 33 0 0.02 0.2 0 19.5 36 230 M M 8 18 55 250
15 36 22 29 -16 36 0 T T T 16.7 29 270 M M 8 1 47 280
16 41 24 33 -12 32 0 0.00 0.0 0 10.8 21 300 M M 8 30 310
17 47 19 33 -13 32 0 T T 0 7.0 16 170 M M 4 24 120
18 38 30 34 -12 31 0 0.09 T 0 11.5 23 310 M M 9 1 33 310
19 48 26 37 -9 28 0 0.00 0.0 0 6.3 13 250 M M 2 8 17 240
20 54 41 48 1 17 0 0.47 0.0 0 10.3 26 160 M M 10 1 37 140
21 57 34 46 -1 19 0 0.00 0.0 0 9.7 22 290 M M 4 1 31 300
22 50 34 42 -6 23 0 0.18 0.0 0 14.1 25 120 M M 7 1 36 120
23 72 50 61 13 4 0 0.06 0.0 0 13.7 30 230 M M 9 13 41 230
24 63 39 51 2 14 0 0.00 0.0 0 18.6 32 210 M M 6 43 220
25 40 32 36 -13 29 0 T T 0 12.2 18 310 M M 10 18 26 270
26 42 28 35 -15 30 0 T T 0 9.4 18 280 M M 8 26 320
27 51 21 36 -14 29 0 0.00 0.0 0 9.9 18 70 M M 2 26 90
28 52 32 42 -8 23 0 0.00 0.0 0 13.0 22 110 M M 7 30 110
29 69 43 56 5 9 0 T 0.0 0 13.9 25 120 M M 9 41 120
30 54 47 51 0 14 0 0.47 0.0 0 15.7 26 100 M M 10 1 38 100
================================================================================
SM 1506 925 728 0 5.43 1.0 332.6 M 203
================================================================================
AV 50.2 30.8 11.1 FASTST M M 7 MAX(MPH)
MISC ----> 36 230 55 250
================================================================================
NOTES:
# LAST OF SEVERAL OCCURRENCES
COLUMN 17 PEAK WIND IN M.P.H.
PRELIMINARY LOCAL CLIMATOLOGICAL DATA (WS FORM: F-6) , PAGE 2
STATION: EAU CLAIRE WI
MONTH: APRIL
YEAR: 2022
LATITUDE: 44 52 N
LONGITUDE: 91 29 W
[TEMPERATURE DATA] [PRECIPITATION DATA] SYMBOLS USED IN COLUMN 16
AVERAGE MONTHLY: 40.5 TOTAL FOR MONTH: 5.43 1 = FOG OR MIST
DPTR FM NORMAL: -4.3 DPTR FM NORMAL: 2.35 2 = FOG REDUCING VISIBILITY
HIGHEST: 72 ON 23 GRTST 24HR 2.66 ON 12-12 TO 1/4 MILE OR LESS
LOWEST: 19 ON 17, 1 3 = THUNDER
SNOW, ICE PELLETS, HAIL 4 = ICE PELLETS
TOTAL MONTH: 1.2 INCHES 5 = HAIL
GRTST 24HR 0.8 ON 7- 7 6 = FREEZING RAIN OR DRIZZLE
GRTST DEPTH: 1 ON 8 7 = DUSTSTORM OR SANDSTORM:
VSBY 1/2 MILE OR LESS
8 = SMOKE OR HAZE
[NO. OF DAYS WITH] [WEATHER - DAYS WITH] 9 = BLOWING SNOW
X = TORNADO
MAX 32 OR BELOW: 0 0.01 INCH OR MORE: 14
MAX 90 OR ABOVE: 0 0.10 INCH OR MORE: 9
MIN 32 OR BELOW: 19 0.50 INCH OR MORE: 1
MIN 0 OR BELOW: 0 1.00 INCH OR MORE: 1
[HDD (BASE 65) ]
TOTAL THIS MO. 728 CLEAR (SCALE 0-3) 5
DPTR FM NORMAL 121 PTCLDY (SCALE 4-7) 12
TOTAL FM JUL 1 7586 CLOUDY (SCALE 8-10) 13
DPTR FM NORMAL -16
[CDD (BASE 65) ]
TOTAL THIS MO. 0
DPTR FM NORMAL -2 [PRESSURE DATA]
TOTAL FM JAN 1 0 HIGHEST SLP 30.41 ON 27
DPTR FM NORMAL -2 LOWEST SLP 29.18 ON 6
[REMARKS]
#FINAL-04-22#
PRECIPITATION DATA ON APRIL 2ND THROUGH 7TH...12TH THROUGH
14TH...17TH...18TH AND 26TH IS FROM THE 8 INCH DIAMETER
RAIN GAUGE AT THE SNOW OBSERVING SITE.