000
CXUS53 KEAX 010736
CF6EAX
PRELIMINARY LOCAL CLIMATOLOGICAL DATA (WS FORM: F-6)
STATION: PLEASANT HILL NWS MO
MONTH: OCTOBER
YEAR: 2023
LATITUDE: 38 48 N
LONGITUDE: 94 16 W
TEMPERATURE IN F: :PCPN: SNOW: WIND :SUNSHINE: SKY :PK WND
================================================================================
1 2 3 4 5 6A 6B 7 8 9 10 11 12 13 14 15 16 17 18
12Z AVG MX 2MIN
DY MAX MIN AVG DEP HDD CDD WTR SNW DPTH SPD SPD DIR MIN PSBL S-S WX SPD DR
================================================================================
1 90 62 76 13 0 11 0.00 0.0 0 M M M M M M M M
2 87 63 75 12 0 10 0.00 0.0 0 M M M M M M M M
3 82 61 72 10 0 7 0.00 0.0 0 M M M M M M M M
4 78 62 70 8 0 5 2.46 0.0 0 M M M M M M 13 M M
5 78 56 67 5 0 2 0.00 0.0 0 M M M M M M M M
6 59 43 51 -10 14 0 T 0.0 0 M M M M M M M M
7 62 39 51 -10 14 0 0.00 0.0 0 M M M M M M M M
8 76 44 60 0 5 0 0.00 0.0 0 M M M M M M M M
9 68 45 57 -3 8 0 0.00 0.0 0 M M M M M M M M
10 73 43 58 -1 7 0 0.01 0.0 0 M M M M M M 3 M M
11 79 56 68 9 0 3 T 0.0 0 M M M M M M 3 M M
12 76 58 67 8 0 2 T 0.0 0 M M M M M M 3 M M
13 63 51 57 -1 8 0 0.17 0.0 0 M M M M M M 3 M M
14 55 49 52 -6 13 0 0.03 0.0 0 M M M M M M M M
15 56 42 49 -8 16 0 0.07 0.0 0 M M M M M M M M
16 63 39 51 -6 14 0 0.00 0.0 0 M M M M M M M M
17 69 41 55 -2 10 0 0.00 0.0 0 M M M M M M M M
18 69 46 58 2 7 0 T 0.0 0 M M M M M M M M
19 70 49 60 4 5 0 0.00 0.0 0 M M M M M M M M
20 76 48 62 7 3 0 0.00 0.0 0 M M M M M M M M
21 78 53 66 11 0 1 0.00 0.0 0 M M M M M M M M
22 71 47 59 4 6 0 0.00 0.0 0 M M M M M M M M
23 83 53 68 14 0 3 0.00 0.0 0 M M M M M M M M
24 72 59 66 12 0 1 1.33 0.0 0 M M M M M M M M
25 69 63 66 13 0 1 2.86 0.0 0 M M M M M M M M
26 76 63 70 17 0 5 0.45 0.0 0 M M M M M M M M
27 65 37 51 -1 14 0 0.01 0.0 0 M M M M M M M M
28 37 31 34 -18 31 0 0.79 0.0 0 M M M M M M M M
29 38 31 35 -17 30 0 0.08 0.0 0 M M M M M M M M
30 41 27 34 -17 31 0 0.00 0.0 0 M M M M M M M M
31 41 25 33 -18 32 0 0.00 0.0 M M M M M M 0 M M
================================================================================
SM 2100 1486 268 51 8.26 0.0 M M 0
================================================================================
AV 67.7 47.9 M FASTST M M 0 MAX(MPH)
MISC ----> M M M M
================================================================================
NOTES:
# LAST OF SEVERAL OCCURRENCES
COLUMN 17 PEAK WIND IN M.P.H.
PRELIMINARY LOCAL CLIMATOLOGICAL DATA (WS FORM: F-6) , PAGE 2
STATION: PLEASANT HILL NWS MO
MONTH: OCTOBER
YEAR: 2023
LATITUDE: 38 48 N
LONGITUDE: 94 16 W
[TEMPERATURE DATA] [PRECIPITATION DATA] SYMBOLS USED IN COLUMN 16
AVERAGE MONTHLY: 57.8 TOTAL FOR MONTH: 8.26 1 = FOG OR MIST
DPTR FM NORMAL: 0.8 DPTR FM NORMAL: 4.83 2 = FOG REDUCING VISIBILITY
HIGHEST: 90 ON 1 GRTST 24HR 2.86 ON 25-25 TO 1/4 MILE OR LESS
LOWEST: 25 ON 31 3 = THUNDER
SNOW, ICE PELLETS, HAIL 4 = ICE PELLETS
TOTAL MONTH: 0.0 INCH 5 = HAIL
GRTST 24HR 0.0 6 = FREEZING RAIN OR DRIZZLE
GRTST DEPTH: 0 7 = DUSTSTORM OR SANDSTORM:
VSBY 1/2 MILE OR LESS
8 = SMOKE OR HAZE
[NO. OF DAYS WITH] [WEATHER - DAYS WITH] 9 = BLOWING SNOW
X = TORNADO
MAX 32 OR BELOW: 0 0.01 INCH OR MORE: 11
MAX 90 OR ABOVE: 1 0.10 INCH OR MORE: 6
MIN 32 OR BELOW: 4 0.50 INCH OR MORE: 4
MIN 0 OR BELOW: 0 1.00 INCH OR MORE: 3
[HDD (BASE 65) ]
TOTAL THIS MO. 268 CLEAR (SCALE 0-3) 1
DPTR FM NORMAL -11 PTCLDY (SCALE 4-7) 0
TOTAL FM JUL 1 268 CLOUDY (SCALE 8-10) 30
DPTR FM NORMAL -60
[CDD (BASE 65) ]
TOTAL THIS MO. 51
DPTR FM NORMAL 20 [PRESSURE DATA]
TOTAL FM JAN 1 1532 HIGHEST SLP M ON M
DPTR FM NORMAL 146 LOWEST SLP M ON M
[REMARKS]
#FINAL-10-23#