000
CXUS51 KAKQ 010810
CF6ECG
PRELIMINARY LOCAL CLIMATOLOGICAL DATA (WS FORM: F-6)
STATION: ELIZABETH CITY NC
MONTH: FEBRUARY
YEAR: 2022
LATITUDE: 36 16 N
LONGITUDE: 76 11 W
TEMPERATURE IN F: :PCPN: SNOW: WIND :SUNSHINE: SKY :PK WND
================================================================================
1 2 3 4 5 6A 6B 7 8 9 10 11 12 13 14 15 16 17 18
12Z AVG MX 2MIN
DY MAX MIN AVG DEP HDD CDD WTR SNW DPTH SPD SPD DIR MIN PSBL S-S WX SPD DR
================================================================================
1 49 32 41 -2 24 0 0.00 0.0 0 10.2 20 30 M M 0 23 30
2 59 33 46 3 19 0 0.00 0.0 0 5.7 10 60 M M 6 12 13 60
3 72 38 55 11 10 0 0.00 0.0 0 8.9 16 180 M M 4 1 23 180
4 75 41 58 14 7 0 0.60 0.0 0 15.2 25 30 M M 4 1 33 110
5 44 31 38 -6 27 0 0.04 0.0 0 15.1 24 340 M M 4 1 30 330
6 43 29 36 -8 29 0 T T 0 12.7 20 10 M M 8 23 10
7 49 40 45 1 20 0 0.59 0.0 0 13.0 26 340 M M 10 1 33 340
8 48 31 40 -4 25 0 0.01 0.0 0 6.4 15 290 M M 5 1 19 300
9 58 27 43 -1 22 0 0.00 0.0 0 2.1 9 80 M M 1 12 11 90
10 64 34 49 5 16 0 0.00 0.0 0 8.8 18 230 M M 0 23 230
11 66 36 51 7 14 0 0.00 0.0 0 8.5 14 160 M M 0 24 240
12 70 45 58 13 7 0 0.00 0.0 0 9.2 15 220 M M 0 27 210
13 51 35 43 -2 22 0 0.01 T 0 14.7 30 30 M M 6 1 38 30
14 44 26 35 -10 30 0 0.00 0.0 0 8.9 18 290 M M 3 1 23 50
15 43 29 36 -9 29 0 0.00 0.0 0 7.6 17 120 M M 0 19 110
16 64 32 48 3 17 0 0.00 0.0 0 6.6 15 100 M M 0 30 90
17 73 41 57 12 8 0 0.00 0.0 0 9.2 22 190 M M 0 28 180
18 75 40 58 13 7 0 0.21 0.0 0 15.9 26 310 M M 7 1 36 210
19 57 28 43 -3 22 0 0.00 0.0 0 11.5 23 10 M M 0 29 280
20 45 30 38 -8 27 0 0.00 0.0 0 8.3 18 20 M M 0 31 70
21 66 29 48 2 17 0 0.00 0.0 0 4.6 13 180 M M 3 16 180
22 72 52 62 16 3 0 0.00 0.0 0 9.6 20 180 M M 7 28 180
23 70 49 60 14 5 0 0.01 0.0 0 6.3 16 190 M M 4 128 23 190
24 57 42 50 4 15 0 0.35 0.0 0 14.8 22 10 M M 8 12 30 350
25 72 42 57 11 8 0 0.00 0.0 0 9.5 22 280 M M 8 12 30 270
26 49 37 43 -4 22 0 0.04 0.0 0 11.3 23 30 M M 7 29 30
27 48 37 43 -4 22 0 0.05 0.0 0 6.2 13 250 M M 8 1 18 260
28 51 33 42 -5 23 0 0.00 0.0 0 10.0 21 40 M M 0 12 26 40
================================================================================
SM 1634 999 497 0 1.91 T 270.8 M 103
================================================================================
AV 58.4 35.7 9.7 FASTST M M 4 MAX(MPH)
MISC ----> 30 30 38 30
================================================================================
NOTES:
# LAST OF SEVERAL OCCURRENCES
COLUMN 17 PEAK WIND IN M.P.H.
PRELIMINARY LOCAL CLIMATOLOGICAL DATA (WS FORM: F-6) , PAGE 2
STATION: ELIZABETH CITY NC
MONTH: FEBRUARY
YEAR: 2022
LATITUDE: 36 16 N
LONGITUDE: 76 11 W
[TEMPERATURE DATA] [PRECIPITATION DATA] SYMBOLS USED IN COLUMN 16
AVERAGE MONTHLY: 47.0 TOTAL FOR MONTH: 1.91 1 = FOG OR MIST
DPTR FM NORMAL: 2.0 DPTR FM NORMAL: -0.96 2 = FOG REDUCING VISIBILITY
HIGHEST: 75 ON 18, 4 GRTST 24HR 0.64 ON 4- 5 TO 1/4 MILE OR LESS
LOWEST: 26 ON 14 3 = THUNDER
SNOW, ICE PELLETS, HAIL 4 = ICE PELLETS
TOTAL MONTH: T 5 = HAIL
GRTST 24HR T ON 6- 6 6 = FREEZING RAIN OR DRIZZLE
GRTST DEPTH: 0 7 = DUSTSTORM OR SANDSTORM:
VSBY 1/2 MILE OR LESS
8 = SMOKE OR HAZE
[NO. OF DAYS WITH] [WEATHER - DAYS WITH] 9 = BLOWING SNOW
X = TORNADO
MAX 32 OR BELOW: 0 0.01 INCH OR MORE: 10
MAX 90 OR ABOVE: 0 0.10 INCH OR MORE: 4
MIN 32 OR BELOW: 11 0.50 INCH OR MORE: 2
MIN 0 OR BELOW: 0 1.00 INCH OR MORE: 0
[HDD (BASE 65) ]
TOTAL THIS MO. 497 CLEAR (SCALE 0-3) 13
DPTR FM NORMAL -65 PTCLDY (SCALE 4-7) 13
TOTAL FM JUL 1 2133 CLOUDY (SCALE 8-10) 2
DPTR FM NORMAL -226
[CDD (BASE 65) ]
TOTAL THIS MO. 0
DPTR FM NORMAL -2 [PRESSURE DATA]
TOTAL FM JAN 1 5 HIGHEST SLP 30.72 ON 15
DPTR FM NORMAL 4 LOWEST SLP 29.69 ON 18
[REMARKS]
#FINAL-02-22#