000
CXUS52 KTAE 010800
CF6ECP
PRELIMINARY LOCAL CLIMATOLOGICAL DATA (WS FORM: F-6)
STATION: PANAMA CITY NW
MONTH: MARCH
YEAR: 2022
LATITUDE: 30 21 N
LONGITUDE: 85 48 W
TEMPERATURE IN F: :PCPN: SNOW: WIND :SUNSHINE: SKY :PK WND
================================================================================
1 2 3 4 5 6A 6B 7 8 9 10 11 12 13 14 15 16 17 18
12Z AVG MX 2MIN
DY MAX MIN AVG DEP HDD CDD WTR SNW DPTH SPD SPD DIR MIN PSBL S-S WX SPD DR
================================================================================
1 73 40 57 -1 8 0 0.00 0.0 0 3.6 13 330 M M 0 20 10
2 75 37 56 -2 9 0 0.00 0.0 M 3.8 13 220 M M 0 18 190
3 78 38 58 0 7 0 0.00 0.0 M 3.4 15 190 M M 0 1 18 190
4 81 38 60 1 5 0 0.00 0.0 M 4.7 17 170 M M 1 23 120
5 77 46 62 3 3 0 0.00 0.0 M 8.0 23 160 M M 0 18 33 160
6 79 53 66 7 0 1 0.00 0.0 0 9.2 24 160 M M 2 18 31 150
7 77 55 66 7 0 1 T M M 7.9 18 170 M M 7 128 27 150
8 79 68 74 15 0 9 0.01 0.0 0 8.9 18 150 M M 9 128 25 160
9 72 55 64 4 1 0 0.61 0.0 0 7.9 18 300 M M 10 13 24 160
10 71 56 64 4 1 0 0.02 M M 6.0 15 310 M M 10 1 19 350
11 71 65 68 8 0 3 0.25 M M 6.6 17 160 M M 10 1 24 160
12 70 32 51 -9 14 0 0.07 M M 17.1 45 310 M M 4 1 53 300
13 61 29 45 -15 20 0 0.00 M M 4.6 15 20 M M 0 18 30
14 71 33 52 -8 13 0 0.00 M M 5.5 15 160 M M 3 20 140
15 64 57 61 0 4 0 1.06 0.0 0 9.2 24 90 M M 9 13 31 120
16 73 52 63 2 2 0 0.00 0.0 0 6.3 21 190 M M 5 12 27 220
17 75 46 61 0 4 0 0.00 0.0 0 3.6 15 190 M M 3 12 19 180
18 74 53 64 3 1 0 4.16 0.0 0 11.1 25 290 M M 9 123 33 130
19 73 55 64 2 1 0 0.04 0.0 0 6.9 17 170 M M 7 138 22 170
20 74 45 60 -2 5 0 0.00 0.0 0 6.8 17 360 M M 0 23 360
21 76 45 61 -1 4 0 0.00 0.0 0 6.3 17 160 M M 0 23 80
22 77 56 67 5 0 2 T 0.0 0 15.2 26 120 M M 4 34 120
23 71 60 66 4 0 1 1.28 0.0 0 12.2 31 130 M M 9 1238 45 130
24 66 50 58 -4 7 0 T 0.0 0 5.1 14 310 M M 5 16 320
25 72 49 61 -2 4 0 0.00 0.0 M 8.2 22 290 M M 0 8 29 300
26 75 47 61 -2 4 0 0.00 M M 9.8 23 290 M M 0 8 28 300
27 74 48 61 -2 4 0 0.00 0.0 M 5.3 17 210 M M 0 23 200
28 80 53 67 4 0 2 0.00 M M 6.4 20 220 M M 2 18 26 230
29 79 52 66 2 0 1 0.00 0.0 0 5.0 16 170 M M 4 128 19 170
30 77 58 68 4 0 3 0.00 0.0 0 15.9 31 140 M M 5 40 150
31 74 61 68 4 0 3 1.00 0.0 M 8.6 26 160 M M 5 13 38 170
================================================================================
SM 2289 1532 121 26 8.50 0.0 239.1 M 123
================================================================================
AV 73.8 49.4 7.7 FASTST M M 4 MAX(MPH)
MISC ----> 45 310 53 300
================================================================================
NOTES:
# LAST OF SEVERAL OCCURRENCES
COLUMN 17 PEAK WIND IN M.P.H.
PRELIMINARY LOCAL CLIMATOLOGICAL DATA (WS FORM: F-6) , PAGE 2
STATION: PANAMA CITY NW
MONTH: MARCH
YEAR: 2022
LATITUDE: 30 21 N
LONGITUDE: 85 48 W
[TEMPERATURE DATA] [PRECIPITATION DATA] SYMBOLS USED IN COLUMN 16
AVERAGE MONTHLY: 61.6 TOTAL FOR MONTH: 8.50 1 = FOG OR MIST
DPTR FM NORMAL: 0.6 DPTR FM NORMAL: 3.26 2 = FOG REDUCING VISIBILITY
HIGHEST: 81 ON 4 GRTST 24HR 4.17 ON 18-19 TO 1/4 MILE OR LESS
LOWEST: 29 ON 13 3 = THUNDER
SNOW, ICE PELLETS, HAIL 4 = ICE PELLETS
TOTAL MONTH: 0.0 INCH 5 = HAIL
GRTST 24HR 0.0 6 = FREEZING RAIN OR DRIZZLE
GRTST DEPTH: 0 7 = DUSTSTORM OR SANDSTORM:
VSBY 1/2 MILE OR LESS
8 = SMOKE OR HAZE
[NO. OF DAYS WITH] [WEATHER - DAYS WITH] 9 = BLOWING SNOW
X = TORNADO
MAX 32 OR BELOW: 0 0.01 INCH OR MORE: 10
MAX 90 OR ABOVE: 0 0.10 INCH OR MORE: 6
MIN 32 OR BELOW: 2 0.50 INCH OR MORE: 5
MIN 0 OR BELOW: 0 1.00 INCH OR MORE: 4
[HDD (BASE 65) ]
TOTAL THIS MO. 121 CLEAR (SCALE 0-3) 15
DPTR FM NORMAL -42 PTCLDY (SCALE 4-7) 9
TOTAL FM JUL 1 1235 CLOUDY (SCALE 8-10) 7
DPTR FM NORMAL -129
[CDD (BASE 65) ]
TOTAL THIS MO. 26
DPTR FM NORMAL -12 [PRESSURE DATA]
TOTAL FM JAN 1 50 HIGHEST SLP M ON M
DPTR FM NORMAL -8 LOWEST SLP 29.65 ON 12
[REMARKS]
#FINAL-03-22#