000
CXUS55 KGJT 010910
CF6EEO
PRELIMINARY LOCAL CLIMATOLOGICAL DATA (WS FORM: F-6)
STATION: MEEKER CO
MONTH: MAY
YEAR: 2023
LATITUDE: 40 2 N
LONGITUDE: 107 53 W
TEMPERATURE IN F: :PCPN: SNOW: WIND :SUNSHINE: SKY :PK WND
================================================================================
1 2 3 4 5 6A 6B 7 8 9 10 11 12 13 14 15 16 17 18
12Z AVG MX 2MIN
DY MAX MIN AVG DEP HDD CDD WTR SNW DPTH SPD SPD DIR MIN PSBL S-S WX SPD DR
================================================================================
1 76 34 55 7 10 0 T M M 6.8 28 340 M M 1 8 45 100
2 71 37 54 6 11 0 0.00 M M 5.4 18 220 M M 1 25 220
3 74 30 52 4 13 0 0.00 M M 2.8 13 250 M M 1 18 250
4 65 37 51 3 14 0 0.06 M M 8.0 25 160 M M 5 13 36 160
5 63 32 48 -1 17 0 T M M 9.3 32 220 M M 3 44 190
6 60 33 47 -2 18 0 0.10 M M 9.7 25 210 M M 5 1 35 200
7 54 37 46 -4 19 0 0.07 M M 4.8 21 330 M M 9 29 330
8 69 31 50 0 15 0 0.00 M M 6.5 24 190 M M 5 38 180
9 72 32 52 2 13 0 0.00 M M 6.7 22 210 M M 1 33 240
10 71 32 52 2 13 0 0.01 M M 6.8 21 260 M M 2 32 260
11 55 42 49 -2 16 0 0.04 M M 4.9 22 40 M M 9 28 20
12 63 40 52 1 13 0 0.01 M M 6.8 21 20 M M 6 27 20
13 69 31 50 -2 15 0 0.05 M M 4.5 22 100 M M 4 3 32 110
14 70 35 53 1 12 0 0.11 M M 4.3 22 270 M M 5 3 32 270
15 69 38 54 2 11 0 0.00 M M 6.2 22 10 M M 2 3 31 10
16 73 37 55 2 10 0 T M M 6.6 25 320 M M 2 3 36 320
17 73 35 54 1 11 0 T M M 4.3 21 300 M M 2 30 260
18 70 39 55 2 10 0 T M M 5.6 24 10 M M 6 3 33 20
19 69 35 52 -2 13 0 0.08 M M 5.8 21 100 M M 2 3 28 100
20 71 35 53 -1 12 0 0.01 M M 5.0 17 350 M M 1 3 22 360
21 77 38 58 4 7 0 T M M 4.0 15 60 M M 1 24 60
22 74 41 58 3 7 0 T M M 6.0 22 110 M M 2 3 31 120
23 74 38 56 1 9 0 T M M 4.0 21 250 M M 1 3 27 250
24 75 40 58 3 7 0 0.16 M M 6.0 25 60 M M 3 3 38 60
25 79 38 59 3 6 0 0.00 M M 5.5 20 290 M M 1 3 26 290
26 78 35 57 1 8 0 T M M 7.8 36 210 M M 1 55 210
27 68 41 55 -1 10 0 T M M 7.7 44 260 M M 2 3 56 250
28 72 34 53 -3 12 0 T M M 5.9 28 180 M M 2 3 38 180
29 79 36 58 1 7 0 0.00 M M 4.2 22 250 M M 1 27 210
30 79 34 57 0 8 0 0.00 M M 6.1 22 250 M M 0 8 30 180
31 74 35 55 -2 10 0 0.00 M M 6.5 20 150 M M 2 30 120
================================================================================
SM 2186 1112 357 0 0.70 M 184.5 M 88
================================================================================
AV 70.5 35.9 6.0 FASTST M M 3 MAX(MPH)
MISC ----> 44 260 56 250
================================================================================
NOTES:
# LAST OF SEVERAL OCCURRENCES
COLUMN 17 PEAK WIND IN M.P.H.
PRELIMINARY LOCAL CLIMATOLOGICAL DATA (WS FORM: F-6) , PAGE 2
STATION: MEEKER CO
MONTH: MAY
YEAR: 2023
LATITUDE: 40 2 N
LONGITUDE: 107 53 W
[TEMPERATURE DATA] [PRECIPITATION DATA] SYMBOLS USED IN COLUMN 16
AVERAGE MONTHLY: 53.2 TOTAL FOR MONTH: 0.70 1 = FOG OR MIST
DPTR FM NORMAL: 0.6 DPTR FM NORMAL: -1.04 2 = FOG REDUCING VISIBILITY
HIGHEST: 79 ON 30,29 GRTST 24HR 0.16 ON 23-24 TO 1/4 MILE OR LESS
LOWEST: 30 ON 3 3 = THUNDER
SNOW, ICE PELLETS, HAIL 4 = ICE PELLETS
TOTAL MONTH: M 5 = HAIL
GRTST 24HR M ON M 6 = FREEZING RAIN OR DRIZZLE
GRTST DEPTH: M ON M 7 = DUSTSTORM OR SANDSTORM:
VSBY 1/2 MILE OR LESS
8 = SMOKE OR HAZE
[NO. OF DAYS WITH] [WEATHER - DAYS WITH] 9 = BLOWING SNOW
X = TORNADO
MAX 32 OR BELOW: 0 0.01 INCH OR MORE: 11
MAX 90 OR ABOVE: 0 0.10 INCH OR MORE: 3
MIN 32 OR BELOW: 6 0.50 INCH OR MORE: 0
MIN 0 OR BELOW: 0 1.00 INCH OR MORE: 0
[HDD (BASE 65) ]
TOTAL THIS MO. 357 CLEAR (SCALE 0-3) 21
DPTR FM NORMAL -30 PTCLDY (SCALE 4-7) 8
TOTAL FM JUL 1 8495 CLOUDY (SCALE 8-10) 2
DPTR FM NORMAL 1038
[CDD (BASE 65) ]
TOTAL THIS MO. 0
DPTR FM NORMAL -1 [PRESSURE DATA]
TOTAL FM JAN 1 0 HIGHEST SLP M ON M
DPTR FM NORMAL -1 LOWEST SLP 29.59 ON 4
[REMARKS]
#FINAL-05-23#