000
CXUS55 KGJT 010910
CF6EEO
PRELIMINARY LOCAL CLIMATOLOGICAL DATA (WS FORM: F-6)
STATION: MEEKER CO
MONTH: OCTOBER
YEAR: 2021
LATITUDE: 40 2 N
LONGITUDE: 107 53 W
TEMPERATURE IN F: :PCPN: SNOW: WIND :SUNSHINE: SKY :PK WND
================================================================================
1 2 3 4 5 6A 6B 7 8 9 10 11 12 13 14 15 16 17 18
12Z AVG MX 2MIN
DY MAX MIN AVG DEP HDD CDD WTR SNW DPTH SPD SPD DIR MIN PSBL S-S WX SPD DR
================================================================================
1 63 36 50 -2 15 0 0.00 M M 3.4 14 250 M M 4 20 250
2 69 38 54 2 11 0 0.00 M M 4.8 14 320 M M 1 22 310
3 72 33 53 2 12 0 0.00 M M 3.3 13 280 M M 0 18 280
4 73 35 54 3 11 0 0.00 M M 5.1 16 230 M M 0 23 200
5 76 38 57 7 8 0 0.00 M M 4.4 16 280 M M 1 25 270
6 65 42 54 4 11 0 0.03 M M 5.8 24 240 M M 6 30 250
7 68 37 53 3 12 0 0.00 M M 2.6 16 210 M M 3 27 210
8 60 40 50 1 15 0 0.03 M M 5.8 21 210 M M 6 1 31 200
9 51 37 44 -5 21 0 0.11 M M 5.5 23 240 M M 6 1 35 250
10 54 31 43 -5 22 0 0.01 M M 1.9 14 260 M M 7 18 260
11 59 27 43 -5 22 0 0.00 M M 3.8 18 190 M M 1 26 180
12 49 28 39 -8 26 0 0.18 M M 7.1 30 210 M M 9 1 44 210
13 42 27 35 -12 30 0 T M M 1.2 9 240 M M 9 1 11 320
14 41 29 35 -11 30 0 0.19 M M 4.3 25 320 M M 9 128 36 320
15 46 21 34 -12 31 0 0.00 M M 2.7 12 260 M M 1 21 220
16 61 22 42 -4 23 0 0.00 M M 3.0 13 230 M M 0 15 230
17 67 25 46 1 19 0 0.00 M M 4.3 18 220 M M 0 28 210
18 66 31 49 4 16 0 0.01 M M 10.1 33 180 M M 4 46 170
19 47 29 38 -6 27 0 0.36 M M 6.5 26 260 M M 8 1 34 260
20 54 24 39 -5 26 0 0.00 M M 4.1 13 190 M M 0 18 280
21 62 28 45 1 20 0 0.00 M M 3.6 12 260 M M 0 14 320
22 65 26 46 3 19 0 0.00 M M 3.6 17 210 M M 0 23 190
23 57 29 43 0 22 0 T M M 6.6 29 250 M M 5 38 260
24 59 37 48 6 17 0 0.19 M M 5.4 20 240 M M 5 1 26 240
25 71 39 55 13 10 0 0.00 M M 10.0 29 190 M M 0 43 190
26 60 29 45 3 20 0 0.81 M M 8.1 37 280 M M 8 12 47 190
27 42 23 33 -8 32 0 0.00 M M 1.7 8 100 M M 9 11 110
28 51 30 41 0 24 0 0.00 M M 2.2 8 60 M M 8 11 70
29 61 27 44 4 21 0 0.00 M M 3.3 10 90 M M 0 18 100
30 62 27 45 5 20 0 0.00 M M 3.2 13 280 M M 0 20 300
31 61 33 47 7 18 0 T M M 3.9 16 210 M M 3 23 210
================================================================================
SM 1834 958 611 0 1.92 M 141.3 M 113
================================================================================
AV 59.2 30.9 4.6 FASTST M M 4 MAX(MPH)
MISC ----> 37 280 47 190
================================================================================
NOTES:
# LAST OF SEVERAL OCCURRENCES
COLUMN 17 PEAK WIND IN M.P.H.
PRELIMINARY LOCAL CLIMATOLOGICAL DATA (WS FORM: F-6) , PAGE 2
STATION: MEEKER CO
MONTH: OCTOBER
YEAR: 2021
LATITUDE: 40 2 N
LONGITUDE: 107 53 W
[TEMPERATURE DATA] [PRECIPITATION DATA] SYMBOLS USED IN COLUMN 16
AVERAGE MONTHLY: 45.0 TOTAL FOR MONTH: 1.92 1 = FOG OR MIST
DPTR FM NORMAL: -0.7 DPTR FM NORMAL: 0.32 2 = FOG REDUCING VISIBILITY
HIGHEST: 76 ON 5 GRTST 24HR 0.81 ON 26-26 TO 1/4 MILE OR LESS
LOWEST: 21 ON 15 3 = THUNDER
SNOW, ICE PELLETS, HAIL 4 = ICE PELLETS
TOTAL MONTH: M 5 = HAIL
GRTST 24HR M ON M 6 = FREEZING RAIN OR DRIZZLE
GRTST DEPTH: M ON M 7 = DUSTSTORM OR SANDSTORM:
VSBY 1/2 MILE OR LESS
8 = SMOKE OR HAZE
[NO. OF DAYS WITH] [WEATHER - DAYS WITH] 9 = BLOWING SNOW
X = TORNADO
MAX 32 OR BELOW: 0 0.01 INCH OR MORE: 10
MAX 90 OR ABOVE: 0 0.10 INCH OR MORE: 6
MIN 32 OR BELOW: 19 0.50 INCH OR MORE: 1
MIN 0 OR BELOW: 0 1.00 INCH OR MORE: 0
[HDD (BASE 65) ]
TOTAL THIS MO. 611 CLEAR (SCALE 0-3) 16
DPTR FM NORMAL 13 PTCLDY (SCALE 4-7) 11
TOTAL FM JUL 1 826 CLOUDY (SCALE 8-10) 4
DPTR FM NORMAL -11
[CDD (BASE 65) ]
TOTAL THIS MO. 0
DPTR FM NORMAL 0 [PRESSURE DATA]
TOTAL FM JAN 1 319 HIGHEST SLP M ON M
DPTR FM NORMAL 75 LOWEST SLP 29.31 ON 26
[REMARKS]
#FINAL-10-21#