000
CXUS56 KEKA 041706
CF6EKA
PRELIMINARY LOCAL CLIMATOLOGICAL DATA (WS FORM: F-6)
STATION: EUREKA CA
MONTH: JULY
YEAR: 2021
LATITUDE: 40 47 N
LONGITUDE: 124 10 W
TEMPERATURE IN F: :PCPN: SNOW: WIND :SUNSHINE: SKY :PK WND
================================================================================
1 2 3 4 5 6A 6B 7 8 9 10 11 12 13 14 15 16 17 18
12Z AVG MX 2MIN
DY MAX MIN AVG DEP HDD CDD WTR SNW DPTH SPD SPD DIR MIN PSBL S-S WX SPD DR
================================================================================
1 65 57 61 4 4 0 T 0.0 0 4.6 7 10 M M 10 18 12 M
2 64 55 60 3 5 0 0.01 0.0 0 3.8 9 320 M M 9 1 10 M
3 62 55 59 2 6 0 0.00 0.0 0 4.5 9 320 M M 9 1 10 M
4 62 53 58 1 7 0 0.00 0.0 0 5.0 12 260 M M 9 1 15 M
5 61 53 57 0 8 0 T 0.0 0 4.2 12 320 M M 10 1 12 M
6 62 54 58 1 7 0 0.02 0.0 0 5.4 12 270 M M 10 1 15 M
7 62 54 58 1 7 0 0.01 0.0 0 6.1 9 330 M M 10 1 14 M
8 63 53 58 1 7 0 T 0.0 0 4.9 12 310 M M 5 1 16 M
9 59 53 56 -1 9 0 0.00 0.0 0 5.5 9 280 M M 10 1 12 M
10 60 51 56 -1 9 0 0.01 0.0 0 5.0 9 320 M M 10 1 11 M
11 58 51 55 -3 10 0 T 0.0 0 5.4 10 280 M M 10 1 13 M
12 59 51 55 -3 10 0 T 0.0 0 5.1 9 290 M M 10 1 11 M
13 59 51 55 -3 10 0 0.00 0.0 0 5.1 9 240 M M 10 1 13 M
14 57 51 54 -4 11 0 T 0.0 0 5.0 8 300 M M 10 18 12 M
15 60 51 56 -2 9 0 0.02 0.0 0 4.8 10 320 M M 10 1 12 M
16 62 52 57 -1 8 0 0.00 0.0 0 5.2 12 350 M M 4 14 M
17 63 51 57 -1 8 0 0.00 0.0 0 4.1 10 290 M M 7 1 17 M
18 61 51 56 -2 9 0 0.00 0.0 0 4.0 10 330 M M 7 1 14 M
19 61 52 57 -1 8 0 0.00 0.0 0 2.5 8 300 M M 8 12 M
20 61 52 57 -1 8 0 T 0.0 0 3.3 9 340 M M 7 1 12 M
21 64 52 58 0 7 0 0.00 0.0 0 4.5 12 350 M M 3 1 20 M
22 62 53 58 0 7 0 0.00 0.0 0 4.0 10 360 M M 3 1 15 M
23 62 52 57 -1 8 0 0.00 0.0 0 4.9 9 350 M M 2 10 M
24 62 50 56 -2 9 0 0.00 0.0 0 3.6 9 320 M M 6 1 12 M
25 60 52 56 -2 9 0 0.00 0.0 0 4.2 8 290 M M 9 1 9 M
26 59 51 55 -3 10 0 T 0.0 0 5.9 12 260 M M 10 1 18 M
27 59 52 56 -2 9 0 0.14 0.0 0 3.2 6 300 M M 10 13 10 M
28 63 51 57 -1 8 0 0.00 0.0 0 2.7 7 310 M M 5 1 7 M
29 61 50 56 -2 9 0 0.00 0.0 0 2.8 6 310 M M 6 2 8 M
30 59 51 55 -3 10 0 0.00 0.0 0 4.9 12 280 M M 8 1 14 M
31 61 52 57 -1 8 0 0.00 0.0 0 4.3 9 310 M M 8 1 9 M
================================================================================
SM 1893 1617 254 0 0.21 0.0 138.5 M 245
================================================================================
AV 61.1 52.2 4.5 FASTST M M 8 MAX(MPH)
MISC ----> # 12 260 20 9999
================================================================================
NOTES:
# LAST OF SEVERAL OCCURRENCES
COLUMN 17 PEAK WIND IN M.P.H.
PRELIMINARY LOCAL CLIMATOLOGICAL DATA (WS FORM: F-6) , PAGE 2
STATION: EUREKA CA
MONTH: JULY
YEAR: 2021
LATITUDE: 40 47 N
LONGITUDE: 124 10 W
[TEMPERATURE DATA] [PRECIPITATION DATA] SYMBOLS USED IN COLUMN 16
AVERAGE MONTHLY: 56.6 TOTAL FOR MONTH: 0.21 1 = FOG OR MIST
DPTR FM NORMAL: -1.1 DPTR FM NORMAL: 0.03 2 = FOG REDUCING VISIBILITY
HIGHEST: 65 ON 1 GRTST 24HR 0.14 ON 27 TO 1/4 MILE OR LESS
LOWEST: 50 ON 29,24 3 = THUNDER
SNOW, ICE PELLETS, HAIL 4 = ICE PELLETS
TOTAL MONTH: 0.0 INCH 5 = HAIL
GRTST 24HR 0.0 6 = FREEZING RAIN OR DRIZZLE
GRTST DEPTH: 0 7 = DUSTSTORM OR SANDSTORM:
VSBY 1/2 MILE OR LESS
8 = SMOKE OR HAZE
[NO. OF DAYS WITH] [WEATHER - DAYS WITH] 9 = BLOWING SNOW
X = TORNADO
MAX 32 OR BELOW: 0 0.01 INCH OR MORE: 6
MAX 90 OR ABOVE: 0 0.10 INCH OR MORE: 1
MIN 32 OR BELOW: 0 0.50 INCH OR MORE: 0
MIN 0 OR BELOW: 0 1.00 INCH OR MORE: 0
[HDD (BASE 65) ]
TOTAL THIS MO. 254 CLEAR (SCALE 0-3) 3
DPTR FM NORMAL 29 PTCLDY (SCALE 4-7) 11
TOTAL FM JUL 1 254 CLOUDY (SCALE 8-10) 17
DPTR FM NORMAL 27
[CDD (BASE 65) ]
TOTAL THIS MO. 0
DPTR FM NORMAL 0 [PRESSURE DATA]
TOTAL FM JAN 1 0 HIGHEST SLP 30.15 ON 19
DPTR FM NORMAL 0 LOWEST SLP 29.86 ON 26
[REMARKS]
#FINAL-07-21#