000
CXUS56 KEKA 030340
CF6EKA
PRELIMINARY LOCAL CLIMATOLOGICAL DATA (WS FORM: F-6)
STATION: EUREKA CA
MONTH: JUNE
YEAR: 2021
LATITUDE: 40 47 N
LONGITUDE: 124 10 W
TEMPERATURE IN F: :PCPN: SNOW: WIND :SUNSHINE: SKY :PK WND
================================================================================
1 2 3 4 5 6A 6B 7 8 9 10 11 12 13 14 15 16 17 18
12Z AVG MX 2MIN
DY MAX MIN AVG DEP HDD CDD WTR SNW DPTH SPD SPD DIR MIN PSBL S-S WX SPD DR
================================================================================
1 58 48 53 -2 12 0 0.00 0.0 0 3.5 8 310 M M 6 1 10 M
2 57 50 54 -1 11 0 0.00 0.0 0 3.4 7 350 M M 10 1 10 M
3 60 51 56 1 9 0 0.00 0.0 0 4.0 10 320 M M 9 1 12 M
4 59 49 54 -1 11 0 T 0.0 0 3.9 10 220 M M 7 1 12 M
5 61 46 54 -1 11 0 0.00 0.0 0 6.2 14 10 M M 5 21 M
6 61 47 54 -2 11 0 0.00 0.0 0 6.3 12 360 M M 2 16 0
7 62 47 55 -1 10 0 0.00 0.0 0 4.9 11 34 M M 4 14 M
8 61 44 53 -3 12 0 0.00 0.0 0 3.8 13 320 M M 2 13 M
9 60 43 52 -4 13 0 0.00 0.0 0 4.5 10 310 M M 2 13 M
10 62 46 54 -2 11 0 0.00 0.0 0 3.8 10 280 M M 5 13 M
11 69 53 61 5 4 0 0.14 0.0 0 8.2 15 170 M M 10 25 M
12 75 55 65 9 0 0 0.00 0.0 0 5.0 13 270 M M 8 1 22 M
13 71 55 63 7 2 0 0.73 0.0 0 3.6 10 230 M M 9 1 18 M
14 65 54 60 4 5 0 0.19 0.0 0 3.3 12 260 M M 6 1 13 M
15 65 52 59 3 6 0 0.00 0.0 0 4.5 12 20 M M 2 1 17 M
16 64 53 59 3 6 0 0.00 0.0 0 4.0 12 340 M M 5 16 M
17 63 53 58 2 7 0 0.00 0.0 0 4.3 10 360 M M 6 14 M
18 64 50 57 1 8 0 0.00 0.0 0 4.6 12 290 M M 4 16 M
19 65 51 58 2 7 0 0.00 0.0 0 4.2 7 300 M M 3 9 M
20 62 51 57 1 8 0 0.00 0.0 0 6.7 12 240 M M 5 1 13 M
21 60 49 55 -1 10 0 0.00 0.0 0 4.8 10 240 M M 9 1 11 M
22 60 50 55 -1 10 0 0.00 0.0 0 2.8 7 300 M M 7 1 9 M
23 58 53 56 0 9 0 0.00 0.0 0 3.6 8 330 M M 10 10 M
24 62 52 57 1 8 0 0.00 0.0 0 5.0 10 270 M M 9 1 10 M
25 62 52 57 1 8 0 0.00 0.0 0 4.0 8 300 M M 8 1 8 M
26 62 52 57 0 8 0 0.00 0.0 0 3.8 9 360 M M 9 1 9 M
27 64 53 59 2 6 0 0.00 0.0 0 5.8 12 250 M M 10 1 12 M
28 66 55 61 4 4 0 0.00 0.0 0 5.8 13 260 M M 8 2 13 M
29 67 55 61 4 4 0 T 0.0 0 4.2 9 320 M M 7 2 12 M
30 66 57 62 5 3 0 0.00 0.0 0 6.1 12 360 M M 10 1 14 M
================================================================================
SM 1891 1526 234 0 1.06 0.0 138.6 M 197
================================================================================
AV 63.0 50.9 4.6 FASTST M M 7 MAX(MPH)
MISC ----> 15 170 25 9999
================================================================================
NOTES:
# LAST OF SEVERAL OCCURRENCES
COLUMN 17 PEAK WIND IN M.P.H.
PRELIMINARY LOCAL CLIMATOLOGICAL DATA (WS FORM: F-6) , PAGE 2
STATION: EUREKA CA
MONTH: JUNE
YEAR: 2021
LATITUDE: 40 47 N
LONGITUDE: 124 10 W
[TEMPERATURE DATA] [PRECIPITATION DATA] SYMBOLS USED IN COLUMN 16
AVERAGE MONTHLY: 57.0 TOTAL FOR MONTH: 1.06 1 = FOG OR MIST
DPTR FM NORMAL: 0.9 DPTR FM NORMAL: 0.36 2 = FOG REDUCING VISIBILITY
HIGHEST: 75 ON 12 GRTST 24HR 0.92 ON 13-14 TO 1/4 MILE OR LESS
LOWEST: 43 ON 9 3 = THUNDER
SNOW, ICE PELLETS, HAIL 4 = ICE PELLETS
TOTAL MONTH: 0.0 INCH 5 = HAIL
GRTST 24HR 0.0 6 = FREEZING RAIN OR DRIZZLE
GRTST DEPTH: 0 7 = DUSTSTORM OR SANDSTORM:
VSBY 1/2 MILE OR LESS
8 = SMOKE OR HAZE
[NO. OF DAYS WITH] [WEATHER - DAYS WITH] 9 = BLOWING SNOW
X = TORNADO
MAX 32 OR BELOW: 0 0.01 INCH OR MORE: 3
MAX 90 OR ABOVE: 0 0.10 INCH OR MORE: 3
MIN 32 OR BELOW: 0 0.50 INCH OR MORE: 1
MIN 0 OR BELOW: 0 1.00 INCH OR MORE: 0
[HDD (BASE 65) ]
TOTAL THIS MO. 234 CLEAR (SCALE 0-3) 5
DPTR FM NORMAL -36 PTCLDY (SCALE 4-7) 15
TOTAL FM JUL 1 4530 CLOUDY (SCALE 8-10) 10
DPTR FM NORMAL 25
[CDD (BASE 65) ]
TOTAL THIS MO. 0
DPTR FM NORMAL 0 [PRESSURE DATA]
TOTAL FM JAN 1 0 HIGHEST SLP 30.27 ON 15
DPTR FM NORMAL 0 LOWEST SLP 29.71 ON 19
[REMARKS]
#FINAL-06-21#