000
CXUS51 KRLX 011148
CF6EKN
PRELIMINARY LOCAL CLIMATOLOGICAL DATA (WS FORM: F-6)
STATION: ELKINS WV
MONTH: MARCH
YEAR: 2022
LATITUDE: 38 52 N
LONGITUDE: 79 51 W
TEMPERATURE IN F: :PCPN: SNOW: WIND :SUNSHINE: SKY :PK WND
================================================================================
1 2 3 4 5 6A 6B 7 8 9 10 11 12 13 14 15 16 17 18
12Z AVG MX 2MIN
DY MAX MIN AVG DEP HDD CDD WTR SNW DPTH SPD SPD DIR MIN PSBL S-S WX SPD DR
================================================================================
1 61 20 41 4 24 0 0.00 0.0 0 5.7 21 230 M M 2 26 220
2 61 30 46 9 19 0 T 0.0 0 5.6 18 250 M M 4 25 250
3 56 23 40 3 25 0 0.19 0.0 0 6.6 21 250 M M 7 1 35 260
4 54 17 36 -1 29 0 0.00 0.0 0 1.9 13 320 M M 1 17 360
5 77 29 53 15 12 0 0.00 0.0 0 5.2 18 250 M M 0 26 260
6 68 53 61 23 4 0 0.61 0.0 0 7.7 24 210 M M 8 13 33 220
7 70 36 53 15 12 0 0.35 T 0 11.0 32 290 M M 6 1 43 280
8 46 32 39 1 26 0 0.03 T 0 4.5 16 300 M M 6 1 27 280
9 43 34 39 0 26 0 0.33 0.0 0 3.2 14 320 M M 10 18 17 310
10 50 25 38 -1 27 0 T 0.0 0 1.2 13 170 M M 7 12 17 220
11 65 27 46 7 19 0 T 0.0 0 3.9 20 310 M M 7 12 27 300
12 42 16 29 -11 36 0 0.41 9.1 3 13.1 28 310 M M 10 1 38 310
13 42 8 25 -15 40 0 T T 4 6.9 26 220 M M 4 34 230
14 61 22 42 2 23 0 0.00 0.0 0 2.8 13 280 M M 0 17 270
15 65 26 46 6 19 0 0.00 0.0 0 2.7 15 230 M M 2 21 240
16 71 27 49 8 16 0 T 0.0 0 3.6 15 190 M M 2 23 210
17 62 36 49 8 16 0 T 0.0 0 0.3 8 310 M M 8 128 10 330
18 71 33 52 10 13 0 0.00 0.0 0 5.1 22 160 M M 5 128 31 160
19 71 40 56 14 9 0 T 0.0 0 8.5 28 220 M M 4 40 220
20 48 29 39 -3 26 0 0.09 0.0 0 8.2 20 290 M M 9 28 290
21 66 25 46 4 19 0 0.00 0.0 0 3.0 18 310 M M 1 18 28 310
22 73 32 53 10 12 0 0.00 0.0 0 4.5 21 140 M M 0 28 160
23 67 54 61 18 4 0 0.49 0.0 0 11.5 25 170 M M 5 35 150
24 66 41 54 11 11 0 0.09 0.0 0 3.9 14 290 M M 7 1 19 280
25 46 32 39 -5 26 0 0.04 0.0 0 7.3 21 280 M M 8 28 280
26 39 30 35 -9 30 0 0.14 1.0 T 12.1 28 270 M M 10 3 40 230
27 30 25 28 -16 37 0 0.03 1.3 T 11.1 21 290 M M 10 33 300
28 29 15 22 -23 43 0 T T T 10.4 23 280 M M 7 32 290
29 45 10 28 -17 37 0 0.05 0.0 0 1.6 9 350 M M 2 13 360
30 77 34 56 10 9 0 0.08 0.0 0 7.0 21 150 M M 4 18 33 140
31 75 43 59 13 6 0 0.24 0.0 0 12.2 25 150 M M 6 3 36 210
================================================================================
SM 1797 904 655 0 3.17 11.4 192.3 M 162
================================================================================
AV 58.0 29.2 6.2 FASTST M M 5 MAX(MPH)
MISC ----> 32 290 43 280
================================================================================
NOTES:
# LAST OF SEVERAL OCCURRENCES
COLUMN 17 PEAK WIND IN M.P.H.
PRELIMINARY LOCAL CLIMATOLOGICAL DATA (WS FORM: F-6) , PAGE 2
STATION: ELKINS WV
MONTH: MARCH
YEAR: 2022
LATITUDE: 38 52 N
LONGITUDE: 79 51 W
[TEMPERATURE DATA] [PRECIPITATION DATA] SYMBOLS USED IN COLUMN 16
AVERAGE MONTHLY: 43.6 TOTAL FOR MONTH: 3.17 1 = FOG OR MIST
DPTR FM NORMAL: 2.6 DPTR FM NORMAL: -0.81 2 = FOG REDUCING VISIBILITY
HIGHEST: 77 ON 30, 5 GRTST 24HR 0.79 ON 6- 7 TO 1/4 MILE OR LESS
LOWEST: 8 ON 13 3 = THUNDER
SNOW, ICE PELLETS, HAIL 4 = ICE PELLETS
TOTAL MONTH: 11.4 INCHES 5 = HAIL
GRTST 24HR 9.1 ON 12-12 6 = FREEZING RAIN OR DRIZZLE
GRTST DEPTH: 4 ON 13 7 = DUSTSTORM OR SANDSTORM:
VSBY 1/2 MILE OR LESS
8 = SMOKE OR HAZE
[NO. OF DAYS WITH] [WEATHER - DAYS WITH] 9 = BLOWING SNOW
X = TORNADO
MAX 32 OR BELOW: 2 0.01 INCH OR MORE: 15
MAX 90 OR ABOVE: 0 0.10 INCH OR MORE: 8
MIN 32 OR BELOW: 21 0.50 INCH OR MORE: 1
MIN 0 OR BELOW: 0 1.00 INCH OR MORE: 0
[HDD (BASE 65) ]
TOTAL THIS MO. 655 CLEAR (SCALE 0-3) 9
DPTR FM NORMAL -89 PTCLDY (SCALE 4-7) 17
TOTAL FM JUL 1 4397 CLOUDY (SCALE 8-10) 5
DPTR FM NORMAL -411
[CDD (BASE 65) ]
TOTAL THIS MO. 0
DPTR FM NORMAL 0 [PRESSURE DATA]
TOTAL FM JAN 1 0 HIGHEST SLP 30.49 ON 4
DPTR FM NORMAL 0 LOWEST SLP 29.40 ON 31
[REMARKS]
#FINAL-03-22#