000
CXUS56 KLKN 101816
CF6EKO
PRELIMINARY LOCAL CLIMATOLOGICAL DATA (WS FORM: F-6)
STATION: ELKO AIRPORT NV
MONTH: NOVEMBER
YEAR: 2022
LATITUDE: 40 49 N
LONGITUDE: 115 47 W
TEMPERATURE IN F: :PCPN: SNOW: WIND :SUNSHINE: SKY :PK WND
================================================================================
1 2 3 4 5 6A 6B 7 8 9 10 11 12 13 14 15 16 17 18
12Z AVG MX 2MIN
DY MAX MIN AVG DEP HDD CDD WTR SNW DPTH SPD SPD DIR MIN PSBL S-S WX SPD DR
================================================================================
1 64 38 51 10 14 0 0.45 T T M 0 M M M 0 0 0
2 42 28 35 -6 30 0 0.04 T 0 5.4 25 270 M M 4 1 32 270
3 38 15 27 -14 38 0 0.00 0.0 0 3.1 13 320 M M 3 12 17 360
4 41 20 31 -9 34 0 T T 0 6.2 18 260 M M 7 1 27 240
5 51 39 45 5 20 0 0.01 0.0 0 11.2 28 250 M M 9 38 250
6 54 37 46 6 19 0 0.02 0.0 0 10.8 28 180 M M 7 1 41 180
7 50 29 40 1 25 0 0.76 7.5 T 9.3 30 290 M M 9 138 43 280
8 39 25 32 -7 33 0 0.37 3.3 10 8.6 21 30 M M 8 1 29 200
9 34 11 23 -15 42 0 0.14 2.3 5 12.8 25 280 M M 8 128 35 210
10 32 4 18 -20 47 0 0.00 0.0 0 1.6 7 80 M M 0 1 10 330
11 23 0 12 -26 53 0 T 0.0 5 3.4 9 40 M M 2 1 12 30
12 33 8 21 -16 44 0 0.00 0.0 5 3.1 8 50 M M 6 10 60
13 36 12 24 -13 41 0 0.00 0.0 4 4.6 15 250 M M 2 19 220
14 33 7 20 -17 45 0 0.00 0.0 4 3.2 10 80 M M 0 12 50
15 36 5 21 -15 44 0 0.00 0.0 4 3.8 18 40 M M 0 24 30
16 32 4 18 -18 47 0 0.00 0.0 4 1.8 7 60 M M 0 9 110
17 32 3 18 -17 47 0 0.00 0.0 3 4.0 8 80 M M 0 10 80
18 31 2 17 -18 48 0 0.00 0.0 3 4.3 17 20 M M 0 18 23 50
19 29 0 15 -20 50 0 0.00 0.0 3 3.7 9 50 M M 0 18 12 80
20 32 1 17 -17 48 0 0.00 0.0 3 4.8 8 60 M M 0 9 60
21 32 2 17 -17 48 0 0.00 0.0 3 4.0 8 70 M M 0 14 10
22 32 3 18 -15 47 0 0.00 0.0 3 2.2 9 70 M M 1 10 70
23 44 11 28 -5 37 0 0.00 0.0 3 3.5 17 290 M M 1 25 300
24 38 7 23 -10 42 0 0.00 0.0 3 3.9 7 80 M M 0 10 80
25 39 11 25 -7 40 0 0.00 0.0 3 3.7 9 70 M M 0 10 90
26 36 12 24 -8 41 0 0.04 0.4 3 2.8 14 240 M M 5 12 17 250
27 40 13 27 -4 38 0 0.00 0.0 3 3.5 9 260 M M 4 12 11 200
28 38 12 25 -6 40 0 0.01 0.2 2 8.9 33 270 M M 8 1 44 270
29 30 13 22 -9 43 0 T T 1 4.1 15 230 M M 5 20 230
30 45 9 27 -3 38 0 0.00 0.0 1 4.7 20 270 M M 1 31 240
================================================================================
SM 1136 381 1183 0 1.84 13.7 147.0 M 90
================================================================================
AV 37.9 12.7 5.1 FASTST M M 3 MAX(MPH)
MISC ----> 33 270 44 270
================================================================================
NOTES:
# LAST OF SEVERAL OCCURRENCES
COLUMN 17 PEAK WIND IN M.P.H.
PRELIMINARY LOCAL CLIMATOLOGICAL DATA (WS FORM: F-6) , PAGE 2
STATION: ELKO AIRPORT NV
MONTH: NOVEMBER
YEAR: 2022
LATITUDE: 40 49 N
LONGITUDE: 115 47 W
[TEMPERATURE DATA] [PRECIPITATION DATA] SYMBOLS USED IN COLUMN 16
AVERAGE MONTHLY: 25.3 TOTAL FOR MONTH: 1.84 1 = FOG OR MIST
DPTR FM NORMAL: -10.6 DPTR FM NORMAL: 0.96 2 = FOG REDUCING VISIBILITY
HIGHEST: 64 ON 1 GRTST 24HR 0.76 ON 7- 7 TO 1/4 MILE OR LESS
LOWEST: 0 ON 19,11 3 = THUNDER
SNOW, ICE PELLETS, HAIL 4 = ICE PELLETS
TOTAL MONTH: 13.7 INCHES 5 = HAIL
GRTST 24HR 7.5 ON 7- 7 6 = FREEZING RAIN OR DRIZZLE
GRTST DEPTH: 10 ON 8 7 = DUSTSTORM OR SANDSTORM:
VSBY 1/2 MILE OR LESS
8 = SMOKE OR HAZE
[NO. OF DAYS WITH] [WEATHER - DAYS WITH] 9 = BLOWING SNOW
X = TORNADO
MAX 32 OR BELOW: 10 0.01 INCH OR MORE: 9
MAX 90 OR ABOVE: 0 0.10 INCH OR MORE: 4
MIN 32 OR BELOW: 27 0.50 INCH OR MORE: 1
MIN 0 OR BELOW: 2 1.00 INCH OR MORE: 0
[HDD (BASE 65) ]
TOTAL THIS MO. 1183 CLEAR (SCALE 0-3) 18
DPTR FM NORMAL 310 PTCLDY (SCALE 4-7) 8
TOTAL FM JUL 1 1751 CLOUDY (SCALE 8-10) 4
DPTR FM NORMAL 125
[CDD (BASE 65) ]
TOTAL THIS MO. 0
DPTR FM NORMAL 0 [PRESSURE DATA]
TOTAL FM JAN 1 740 HIGHEST SLP M ON M
DPTR FM NORMAL 247 LOWEST SLP 29.44 ON 7
[REMARKS]
#FINAL-11-22#