000
CXUS56 KLKN 011310
CF6EKO
PRELIMINARY LOCAL CLIMATOLOGICAL DATA (WS FORM: F-6)
STATION: ELKO AIRPORT NV
MONTH: FEBRUARY
YEAR: 2022
LATITUDE: 40 49 N
LONGITUDE: 115 47 W
TEMPERATURE IN F: :PCPN: SNOW: WIND :SUNSHINE: SKY :PK WND
================================================================================
1 2 3 4 5 6A 6B 7 8 9 10 11 12 13 14 15 16 17 18
12Z AVG MX 2MIN
DY MAX MIN AVG DEP HDD CDD WTR SNW DPTH SPD SPD DIR MIN PSBL S-S WX SPD DR
================================================================================
1 32 8 20 -9 45 0 0.00 0.0 T 3.3 15 300 M M 2 20 290
2 31 12 22 -7 43 0 0.00 0.0 T 5.0 16 10 M M 4 22 360
3 37 14 26 -3 39 0 0.00 0.0 T 4.7 14 270 M M 6 18 270
4 44 11 28 -1 37 0 0.00 0.0 T 2.7 8 330 M M 0 12 320
5 49 15 32 3 33 0 0.00 0.0 T 4.7 16 260 M M 0 20 260
6 49 13 31 2 34 0 0.00 0.0 T 2.0 13 280 M M 0 19 280
7 54 15 35 5 30 0 0.00 0.0 T 1.6 7 240 M M 0 11 260
8 55 16 36 6 29 0 0.00 0.0 T 3.1 12 280 M M 0 15 310
9 53 20 37 7 28 0 0.00 0.0 T 4.5 15 330 M M 0 21 280
10 56 21 39 9 26 0 0.00 0.0 T 4.6 15 220 M M 0 1 20 220
11 58 23 41 11 24 0 0.00 0.0 0 3.5 13 160 M M 0 17 170
12 56 16 36 5 29 0 0.00 0.0 0 3.5 7 70 M M 0 10 70
13 61 19 40 9 25 0 0.00 0.0 0 2.5 13 270 M M 0 16 240
14 61 23 42 11 23 0 0.00 0.0 0 5.1 23 210 M M 2 38 200
15 43 23 33 1 32 0 0.12 2.1 0 10.0 24 340 M M 6 1 32 340
16 40 21 31 -1 34 0 0.01 T T 6.6 17 300 M M 7 8 25 300
17 43 16 30 -2 35 0 0.00 0.0 T 5.2 18 260 M M 2 23 250
18 53 20 37 5 28 0 0.00 0.0 T 3.2 12 230 M M 1 16 240
19 57 17 37 4 28 0 0.00 0.0 0 3.9 20 260 M M 0 24 260
20 55 21 38 5 27 0 0.01 0.1 T 10.9 31 250 M M 3 1 41 230
21 37 18 28 -5 37 0 T T T 4.6 24 250 M M 7 1 28 250
22 29 9 19 -15 46 0 0.15 2.8 T 5.8 21 230 M M 7 18 27 240
23 26 9 18 -16 47 0 0.04 0.4 2 6.5 14 300 M M 6 8 25 300
24 29 7 18 -16 47 0 T T 2 7.1 23 270 M M 6 32 270
25 32 16 24 -11 41 0 0.00 0.0 1 3.7 9 50 M M 5 14 300
26 41 6 24 -11 41 0 0.00 0.0 1 3.7 9 30 M M 0 12 30
27 51 17 34 -1 31 0 0.00 0.0 1 2.9 10 280 M M 1 14 280
28 60 18 39 3 26 0 0.00 0.0 T 2.8 12 270 M M 0 17 230
================================================================================
SM 1292 444 945 0 0.33 5.4 127.7 M 65
================================================================================
AV 46.1 15.9 4.6 FASTST M M 2 MAX(MPH)
MISC ----> 31 250 41 230
================================================================================
NOTES:
# LAST OF SEVERAL OCCURRENCES
COLUMN 17 PEAK WIND IN M.P.H.
PRELIMINARY LOCAL CLIMATOLOGICAL DATA (WS FORM: F-6) , PAGE 2
STATION: ELKO AIRPORT NV
MONTH: FEBRUARY
YEAR: 2022
LATITUDE: 40 49 N
LONGITUDE: 115 47 W
[TEMPERATURE DATA] [PRECIPITATION DATA] SYMBOLS USED IN COLUMN 16
AVERAGE MONTHLY: 31.0 TOTAL FOR MONTH: 0.33 1 = FOG OR MIST
DPTR FM NORMAL: -0.6 DPTR FM NORMAL: -0.56 2 = FOG REDUCING VISIBILITY
HIGHEST: 61 ON 14,13 GRTST 24HR 0.15 ON 22-22 TO 1/4 MILE OR LESS
LOWEST: 6 ON 26 3 = THUNDER
SNOW, ICE PELLETS, HAIL 4 = ICE PELLETS
TOTAL MONTH: 5.4 INCHES 5 = HAIL
GRTST 24HR 2.8 ON 22-22 6 = FREEZING RAIN OR DRIZZLE
GRTST DEPTH: 2 ON 24,23 7 = DUSTSTORM OR SANDSTORM:
VSBY 1/2 MILE OR LESS
8 = SMOKE OR HAZE
[NO. OF DAYS WITH] [WEATHER - DAYS WITH] 9 = BLOWING SNOW
X = TORNADO
MAX 32 OR BELOW: 6 0.01 INCH OR MORE: 5
MAX 90 OR ABOVE: 0 0.10 INCH OR MORE: 2
MIN 32 OR BELOW: 28 0.50 INCH OR MORE: 0
MIN 0 OR BELOW: 0 1.00 INCH OR MORE: 0
[HDD (BASE 65) ]
TOTAL THIS MO. 945 CLEAR (SCALE 0-3) 19
DPTR FM NORMAL 11 PTCLDY (SCALE 4-7) 9
TOTAL FM JUL 1 4593 CLOUDY (SCALE 8-10) 0
DPTR FM NORMAL -334
[CDD (BASE 65) ]
TOTAL THIS MO. 0
DPTR FM NORMAL 0 [PRESSURE DATA]
TOTAL FM JAN 1 0 HIGHEST SLP 30.75 ON 4
DPTR FM NORMAL 0 LOWEST SLP 29.62 ON 15
[REMARKS]
#FINAL-02-22#