000
CXUS56 KOTX 011010
CF6EPH
PRELIMINARY LOCAL CLIMATOLOGICAL DATA (WS FORM: F-6)
STATION: EPHRATA WA AIRPORT
MONTH: FEBRUARY
YEAR: 2024
LATITUDE: 47 18 N
LONGITUDE: 119 31 W
TEMPERATURE IN F: :PCPN: SNOW: WIND :SUNSHINE: SKY :PK WND
================================================================================
1 2 3 4 5 6A 6B 7 8 9 10 11 12 13 14 15 16 17 18
12Z AVG MX 2MIN
DY MAX MIN AVG DEP HDD CDD WTR SNW DPTH SPD SPD DIR MIN PSBL S-S WX SPD DR
================================================================================
1 52 41 47 15 18 0 0.04 M M 5.3 13 350 M M 9 12 13 340
2 43 37 40 8 25 0 0.00 M M 4.4 13 310 M M 10 12 14 310
3 51 34 43 11 22 0 0.00 M M 5.6 13 320 M M 5 12 15 310
4 48 33 41 9 24 0 0.00 M M 9.1 17 30 M M 6 1 20 30
5 43 37 40 7 25 0 0.12 M M 10.1 14 310 M M 10 1 18 360
6 43 38 41 8 24 0 0.01 M M 5.5 14 310 M M 10 1 16 310
7 50 33 42 9 23 0 0.00 M M 3.7 9 250 M M 9 12 11 280
8 48 33 41 8 24 0 T M M 2.9 7 20 M M 10 12 8 20
9 49 29 39 5 26 0 0.00 M M 6.6 14 360 M M 5 18 10
10 44 26 35 1 30 0 0.00 M M 4.5 9 360 M M 3 10 330
11 43 31 37 3 28 0 T M M 3.6 8 350 M M 8 10 350
12 50 35 43 9 22 0 0.01 M M 6.2 17 360 M M 7 1 22 360
13 48 26 37 3 28 0 0.00 M M 7.5 18 20 M M 8 22 350
14 40 32 36 1 29 0 0.00 M M 11.4 21 20 M M 10 28 360
15 36 26 31 -4 34 0 0.01 M M 12.5 22 30 M M 10 18 35 60
16 39 23 31 -4 34 0 0.00 M M 8.1 15 50 M M 0 19 30
17 41 22 32 -3 33 0 0.00 M M 10.1 18 30 M M 4 23 20
18 41 34 38 2 27 0 T M M 4.1 13 360 M M 10 15 360
19 45 36 41 5 24 0 0.12 M M 9.4 16 10 M M 10 1 20 350
20 44 38 41 5 24 0 T M M 4.7 10 160 M M 10 13 150
21 48 34 41 5 24 0 T M M 3.9 10 30 M M 9 1 13 200
22 51 31 41 4 24 0 0.00 M M 3.3 8 10 M M 4 12 11 70
23 55 26 41 4 24 0 0.00 M M 5.5 14 210 M M 2 12 18 200
24 53 40 47 10 18 0 0.00 M M 8.0 20 260 M M 3 28 240
25 55 36 46 8 19 0 0.00 M M 16.0 31 220 M M 3 45 220
26 47 27 37 -1 28 0 0.00 M M 13.4 30 290 M M 1 38 290
27 44 28 36 -2 29 0 0.00 M M 10.2 20 300 M M 4 25 230
28 55 32 44 5 21 0 0.00 M M 16.4 30 190 M M 3 41 190
29 52 30 41 2 24 0 T M M 13.8 25 190 M M 6 31 180
================================================================================
SM 1358 928 735 0 0.31 M 225.8 M 189
================================================================================
AV 46.8 32.0 7.8 FASTST M M 7 MAX(MPH)
MISC ----> 31 220 45 220
================================================================================
NOTES:
# LAST OF SEVERAL OCCURRENCES
COLUMN 17 PEAK WIND IN M.P.H.
PRELIMINARY LOCAL CLIMATOLOGICAL DATA (WS FORM: F-6) , PAGE 2
STATION: EPHRATA WA AIRPORT
MONTH: FEBRUARY
YEAR: 2024
LATITUDE: 47 18 N
LONGITUDE: 119 31 W
[TEMPERATURE DATA] [PRECIPITATION DATA] SYMBOLS USED IN COLUMN 16
AVERAGE MONTHLY: 39.4 TOTAL FOR MONTH: 0.31 1 = FOG OR MIST
DPTR FM NORMAL: 4.5 DPTR FM NORMAL: -0.33 2 = FOG REDUCING VISIBILITY
HIGHEST: 55 ON 28,25 GRTST 24HR 0.13 ON 5- 6 TO 1/4 MILE OR LESS
LOWEST: 22 ON 17 3 = THUNDER
SNOW, ICE PELLETS, HAIL 4 = ICE PELLETS
TOTAL MONTH: M 5 = HAIL
GRTST 24HR M ON M 6 = FREEZING RAIN OR DRIZZLE
GRTST DEPTH: M ON M 7 = DUSTSTORM OR SANDSTORM:
VSBY 1/2 MILE OR LESS
8 = SMOKE OR HAZE
[NO. OF DAYS WITH] [WEATHER - DAYS WITH] 9 = BLOWING SNOW
X = TORNADO
MAX 32 OR BELOW: 0 0.01 INCH OR MORE: 6
MAX 90 OR ABOVE: 0 0.10 INCH OR MORE: 2
MIN 32 OR BELOW: 14 0.50 INCH OR MORE: 0
MIN 0 OR BELOW: 0 1.00 INCH OR MORE: 0
[HDD (BASE 65) ]
TOTAL THIS MO. 735 CLEAR (SCALE 0-3) 7
DPTR FM NORMAL -106 PTCLDY (SCALE 4-7) 9
TOTAL FM JUL 1 4019 CLOUDY (SCALE 8-10) 13
DPTR FM NORMAL -443
[CDD (BASE 65) ]
TOTAL THIS MO. 0
DPTR FM NORMAL 0 [PRESSURE DATA]
TOTAL FM JAN 1 0 HIGHEST SLP M ON M
DPTR FM NORMAL 0 LOWEST SLP 29.29 ON 29
[REMARKS]
#FINAL-02-24#