000
CXUS53 KDMX 030246
CF6EST
PRELIMINARY LOCAL CLIMATOLOGICAL DATA (WS FORM: F-6)
STATION: ESTHERVILLE IA
MONTH: JUNE
YEAR: 2021
LATITUDE: 43 24 N
LONGITUDE: 94 45 W
TEMPERATURE IN F: :PCPN: SNOW: WIND :SUNSHINE: SKY :PK WND
================================================================================
1 2 3 4 5 6A 6B 7 8 9 10 11 12 13 14 15 16 17 18
12Z AVG MX 2MIN
DY MAX MIN AVG DEP HDD CDD WTR SNW DPTH SPD SPD DIR MIN PSBL S-S WX SPD DR
================================================================================
1 78 44 61 -3 4 0 0.00 0.0 0 5.4 12 300 M M 0 16 310
2 82 49 66 2 0 1 0.00 0.0 0 8.4 16 290 M M 2 21 290
3 88 55 72 7 0 7 0.00 0.0 0 13.8 25 250 M M 0 33 260
4 93 66 80 15 0 15 0.00 0.0 0 16.6 26 240 M M 0 35 240
5 94 69 82 17 0 17 0.00 0.0 0 15.7 22 200 M M 0 33 220
6 88 65 77 11 0 12 0.00 0.0 0 19.3 31 210 M M 0 44 210
7 90 65 78 12 0 13 0.00 0.0 0 11.0 18 160 M M 1 28 150
8 90 63 77 11 0 12 0.00 0.0 0 7.8 17 180 M M 1 25 160
9 90 65 78 12 0 13 0.00 0.0 0 7.2 21 140 M M 1 29 130
10 94 65 80 13 0 15 0.00 0.0 0 8.6 16 170 M M 1 22 160
11 84 61 73 6 0 8 0.00 0.0 0 12.7 43 300 M M 1 38 59 290
12 85 54 70 3 0 5 0.00 0.0 0 8.8 16 360 M M 0 23 10
13 93 53 73 5 0 8 0.00 0.0 0 10.3 23 270 M M 0 32 270
14 86 55 71 3 0 6 0.00 0.0 0 6.8 16 10 M M 1 22 30
15 85 50 68 0 0 3 0.00 0.0 0 5.6 13 80 M M 0 20 40
16 88 53 71 3 0 6 0.00 0.0 0 13.4 45 160 M M 2 62 160
17 93 65 79 11 0 14 T 0.0 0 9.6 22 360 M M 2 30 350
18 89 54 72 3 0 7 0.00 0.0 0 6.5 16 340 M M 0 24 340
19 80 59 70 1 0 5 0.00 0.0 0 7.7 22 350 M M 0 32 350
20 78 56 67 -2 0 2 0.14 0.0 0 17.7 33 310 M M 4 1 47 310
21 68 45 57 -12 8 0 0.00 0.0 0 13.7 26 340 M M 1 37 350
22 78 40 59 -10 6 0 T 0.0 0 6.1 14 170 M M 2 20 180
23 87 55 71 1 0 6 0.00 0.0 0 11.2 22 200 M M 2 32 210
24 87 65 76 6 0 11 0.00 0.0 0 9.2 20 210 M M 1 28 220
25 84 58 71 1 0 6 0.00 0.0 0 8.2 18 60 M M 0 26 40
26 69 63 66 -4 0 1 0.76 0.0 0 8.8 23 350 M M 7 1 31 340
27 78 61 70 0 0 5 T 0.0 0 5.3 14 240 M M 5 1 19 240
28 82 58 70 0 0 5 0.22 0.0 0 4.8 18 360 M M 4 13 24 360
29 82 61 72 2 0 7 0.00 0.0 0 4.2 13 310 M M 4 1 16 320
30 83 58 71 1 0 6 0.00 0.0 0 5.3 10 10 M M 0 1 20 10
================================================================================
SM 2546 1730 18 216 1.12 0.0 289.7 M 42
================================================================================
AV 84.9 57.7 9.7 FASTST M M 1 MAX(MPH)
MISC ----> 45 160 62 160
================================================================================
NOTES:
# LAST OF SEVERAL OCCURRENCES
COLUMN 17 PEAK WIND IN M.P.H.
PRELIMINARY LOCAL CLIMATOLOGICAL DATA (WS FORM: F-6) , PAGE 2
STATION: ESTHERVILLE IA
MONTH: JUNE
YEAR: 2021
LATITUDE: 43 24 N
LONGITUDE: 94 45 W
[TEMPERATURE DATA] [PRECIPITATION DATA] SYMBOLS USED IN COLUMN 16
AVERAGE MONTHLY: 71.3 TOTAL FOR MONTH: 1.12 1 = FOG OR MIST
DPTR FM NORMAL: 3.5 DPTR FM NORMAL: -3.45 2 = FOG REDUCING VISIBILITY
HIGHEST: 94 ON 10, 5 GRTST 24HR 0.76 ON 26-26 TO 1/4 MILE OR LESS
LOWEST: 40 ON 22 3 = THUNDER
SNOW, ICE PELLETS, HAIL 4 = ICE PELLETS
TOTAL MONTH: 0.0 INCH 5 = HAIL
GRTST 24HR 0.0 6 = FREEZING RAIN OR DRIZZLE
GRTST DEPTH: 0 7 = DUSTSTORM OR SANDSTORM:
VSBY 1/2 MILE OR LESS
8 = SMOKE OR HAZE
[NO. OF DAYS WITH] [WEATHER - DAYS WITH] 9 = BLOWING SNOW
X = TORNADO
MAX 32 OR BELOW: 0 0.01 INCH OR MORE: 3
MAX 90 OR ABOVE: 8 0.10 INCH OR MORE: 3
MIN 32 OR BELOW: 0 0.50 INCH OR MORE: 1
MIN 0 OR BELOW: 0 1.00 INCH OR MORE: 0
[HDD (BASE 65) ]
TOTAL THIS MO. 18 CLEAR (SCALE 0-3) 25
DPTR FM NORMAL -26 PTCLDY (SCALE 4-7) 5
TOTAL FM JUL 1 7767 CLOUDY (SCALE 8-10) 0
DPTR FM NORMAL -142
[CDD (BASE 65) ]
TOTAL THIS MO. 216
DPTR FM NORMAL 88 [PRESSURE DATA]
TOTAL FM JAN 1 263 HIGHEST SLP 30.16 ON 1
DPTR FM NORMAL 102 LOWEST SLP 29.51 ON 20
[REMARKS]
#FINAL-06-21#