000
CXUS56 KPQR 011641
CF6EUG
PRELIMINARY LOCAL CLIMATOLOGICAL DATA (WS FORM: F-6)
STATION: EUGENE OR
MONTH: DECEMBER
YEAR: 2023
LATITUDE: 44 7 N
LONGITUDE: 123 13 W
TEMPERATURE IN F: :PCPN: SNOW: WIND :SUNSHINE: SKY :PK WND
================================================================================
1 2 3 4 5 6A 6B 7 8 9 10 11 12 13 14 15 16 17 18
12Z AVG MX 2MIN
DY MAX MIN AVG DEP HDD CDD WTR SNW DPTH SPD SPD DIR MIN PSBL S-S WX SPD DR
================================================================================
1 55 43 49 7 16 0 0.26 0.0 0 10.5 22 120 M M 9 1 27 110
2 55 46 51 9 14 0 1.17 0.0 0 10.1 21 130 M M 10 1 25 130
3 58 50 54 12 11 0 1.66 0.0 0 11.9 20 150 M M 10 1 24 150
4 65 55 60 18 5 0 0.00 0.0 0 11.5 22 130 M M 10 27 130
5 64 55 60 19 5 0 0.13 0.0 0 8.3 17 140 M M 10 21 140
6 57 47 52 11 13 0 1.13 0.0 0 6.9 20 300 M M 10 1 24 300
7 48 41 45 4 20 0 0.39 0.0 0 9.0 16 120 M M 9 1 20 130
8 50 32 41 0 24 0 0.08 0.0 0 4.2 10 160 M M 6 1 13 150
9 49 31 40 -1 25 0 0.04 0.0 0 6.7 18 130 M M 9 1 22 110
10 52 48 50 9 15 0 0.48 0.0 0 7.9 15 120 M M 10 1 19 120
11 55 47 51 10 14 0 0.02 0.0 0 5.8 12 330 M M 10 1 14 320
12 50 37 44 4 21 0 0.00 0.0 0 6.4 14 320 M M 8 12 16 330
13 45 36 41 1 24 0 0.00 0.0 0 2.3 7 240 M M 9 12 8 330
14 50 37 44 4 21 0 0.00 0.0 0 2.8 9 210 M M 8 128 10 210
15 44 39 42 2 23 0 0.00 0.0 0 2.4 9 340 M M 10 12 11 350
16 40 35 38 -2 27 0 T 0.0 0 1.6 7 310 M M 10 12 9 300
17 39 34 37 -3 28 0 T 0.0 0 2.7 16 310 M M 10 12 18 310
18 45 35 40 0 25 0 0.07 0.0 0 0.9 7 330 M M 10 128 7 300
19 60 42 51 11 14 0 0.32 0.0 0 5.0 14 130 M M 9 12 16 120
20 50 42 46 6 19 0 0.00 0.0 0 4.0 10 330 M M 9 12 12 330
21 48 44 46 6 19 0 0.00 0.0 0 2.8 7 80 M M 10 12 9 110
22 49 32 41 1 24 0 0.12 0.0 0 5.2 14 300 M M 7 12 16 290
23 38 31 35 -5 30 0 0.00 0.0 0 5.7 12 330 M M 10 12 15 340
24 48 34 41 1 24 0 0.02 0.0 0 6.2 15 80 M M 9 1 17 80
25 55 44 50 10 15 0 0.16 0.0 0 8.0 16 130 M M 10 1 19 120
26 53 45 49 9 16 0 0.06 0.0 0 5.1 12 120 M M 10 12 13 120
27 57 37 47 7 18 0 0.09 0.0 0 6.4 15 60 M M 6 12 20 110
28 52 41 47 7 18 0 0.02 0.0 0 4.1 10 130 M M 7 1 12 150
29 53 42 48 8 17 0 0.10 0.0 0 3.1 17 190 M M 8 1 21 180
30 55 39 47 7 18 0 0.11 0.0 0 4.8 14 200 M M 8 12 17 210
31 43 40 42 2 23 0 0.00 0.0 0 2.1 7 360 M M 10 12 8 350
================================================================================
SM 1582 1261 586 0 6.43 0.0 174.4 M 281
================================================================================
AV 51.0 40.7 5.6 FASTST M M 9 MAX(MPH)
MISC ----> # 22 120 # 27 110
================================================================================
NOTES:
# LAST OF SEVERAL OCCURRENCES
COLUMN 17 PEAK WIND IN M.P.H.
PRELIMINARY LOCAL CLIMATOLOGICAL DATA (WS FORM: F-6) , PAGE 2
STATION: EUGENE OR
MONTH: DECEMBER
YEAR: 2023
LATITUDE: 44 7 N
LONGITUDE: 123 13 W
[TEMPERATURE DATA] [PRECIPITATION DATA] SYMBOLS USED IN COLUMN 16
AVERAGE MONTHLY: 45.9 TOTAL FOR MONTH: 6.43 1 = FOG OR MIST
DPTR FM NORMAL: 5.3 DPTR FM NORMAL: -0.78 2 = FOG REDUCING VISIBILITY
HIGHEST: 65 ON 4 GRTST 24HR 2.11 ON 2- 3 TO 1/4 MILE OR LESS
LOWEST: 31 ON 23, 9 3 = THUNDER
SNOW, ICE PELLETS, HAIL 4 = ICE PELLETS
TOTAL MONTH: 0.0 INCH 5 = HAIL
GRTST 24HR 0.0 6 = FREEZING RAIN OR DRIZZLE
GRTST DEPTH: 0 7 = DUSTSTORM OR SANDSTORM:
VSBY 1/2 MILE OR LESS
8 = SMOKE OR HAZE
[NO. OF DAYS WITH] [WEATHER - DAYS WITH] 9 = BLOWING SNOW
X = TORNADO
MAX 32 OR BELOW: 0 0.01 INCH OR MORE: 20
MAX 90 OR ABOVE: 0 0.10 INCH OR MORE: 12
MIN 32 OR BELOW: 4 0.50 INCH OR MORE: 3
MIN 0 OR BELOW: 0 1.00 INCH OR MORE: 3
[HDD (BASE 65) ]
TOTAL THIS MO. 586 CLEAR (SCALE 0-3) 0
DPTR FM NORMAL -172 PTCLDY (SCALE 4-7) 6
TOTAL FM JUL 1 1545 CLOUDY (SCALE 8-10) 25
DPTR FM NORMAL -311
[CDD (BASE 65) ]
TOTAL THIS MO. 0
DPTR FM NORMAL 0 [PRESSURE DATA]
TOTAL FM JAN 1 594 HIGHEST SLP 30.44 ON 8
DPTR FM NORMAL 301 LOWEST SLP 29.45 ON 19
[REMARKS]
#FINAL-12-23#