000
CXUS53 KPAH 010700
CF6EVV
PRELIMINARY LOCAL CLIMATOLOGICAL DATA (WS FORM: F-6)
STATION: EVANSVILLE IN
MONTH: JUNE
YEAR: 2022
LATITUDE: 38 2 N
LONGITUDE: 87 32 W
TEMPERATURE IN F: :PCPN: SNOW: WIND :SUNSHINE: SKY :PK WND
================================================================================
1 2 3 4 5 6A 6B 7 8 9 10 11 12 13 14 15 16 17 18
12Z AVG MX 2MIN
DY MAX MIN AVG DEP HDD CDD WTR SNW DPTH SPD SPD DIR MIN PSBL S-S WX SPD DR
================================================================================
1 89 69 79 7 0 14 0.39 0.0 0 6.3 16 350 M M 3 13 26 350
2 80 66 73 1 0 8 T 0.0 0 5.6 13 300 M M 4 20 290
3 83 59 71 -1 0 6 0.00 0.0 0 4.8 13 40 M M 0 18 40
4 86 56 71 -2 0 6 0.00 0.0 0 2.1 10 130 M M 1 17 100
5 85 59 72 -1 0 7 0.00 0.0 0 2.1 10 180 M M 1 18 140
6 81 64 73 0 0 8 0.22 0.0 0 5.0 24 250 M M 7 13 32 260
7 85 67 76 2 0 11 0.04 0.0 0 4.0 15 340 M M 6 13 22 320
8 87 67 77 3 0 12 0.00 0.0 0 8.7 24 230 M M 5 1 33 220
9 82 60 71 -3 0 6 0.00 0.0 0 5.2 14 360 M M 1 22 340
10 77 64 71 -3 0 6 T 0.0 0 4.1 12 260 M M 6 16 270
11 84 62 73 -2 0 8 0.00 0.0 0 5.9 16 220 M M 2 25 200
12 88 71 80 5 0 15 T 0.0 0 6.9 16 210 M M 3 20 200
13 98 78 88 13 0 23 0.00 0.0 0 10.4 22 200 M M 1 1 29 200
14 96 81 89 14 0 24 0.00 0.0 0 10.7 22 220 M M 0 30 220
15 96 75 86 10 0 21 0.00 0.0 0 8.7 17 210 M M 0 27 240
16 97 78 88 12 0 23 0.00 0.0 0 10.1 20 260 M M 1 27 260
17 89 71 80 4 0 15 0.07 0.0 0 7.7 36 330 M M 2 3 57 330
18 84 61 73 -3 0 8 0.00 0.0 0 8.7 17 70 M M 0 24 30
19 84 56 70 -7 0 5 0.00 0.0 0 3.8 13 50 M M 0 19 90
20 91 57 74 -3 0 9 0.00 0.0 0 3.0 10 140 M M 0 16 140
21 96 62 79 2 0 14 0.00 0.0 0 5.0 15 240 M M 0 21 250
22 98 70 84 7 0 19 0.00 0.0 0 6.3 15 270 M M 0 22 260
23 91 68 80 3 0 15 0.00 0.0 0 5.8 15 40 M M 0 25 30
24 93 62 78 0 0 13 0.00 0.0 0 3.1 14 30 M M 0 18 40
25 94 65 80 2 0 15 0.00 0.0 0 3.1 12 200 M M 0 15 230
26 83 67 75 -3 0 10 0.25 0.0 0 7.8 28 340 M M 5 13 37 340
27 83 63 73 -5 0 8 0.00 0.0 0 7.3 15 330 M M 0 22 10
28 83 57 70 -8 0 5 0.00 0.0 0 3.6 12 30 M M 0 16 20
29 89 52 71 -7 0 6 0.00 0.0 0 1.6 10 110 M M 0 16 100
30 94 59 77 -1 0 12 0.00 0.0 0 3.7 14 200 M M 0 19 190
================================================================================
SM 2646 1946 0 352 0.97 0.0 171.1 M 48
================================================================================
AV 88.2 64.9 5.7 FASTST M M 2 MAX(MPH)
MISC ----> 36 330 57 330
================================================================================
NOTES:
# LAST OF SEVERAL OCCURRENCES
COLUMN 17 PEAK WIND IN M.P.H.
PRELIMINARY LOCAL CLIMATOLOGICAL DATA (WS FORM: F-6) , PAGE 2
STATION: EVANSVILLE IN
MONTH: JUNE
YEAR: 2022
LATITUDE: 38 2 N
LONGITUDE: 87 32 W
[TEMPERATURE DATA] [PRECIPITATION DATA] SYMBOLS USED IN COLUMN 16
AVERAGE MONTHLY: 76.5 TOTAL FOR MONTH: 0.97 1 = FOG OR MIST
DPTR FM NORMAL: 1.0 DPTR FM NORMAL: -3.47 2 = FOG REDUCING VISIBILITY
HIGHEST: 98 ON 22,13 GRTST 24HR 0.39 ON 1- 1 TO 1/4 MILE OR LESS
LOWEST: 52 ON 29 3 = THUNDER
SNOW, ICE PELLETS, HAIL 4 = ICE PELLETS
TOTAL MONTH: 0.0 INCH 5 = HAIL
GRTST 24HR 0.0 6 = FREEZING RAIN OR DRIZZLE
GRTST DEPTH: 0 7 = DUSTSTORM OR SANDSTORM:
VSBY 1/2 MILE OR LESS
8 = SMOKE OR HAZE
[NO. OF DAYS WITH] [WEATHER - DAYS WITH] 9 = BLOWING SNOW
X = TORNADO
MAX 32 OR BELOW: 0 0.01 INCH OR MORE: 5
MAX 90 OR ABOVE: 11 0.10 INCH OR MORE: 3
MIN 32 OR BELOW: 0 0.50 INCH OR MORE: 0
MIN 0 OR BELOW: 0 1.00 INCH OR MORE: 0
[HDD (BASE 65) ]
TOTAL THIS MO. 0 CLEAR (SCALE 0-3) 22
DPTR FM NORMAL -4 PTCLDY (SCALE 4-7) 8
TOTAL FM JUL 1 4163 CLOUDY (SCALE 8-10) 0
DPTR FM NORMAL -172
[CDD (BASE 65) ]
TOTAL THIS MO. 352
DPTR FM NORMAL 33 [PRESSURE DATA]
TOTAL FM JAN 1 567 HIGHEST SLP M ON M
DPTR FM NORMAL 81 LOWEST SLP 29.74 ON 6
[REMARKS]
#FINAL-06-22#