000
CXUS51 KOKX 011439
CLMEWR
CLIMATE REPORT
NATIONAL WEATHER SERVICE NEW YORK, NY
1021 AM EDT FRI SEP 01 2023
...................................
...THE NEWARK NJ CLIMATE SUMMARY FOR THE MONTH OF AUGUST 2023...
CLIMATE NORMAL PERIOD 1991 TO 2020
CLIMATE RECORD PERIOD 1931 TO 2023
WEATHER OBSERVED NORMAL DEPART LAST YEAR`S
VALUE DATE(S) VALUE FROM VALUE DATE(S)
NORMAL
................................................................
TEMPERATURE (F)
RECORD
HIGH 105 08/09/2001
LOW 45 08/29/1982
HIGHEST 91 08/21 MM MM 101 08/09
LOWEST 62 08/20 MM MM 63 08/14
AVG. MAXIMUM 84.5 84.7 -0.2 89.5
AVG. MINIMUM 68.8 68.0 0.8 71.4
MEAN 76.7 76.4 0.3 80.5
DAYS MAX >= 90 5 7.4 -2.4 18
DAYS MAX <= 32 0 0.0 0.0 0
DAYS MIN <= 32 0 0.0 0.0 0
DAYS MIN <= 0 0 0.0 0.0 0
PRECIPITATION (INCHES)
RECORD
MAXIMUM 18.79 2011
MINIMUM 0.36 1995
TOTALS 4.27 4.15 0.12 1.92
DAILY AVG. 0.14 0.13 0.01 0.06
DAYS >= .01 11 9.8 1.2 7
DAYS >= .10 9 6.5 2.5 5
DAYS >= .50 4 2.9 1.1 1
DAYS >= 1.00 0 0.8 -0.8 0
GREATEST
24 HR. TOTAL 0.94 08/24 TO 08/25 0.75 08/22 TO 08/22
STORM TOTAL 0.91 0.75
(MM/DD(HH)) MM
DEGREE DAYS
HEATING TOTAL 0 1 -1 0
SINCE 7/1 0 0 0 MM
COOLING TOTAL 370 352 18 486
SINCE 1/1 1162 1089 73 MM
................................................................
WIND (MPH)
AVERAGE WIND SPEED 8.5
HIGHEST WIND SPEED/DIRECTION 31/260 DATE 08/08
31/320 08/18
HIGHEST GUST SPEED/DIRECTION 37/220 DATE 08/07
37/310 08/08
37/320 08/18
WEATHER CONDITIONS. NUMBER OF DAYS WITH
THUNDERSTORM 7 MIXED PRECIP 0
HEAVY RAIN 6 RAIN 7
LIGHT RAIN 12 FREEZING RAIN 0
LT FREEZING RAIN 0 HAIL 0
HEAVY SNOW 0 SNOW 0
LIGHT SNOW 0 SLEET 0
FOG 10 FOG W/VIS <= 1/4 MILE 0
HAZE 1
- INDICATES NEGATIVE NUMBERS.
R INDICATES RECORD WAS SET OR TIED.
MM INDICATES DATA IS MISSING.
T INDICATES TRACE AMOUNT.
$$