000
CXUS53 KIND 010600
CF6EYE
PRELIMINARY LOCAL CLIMATOLOGICAL DATA (WS FORM: F-6)
STATION: INDIANAPOLIS EAGLE CREEK IN
MONTH: JULY
YEAR: 2022
LATITUDE: 39 49 N
LONGITUDE: 86 18 W
TEMPERATURE IN F: :PCPN: SNOW: WIND :SUNSHINE: SKY :PK WND
================================================================================
1 2 3 4 5 6A 6B 7 8 9 10 11 12 13 14 15 16 17 18
12Z AVG MX 2MIN
DY MAX MIN AVG DEP HDD CDD WTR SNW DPTH SPD SPD DIR MIN PSBL S-S WX SPD DR
================================================================================
1 95 72 84 8 0 19 0.00 M M 6.3 17 330 M M 4 26 230
2 87 71 79 3 0 14 0.16 M M 5.2 12 330 M M 2 38 16 10
3 91 66 79 3 0 14 0.00 M M 4.9 14 60 M M 0 21 90
4 92 66 79 3 0 14 0.00 M M 4.7 15 200 M M 1 24 210
5 100 78 89 13 0 24 0.00 M M 6.4 14 280 M M 2 25 250
6 94 79 87 11 0 22 0.00 M M 7.9 17 340 M M 3 25 280
7 89 74 82 6 0 17 0.14 M M 4.5 12 120 M M 4 20 130
8 78 71 75 -1 0 10 0.66 M M 3.9 10 80 M M 10 13 15 70
9 86 69 78 2 0 13 T M M 8.1 16 10 M M 5 23 10
10 87 61 74 -2 0 9 0.00 M M 5.3 13 360 M M 0 18 340
11 89 63 76 0 0 11 0.00 M M 5.3 14 200 M M 0 22 250
12 86 73 80 4 0 15 T M M 9.0 18 300 M M 2 25 330
13 89 69 79 3 0 14 0.00 M M 7.7 16 290 M M 1 3 26 350
14 86 65 76 0 0 11 0.00 M M 6.0 13 300 M M 0 19 300
15 82 63 73 -3 0 8 0.05 M M 3.6 M 110 M M 7 M M
16 92 71 82 6 0 17 0.39 M M 6.7 24 260 M M 5 3 44 220
17 77 70 74 -2 0 9 0.70 M M 4.8 15 200 M M 9 13 26 190
18 87 69 78 2 0 13 0.00 M M 3.8 10 320 M M 7 1 14 330
19 91 70 81 5 0 16 0.00 M M 3.4 12 200 M M 1 1 17 210
20 94 74 84 8 0 19 0.00 M M 7.9 18 270 M M 2 30 260
21 90 71 81 5 0 16 0.00 M M 6.0 15 300 M M 0 20 290
22 93 74 84 8 0 19 0.00 M M 4.7 14 310 M M 0 19 320
23 87 73 80 4 0 15 0.00 M M 4.3 29 10 M M 0 40 360
24 87 74 81 5 0 16 0.19 M M 6.5 14 210 M M 3 3 26 250
25 81 73 77 1 0 12 0.00 M M 5.4 10 330 M M 5 18 230
26 76 69 73 -3 0 8 0.02 M M 2.8 9 200 M M 8 1 12 200
27 86 71 79 3 0 14 0.37 M M 4.9 20 300 M M 6 13 27 310
28 88 71 80 4 0 15 0.00 M M 5.1 13 290 M M 2 18 320
29 83 68 76 0 0 11 T M M 8.0 17 300 M M 3 25 320
30 85 63 74 -2 0 9 0.00 M M 2.3 7 260 M M 4 11 260
31 85 67 76 0 0 11 0.00 M M 3.0 10 210 M M 2 18 210
================================================================================
SM 2713 2168 0 435 2.68 M 168.4 M 98
================================================================================
AV 87.5 69.9 5.4 FASTST M M 3 MAX(MPH)
MISC ----> 29 10 44 220
================================================================================
NOTES:
# LAST OF SEVERAL OCCURRENCES
COLUMN 17 PEAK WIND IN M.P.H.
PRELIMINARY LOCAL CLIMATOLOGICAL DATA (WS FORM: F-6) , PAGE 2
STATION: INDIANAPOLIS EAGLE CREEK IN
MONTH: JULY
YEAR: 2022
LATITUDE: 39 49 N
LONGITUDE: 86 18 W
[TEMPERATURE DATA] [PRECIPITATION DATA] SYMBOLS USED IN COLUMN 16
AVERAGE MONTHLY: 78.7 TOTAL FOR MONTH: 2.68 1 = FOG OR MIST
DPTR FM NORMAL: 2.8 DPTR FM NORMAL: -1.61 2 = FOG REDUCING VISIBILITY
HIGHEST: 100 ON 5 GRTST 24HR 1.06 ON 16-17 TO 1/4 MILE OR LESS
LOWEST: 61 ON 10 3 = THUNDER
SNOW, ICE PELLETS, HAIL 4 = ICE PELLETS
TOTAL MONTH: M 5 = HAIL
GRTST 24HR M ON M 6 = FREEZING RAIN OR DRIZZLE
GRTST DEPTH: M ON M 7 = DUSTSTORM OR SANDSTORM:
VSBY 1/2 MILE OR LESS
8 = SMOKE OR HAZE
[NO. OF DAYS WITH] [WEATHER - DAYS WITH] 9 = BLOWING SNOW
X = TORNADO
MAX 32 OR BELOW: 0 0.01 INCH OR MORE: 9
MAX 90 OR ABOVE: 10 0.10 INCH OR MORE: 7
MIN 32 OR BELOW: 0 0.50 INCH OR MORE: 2
MIN 0 OR BELOW: 0 1.00 INCH OR MORE: 0
[HDD (BASE 65) ]
TOTAL THIS MO. 0 CLEAR (SCALE 0-3) 18
DPTR FM NORMAL -1 PTCLDY (SCALE 4-7) 10
TOTAL FM JUL 1 0 CLOUDY (SCALE 8-10) 3
DPTR FM NORMAL 0
[CDD (BASE 65) ]
TOTAL THIS MO. 435
DPTR FM NORMAL 95 [PRESSURE DATA]
TOTAL FM JAN 1 901 HIGHEST SLP M ON M
DPTR FM NORMAL 218 LOWEST SLP 29.63 ON 20
[REMARKS]
#FINAL-07-22#