000
CXUS53 KIND 010600
CF6EYE
PRELIMINARY LOCAL CLIMATOLOGICAL DATA (WS FORM: F-6)
STATION: INDIANAPOLIS EAGLE CREEK IN
MONTH: JUNE
YEAR: 2021
LATITUDE: 39 49 N
LONGITUDE: 86 18 W
TEMPERATURE IN F: :PCPN: SNOW: WIND :SUNSHINE: SKY :PK WND
================================================================================
1 2 3 4 5 6A 6B 7 8 9 10 11 12 13 14 15 16 17 18
12Z AVG MX 2MIN
DY MAX MIN AVG DEP HDD CDD WTR SNW DPTH SPD SPD DIR MIN PSBL S-S WX SPD DR
================================================================================
1 76 57 67 -2 0 2 T M M 2.9 8 200 M M 2 12 210
2 70 60 65 -4 0 0 0.63 M M 3.7 9 70 M M 8 1 14 140
3 78 64 71 2 0 6 0.04 M M 3.5 13 330 M M 7 13 16 350
4 86 61 74 4 0 9 0.00 M M 4.3 14 290 M M 1 1 20 290
5 85 61 73 3 0 8 0.00 M M 4.1 13 200 M M 1 22 240
6 84 63 74 4 0 9 0.00 M M 5.2 15 190 M M 5 1 27 190
7 83 70 77 6 0 12 0.03 M M 3.7 12 150 M M 6 18 19 230
8 82 70 76 5 0 11 0.07 M M 5.2 14 190 M M 4 1 20 160
9 82 70 76 5 0 11 0.25 M M 4.8 13 80 M M 9 1 17 120
10 82 71 77 6 0 12 2.41 M M 2.9 9 240 M M 8 12 12 240
11 91 70 81 9 0 16 0.01 M M 5.6 20 340 M M 2 13 27 340
12 94 69 82 10 0 17 0.09 M M 2.7 18 330 M M 1 13 29 320
13 88 67 78 6 0 13 0.00 M M 6.7 16 340 M M 0 22 350
14 86 62 74 2 0 9 0.00 M M 9.7 22 310 M M 0 33 280
15 82 61 72 -1 0 7 0.00 M M 8.8 18 10 M M 1 24 20
16 82 57 70 -3 0 5 0.00 M M 4.8 10 100 M M 0 15 340
17 86 56 71 -2 0 6 0.00 M M 3.1 9 180 M M 0 16 220
18 93 69 81 8 0 16 0.98 M M 7.4 22 200 M M 2 13 38 180
19 82 67 75 1 0 10 0.91 M M 6.3 16 210 M M 6 138 25 160
20 M 73 M M M M M M M M M M M M M M M
21 M M M M M M M M M M M M M M M M M
22 72 53 63 -11 2 0 0.00 M M 5.1 14 330 M M 1 19 330
23 77 58 68 -6 0 3 0.00 M M 5.9 14 170 M M 3 25 170
24 81 62 72 -2 0 7 0.07 M M 5.4 14 190 M M 3 3 23 190
25 81 71 76 1 0 11 0.07 M M 7.6 15 190 M M 7 1 25 210
26 86 76 81 6 0 16 0.00 M M 10.6 18 180 M M 6 31 190
27 86 74 80 5 0 15 0.42 M M 6.1 17 220 M M 5 138 31 220
28 90 70 80 5 0 15 0.00 M M 3.5 13 180 M M 2 13 21 180
29 93 72 83 8 0 18 0.00 M M 2.9 16 340 M M 1 21 320
30 81 71 76 1 0 11 0.66 M M 3.2 13 290 M M 7 13 17 160
================================================================================
SM 2339 1905 2 275 6.64 M 145.7 M 98
================================================================================
AV 83.5 65.7 5.2 FASTST M M 4 MAX(MPH)
MISC ----> # 22 310 38 180
================================================================================
NOTES:
# LAST OF SEVERAL OCCURRENCES
COLUMN 17 PEAK WIND IN M.P.H.
PRELIMINARY LOCAL CLIMATOLOGICAL DATA (WS FORM: F-6) , PAGE 2
STATION: INDIANAPOLIS EAGLE CREEK IN
MONTH: JUNE
YEAR: 2021
LATITUDE: 39 49 N
LONGITUDE: 86 18 W
[TEMPERATURE DATA] [PRECIPITATION DATA] SYMBOLS USED IN COLUMN 16
AVERAGE MONTHLY: 74.6 TOTAL FOR MONTH: 6.64 1 = FOG OR MIST
DPTR FM NORMAL: 2.1 DPTR FM NORMAL: 1.58 2 = FOG REDUCING VISIBILITY
HIGHEST: 94 ON 12 GRTST 24HR 2.49 ON 9-10 TO 1/4 MILE OR LESS
LOWEST: 53 ON 22 3 = THUNDER
SNOW, ICE PELLETS, HAIL 4 = ICE PELLETS
TOTAL MONTH: M 5 = HAIL
GRTST 24HR M ON M 6 = FREEZING RAIN OR DRIZZLE
GRTST DEPTH: M ON M 7 = DUSTSTORM OR SANDSTORM:
VSBY 1/2 MILE OR LESS
8 = SMOKE OR HAZE
[NO. OF DAYS WITH] [WEATHER - DAYS WITH] 9 = BLOWING SNOW
X = TORNADO
MAX 32 OR BELOW: 0 0.01 INCH OR MORE: 14
MAX 90 OR ABOVE: 5 0.10 INCH OR MORE: 7
MIN 32 OR BELOW: 0 0.50 INCH OR MORE: 5
MIN 0 OR BELOW: 0 1.00 INCH OR MORE: 1
[HDD (BASE 65) ]
TOTAL THIS MO. 2 CLEAR (SCALE 0-3) 15
DPTR FM NORMAL -10 PTCLDY (SCALE 4-7) 11
TOTAL FM JUL 1 5059 CLOUDY (SCALE 8-10) 4
DPTR FM NORMAL -159
[CDD (BASE 65) ]
TOTAL THIS MO. 275
DPTR FM NORMAL 36 [PRESSURE DATA]
TOTAL FM JAN 1 363 HIGHEST SLP M ON M
DPTR FM NORMAL 20 LOWEST SLP 29.71 ON 18
[REMARKS]
#FINAL-06-21#