000
CXUS56 KHNX 011444
CF6FAT
PRELIMINARY LOCAL CLIMATOLOGICAL DATA (WS FORM: F-6)
STATION: FRESNO CA
MONTH: MARCH
YEAR: 2023
LATITUDE: 36 46 N
LONGITUDE: 119 43 W
TEMPERATURE IN F: :PCPN: SNOW: WIND :SUNSHINE: SKY :PK WND
================================================================================
1 2 3 4 5 6A 6B 7 8 9 10 11 12 13 14 15 16 17 18
12Z AVG MX 2MIN
DY MAX MIN AVG DEP HDD CDD WTR SNW DPTH SPD SPD DIR MIN PSBL S-S WX SPD DR
================================================================================
1 51 38 45 -10 20 0 0.39 0.0 0 11.7 25 300 M M 7 1 31 310
2 57 34 46 -9 19 0 0.00 0.0 0 4.7 15 150 M M 4 19 150
3 59 37 48 -8 17 0 0.00 0.0 0 3.4 9 220 M M 4 18 14 220
4 56 45 51 -5 14 0 T 0.0 0 6.6 18 160 M M 9 23 140
5 50 43 47 -9 18 0 0.32 0.0 0 8.0 17 140 M M 8 1 21 150
6 58 38 48 -8 17 0 0.00 0.0 0 3.8 10 320 M M 6 13 310
7 58 39 49 -7 16 0 0.00 0.0 0 4.9 15 310 M M 3 19 320
8 59 39 49 -7 16 0 0.00 0.0 0 3.8 10 280 M M 6 12 280
9 59 42 51 -5 14 0 0.42 0.0 0 8.9 22 130 M M 9 1 26 130
10 62 54 58 1 7 0 0.88 0.0 0 11.8 24 140 M M 10 1 28 130
11 71 56 64 7 1 0 0.04 0.0 0 5.8 21 190 M M 8 13 26 210
12 68 53 61 4 4 0 0.36 0.0 0 7.1 15 280 M M 8 13 19 140
13 71 50 61 4 4 0 0.00 0.0 0 5.6 10 130 M M 7 15 70
14 64 55 60 3 5 0 0.52 0.0 0 12.6 26 130 M M 10 18 32 140
15 61 48 55 -2 10 0 0.14 0.0 0 8.7 17 310 M M 5 1 22 310
16 66 45 56 -2 9 0 0.00 0.0 0 3.3 9 230 M M 4 1 14 210
17 69 48 59 1 6 0 0.00 0.0 0 2.8 7 300 M M 4 M M
18 70 49 60 2 5 0 0.00 0.0 0 4.1 10 190 M M 6 15 150
19 67 54 61 3 4 0 0.18 0.0 0 10.0 23 150 M M 9 27 150
20 65 53 59 1 6 0 0.00 0.0 0 4.6 14 300 M M 8 16 300
21 63 47 55 -3 10 0 0.35 0.0 0 14.8 35 170 M M 9 13 42 180
22 57 47 52 -6 13 0 0.01 0.0 0 13.0 25 150 M M 9 30 150
23 58 48 53 -5 12 0 T 0.0 0 8.4 21 320 M M 8 25 320
24 60 45 53 -5 12 0 0.00 0.0 0 12.6 20 320 M M 4 34 310
25 60 41 51 -8 14 0 0.00 0.0 0 10.1 20 310 M M 4 31 300
26 60 39 50 -9 15 0 0.00 0.0 0 9.2 20 320 M M 2 26 320
27 65 37 51 -8 14 0 0.00 0.0 0 4.3 12 150 M M 2 15 160
28 63 46 55 -4 10 0 0.35 0.0 0 10.0 21 150 M M 9 1 30 90
29 58 45 52 -7 13 0 0.04 0.0 0 8.9 23 200 M M 8 1 28 200
30 58 45 52 -7 13 0 T 0.0 0 4.6 15 300 M M 7 1 19 310
31 65 41 53 -6 12 0 0.00 0.0 0 3.6 10 310 M M 1 13 290
================================================================================
SM 1908 1401 350 0 4.00 0.0 231.7 M 198
================================================================================
AV 61.5 45.2 7.5 FASTST M M 6 MAX(MPH)
MISC ----> 35 170 42 180
================================================================================
NOTES:
# LAST OF SEVERAL OCCURRENCES
COLUMN 17 PEAK WIND IN M.P.H.
PRELIMINARY LOCAL CLIMATOLOGICAL DATA (WS FORM: F-6) , PAGE 2
STATION: FRESNO CA
MONTH: MARCH
YEAR: 2023
LATITUDE: 36 46 N
LONGITUDE: 119 43 W
[TEMPERATURE DATA] [PRECIPITATION DATA] SYMBOLS USED IN COLUMN 16
AVERAGE MONTHLY: 53.4 TOTAL FOR MONTH: 4.00 1 = FOG OR MIST
DPTR FM NORMAL: -4.0 DPTR FM NORMAL: 2.10 2 = FOG REDUCING VISIBILITY
HIGHEST: 71 ON 13,11 GRTST 24HR 1.30 ON 9-10 TO 1/4 MILE OR LESS
LOWEST: 34 ON 2 3 = THUNDER
SNOW, ICE PELLETS, HAIL 4 = ICE PELLETS
TOTAL MONTH: 0.0 INCH 5 = HAIL
GRTST 24HR 0.0 6 = FREEZING RAIN OR DRIZZLE
GRTST DEPTH: 0 7 = DUSTSTORM OR SANDSTORM:
VSBY 1/2 MILE OR LESS
8 = SMOKE OR HAZE
[NO. OF DAYS WITH] [WEATHER - DAYS WITH] 9 = BLOWING SNOW
X = TORNADO
MAX 32 OR BELOW: 0 0.01 INCH OR MORE: 13
MAX 90 OR ABOVE: 0 0.10 INCH OR MORE: 10
MIN 32 OR BELOW: 0 0.50 INCH OR MORE: 2
MIN 0 OR BELOW: 0 1.00 INCH OR MORE: 0
[HDD (BASE 65) ]
TOTAL THIS MO. 350 CLEAR (SCALE 0-3) 3
DPTR FM NORMAL 108 PTCLDY (SCALE 4-7) 15
TOTAL FM JUL 1 2220 CLOUDY (SCALE 8-10) 13
DPTR FM NORMAL 196
[CDD (BASE 65) ]
TOTAL THIS MO. 0
DPTR FM NORMAL -6 [PRESSURE DATA]
TOTAL FM JAN 1 0 HIGHEST SLP 30.39 ON 24
DPTR FM NORMAL -6 LOWEST SLP 29.43 ON 21
[REMARKS]
#FINAL-03-23#