000
CXUS56 KHNX 011528
CF6FAT
PRELIMINARY LOCAL CLIMATOLOGICAL DATA (WS FORM: F-6)
STATION: FRESNO CA
MONTH: NOVEMBER
YEAR: 2022
LATITUDE: 36 46 N
LONGITUDE: 119 43 W
TEMPERATURE IN F: :PCPN: SNOW: WIND :SUNSHINE: SKY :PK WND
================================================================================
1 2 3 4 5 6A 6B 7 8 9 10 11 12 13 14 15 16 17 18
12Z AVG MX 2MIN
DY MAX MIN AVG DEP HDD CDD WTR SNW DPTH SPD SPD DIR MIN PSBL S-S WX SPD DR
================================================================================
1 69 49 59 -1 6 0 0.13 0.0 0 6.3 26 340 M M 7 1 33 340
2 62 44 53 -7 12 0 0.01 0.0 0 5.5 25 290 M M 6 30 290
3 58 43 51 -9 14 0 T 0.0 0 5.8 18 300 M M 4 24 310
4 62 40 51 -8 14 0 0.00 0.0 0 3.1 9 170 M M 7 12 150
5 65 43 54 -5 11 0 0.00 0.0 0 2.3 10 330 M M 8 14 320
6 66 53 60 1 5 0 0.04 0.0 0 4.9 16 320 M M 10 20 330
7 56 50 53 -5 12 0 0.30 0.0 0 6.0 14 120 M M 9 1 17 120
8 57 46 52 -6 13 0 0.17 0.0 0 11.0 23 150 M M 8 13 30 150
9 59 45 52 -6 13 0 0.01 0.0 0 4.6 12 290 M M 6 1 14 300
10 59 39 49 -8 16 0 0.00 0.0 0 2.6 8 300 M M 1 10 220
11 61 40 51 -6 14 0 0.00 0.0 0 2.2 7 330 M M 7 18 9 310
12 63 39 51 -5 14 0 0.00 0.0 0 5.0 15 320 M M 3 18 18 330
13 54 42 48 -8 17 0 0.00 0.0 0 3.8 13 310 M M 4 128 15 310
14 64 39 52 -4 13 0 0.00 0.0 0 2.3 7 180 M M 0 18 8 190
15 64 38 51 -4 14 0 0.00 0.0 0 2.7 9 290 M M 0 18 13 290
16 67 39 53 -2 12 0 0.00 0.0 0 2.7 7 140 M M 1 18 7 290
17 68 39 54 0 11 0 0.00 0.0 0 2.9 9 310 M M 5 8 11 310
18 63 38 51 -3 14 0 0.00 0.0 0 4.2 35 90 M M 2 18 35 90
19 64 38 51 -3 14 0 0.00 0.0 0 0.8 6 20 M M 1 18 9 150
20 67 37 52 -1 13 0 0.00 0.0 0 2.3 8 310 M M 2 18 10 310
21 64 36 50 -3 15 0 0.00 0.0 0 2.2 6 310 M M 5 8 8 200
22 64 36 50 -3 15 0 0.00 0.0 0 2.8 10 300 M M 3 18 12 290
23 64 39 52 0 13 0 0.00 0.0 0 2.6 6 50 M M 4 18 7 60
24 71 39 55 3 10 0 0.00 0.0 0 2.0 6 170 M M 0 18 7 180
25 71 40 56 4 9 0 0.00 0.0 0 1.7 8 260 M M 4 8 9 260
26 67 40 54 3 11 0 0.00 0.0 0 1.0 7 140 M M 4 8 8 80
27 66 39 53 2 12 0 0.00 0.0 0 1.4 6 260 M M 5 8 8 250
28 64 39 52 1 13 0 0.00 0.0 0 6.9 35 80 M M 4 8 35 80
29 59 38 49 -1 16 0 0.00 0.0 0 3.4 10 310 M M 2 14 20
30 62 37 50 0 15 0 0.00 0.0 0 4.3 10 90 M M 4 12 130
================================================================================
SM 1900 1224 381 0 0.66 0.0 109.3 M 126
================================================================================
AV 63.3 40.8 3.6 FASTST M M 4 MAX(MPH)
MISC ----> # 35 90 # 35 90
================================================================================
NOTES:
# LAST OF SEVERAL OCCURRENCES
COLUMN 17 PEAK WIND IN M.P.H.
PRELIMINARY LOCAL CLIMATOLOGICAL DATA (WS FORM: F-6) , PAGE 2
STATION: FRESNO CA
MONTH: NOVEMBER
YEAR: 2022
LATITUDE: 36 46 N
LONGITUDE: 119 43 W
[TEMPERATURE DATA] [PRECIPITATION DATA] SYMBOLS USED IN COLUMN 16
AVERAGE MONTHLY: 52.1 TOTAL FOR MONTH: 0.66 1 = FOG OR MIST
DPTR FM NORMAL: -3.0 DPTR FM NORMAL: -0.21 2 = FOG REDUCING VISIBILITY
HIGHEST: 71 ON 25,24 GRTST 24HR 0.34 ON 6- 7 TO 1/4 MILE OR LESS
LOWEST: 36 ON 22,21 3 = THUNDER
SNOW, ICE PELLETS, HAIL 4 = ICE PELLETS
TOTAL MONTH: 0.0 INCH 5 = HAIL
GRTST 24HR 0.0 6 = FREEZING RAIN OR DRIZZLE
GRTST DEPTH: 0 7 = DUSTSTORM OR SANDSTORM:
VSBY 1/2 MILE OR LESS
8 = SMOKE OR HAZE
[NO. OF DAYS WITH] [WEATHER - DAYS WITH] 9 = BLOWING SNOW
X = TORNADO
MAX 32 OR BELOW: 0 0.01 INCH OR MORE: 6
MAX 90 OR ABOVE: 0 0.10 INCH OR MORE: 3
MIN 32 OR BELOW: 0 0.50 INCH OR MORE: 0
MIN 0 OR BELOW: 0 1.00 INCH OR MORE: 0
[HDD (BASE 65) ]
TOTAL THIS MO. 381 CLEAR (SCALE 0-3) 10
DPTR FM NORMAL 82 PTCLDY (SCALE 4-7) 18
TOTAL FM JUL 1 413 CLOUDY (SCALE 8-10) 2
DPTR FM NORMAL 57
[CDD (BASE 65) ]
TOTAL THIS MO. 0
DPTR FM NORMAL -3 [PRESSURE DATA]
TOTAL FM JAN 1 2905 HIGHEST SLP 30.41 ON 16
DPTR FM NORMAL 697 LOWEST SLP 29.61 ON 8
[REMARKS]
#FINAL-11-22#