000
CXUS56 KHNX 021551
CF6FAT
PRELIMINARY LOCAL CLIMATOLOGICAL DATA (WS FORM: F-6)
STATION: FRESNO CA
MONTH: NOVEMBER
YEAR: 2021
LATITUDE: 36 46 N
LONGITUDE: 119 43 W
TEMPERATURE IN F: :PCPN: SNOW: WIND :SUNSHINE: SKY :PK WND
================================================================================
1 2 3 4 5 6A 6B 7 8 9 10 11 12 13 14 15 16 17 18
12Z AVG MX 2MIN
DY MAX MIN AVG DEP HDD CDD WTR SNW DPTH SPD SPD DIR MIN PSBL S-S WX SPD DR
================================================================================
1 70 57 64 4 1 0 0.00 0.0 0 5.8 14 130 M M 7 18 16 140
2 75 56 66 6 0 1 0.00 0.0 0 4.8 12 310 M M 4 13 310
3 75 54 65 5 0 0 0.00 0.0 0 2.0 9 320 M M 2 12 11 320
4 73 56 65 6 0 0 0.00 0.0 0 6.4 16 290 M M 3 18 20 290
5 73 51 62 3 3 0 0.00 0.0 0 3.7 9 300 M M 4 1 10 290
6 71 50 61 2 4 0 0.00 0.0 0 6.6 16 330 M M 7 20 330
7 67 48 58 0 7 0 0.00 0.0 0 7.5 16 310 M M 6 19 310
8 65 43 54 -4 11 0 0.04 0.0 0 4.9 13 180 M M 6 17 170
9 65 54 60 2 5 0 0.26 0.0 0 5.8 16 100 M M 7 1 20 100
10 62 49 56 -1 9 0 0.00 0.0 0 1.8 8 350 M M 5 12 10 340
11 63 49 56 -1 9 0 0.00 0.0 0 2.5 8 160 M M 6 128 10 170
12 69 48 59 3 6 0 0.00 0.0 0 2.3 7 300 M M 2 128 9 330
13 64 49 57 1 8 0 0.00 0.0 0 2.9 8 330 M M 8 128 10 300
14 66 53 60 4 5 0 0.00 0.0 0 2.7 7 120 M M 9 128 9 280
15 64 54 59 4 6 0 0.00 0.0 0 4.6 12 310 M M 10 128 13 310
16 59 53 56 1 9 0 0.00 0.0 0 4.5 13 290 M M 10 128 14 280
17 64 50 57 3 8 0 0.00 0.0 0 3.3 8 290 M M 8 18 9 260
18 66 46 56 2 9 0 0.00 0.0 0 3.0 12 310 M M 7 128 13 300
19 64 52 58 4 7 0 0.00 0.0 0 2.0 8 310 M M 8 128 9 300
20 60 48 54 1 11 0 0.00 0.0 0 1.9 8 290 M M 9 128 9 320
21 67 44 56 3 9 0 0.00 0.0 0 1.4 6 290 M M 3 18 8 290
22 61 43 52 -1 13 0 0.00 0.0 0 3.3 9 130 M M 8 128 11 130
23 61 41 51 -1 14 0 0.00 0.0 0 3.3 10 290 M M 7 128 13 280
24 62 45 54 2 11 0 0.00 0.0 0 3.2 9 300 M M 6 128 14 250
25 66 39 53 1 12 0 0.00 0.0 0 2.5 7 130 M M 3 18 9 160
26 64 39 52 1 13 0 0.00 0.0 0 1.9 7 290 M M 4 18 9 320
27 67 41 54 3 11 0 0.00 0.0 0 2.1 6 90 M M 3 18 6 190
28 70 41 56 5 9 0 0.00 0.0 0 2.4 6 300 M M 1 18 8 280
29 70 42 56 6 9 0 0.00 0.0 0 2.1 6 320 M M 0 18 6 310
30 71 44 58 8 7 0 0.00 0.0 0 1.7 6 160 M M 1 18 6 160
================================================================================
SM 1994 1439 226 1 0.30 0.0 102.9 M 164
================================================================================
AV 66.5 48.0 3.4 FASTST M M 5 MAX(MPH)
MISC ----> # 16 290 # 20 290
================================================================================
NOTES:
# LAST OF SEVERAL OCCURRENCES
COLUMN 17 PEAK WIND IN M.P.H.
PRELIMINARY LOCAL CLIMATOLOGICAL DATA (WS FORM: F-6) , PAGE 2
STATION: FRESNO CA
MONTH: NOVEMBER
YEAR: 2021
LATITUDE: 36 46 N
LONGITUDE: 119 43 W
[TEMPERATURE DATA] [PRECIPITATION DATA] SYMBOLS USED IN COLUMN 16
AVERAGE MONTHLY: 57.2 TOTAL FOR MONTH: 0.30 1 = FOG OR MIST
DPTR FM NORMAL: 2.1 DPTR FM NORMAL: -0.57 2 = FOG REDUCING VISIBILITY
HIGHEST: 75 ON 3, 2 GRTST 24HR 0.30 ON 8- 9 TO 1/4 MILE OR LESS
LOWEST: 39 ON 26,25 3 = THUNDER
SNOW, ICE PELLETS, HAIL 4 = ICE PELLETS
TOTAL MONTH: 0.0 INCH 5 = HAIL
GRTST 24HR 0.0 6 = FREEZING RAIN OR DRIZZLE
GRTST DEPTH: 0 7 = DUSTSTORM OR SANDSTORM:
VSBY 1/2 MILE OR LESS
8 = SMOKE OR HAZE
[NO. OF DAYS WITH] [WEATHER - DAYS WITH] 9 = BLOWING SNOW
X = TORNADO
MAX 32 OR BELOW: 0 0.01 INCH OR MORE: 2
MAX 90 OR ABOVE: 0 0.10 INCH OR MORE: 1
MIN 32 OR BELOW: 0 0.50 INCH OR MORE: 0
MIN 0 OR BELOW: 0 1.00 INCH OR MORE: 0
[HDD (BASE 65) ]
TOTAL THIS MO. 226 CLEAR (SCALE 0-3) 8
DPTR FM NORMAL -73 PTCLDY (SCALE 4-7) 17
TOTAL FM JUL 1 295 CLOUDY (SCALE 8-10) 5
DPTR FM NORMAL -61
[CDD (BASE 65) ]
TOTAL THIS MO. 1
DPTR FM NORMAL -2 [PRESSURE DATA]
TOTAL FM JAN 1 2783 HIGHEST SLP 30.43 ON 25
DPTR FM NORMAL 575 LOWEST SLP 29.97 ON 23
[REMARKS]
#FINAL-11-21#