000
CXUS56 KHNX 012319
CF6FAT
PRELIMINARY LOCAL CLIMATOLOGICAL DATA (WS FORM: F-6)
STATION: FRESNO CA
MONTH: OCTOBER
YEAR: 2020
LATITUDE: 36 46 N
LONGITUDE: 119 43 W
TEMPERATURE IN F: :PCPN: SNOW: WIND :SUNSHINE: SKY :PK WND
================================================================================
1 2 3 4 5 6A 6B 7 8 9 10 11 12 13 14 15 16 17 18
12Z AVG MX 2MIN
DY MAX MIN AVG DEP HDD CDD WTR SNW DPTH SPD SPD DIR MIN PSBL S-S WX SPD DR
================================================================================
1 96 67 82 10 0 17 0.00 0.0 0 2.9 7 130 M M 3 8 9 120
2 96 66 81 9 0 16 0.00 0.0 0 3.7 8 310 M M 8 8 10 310
3 95 66 81 10 0 16 0.00 0.0 0 3.9 9 130 M M 10 8 11 140
4 95 67 81 10 0 16 0.00 0.0 0 4.0 10 310 M M 7 8 14 320
5 94 65 80 10 0 15 0.00 0.0 0 2.9 8 120 M M 3 8 10 140
6 89 63 76 6 0 11 0.00 0.0 0 2.8 8 300 M M 6 8 10 310
7 89 62 76 6 0 11 0.00 0.0 0 2.6 9 330 M M 5 8 12 320
8 84 63 74 5 0 9 0.00 0.0 0 5.2 12 300 M M 3 8 14 320
9 79 56 68 -1 0 3 0.00 0.0 0 4.3 10 320 M M 5 8 13 310
10 82 57 70 1 0 5 0.00 0.0 0 5.6 16 320 M M 6 8 21 320
11 80 60 70 2 0 5 0.00 0.0 0 6.9 14 310 M M 2 18 330
12 86 60 73 5 0 8 0.00 0.0 0 2.9 8 310 M M 3 11 210
13 88 61 75 7 0 10 0.00 0.0 0 2.3 9 300 M M 3 13 320
14 87 61 74 7 0 9 0.00 0.0 0 3.7 8 150 M M 5 8 11 120
15 90 62 76 9 0 11 0.00 0.0 0 2.9 9 290 M M 6 8 11 290
16 93 62 78 12 0 13 0.00 0.0 0 1.9 7 290 M M 3 8 10 350
17 92 61 77 11 0 12 0.00 0.0 0 3.5 8 320 M M 4 8 10 300
18 92 61 77 11 0 12 0.00 0.0 0 2.7 10 280 M M 3 8 13 290
19 91 59 75 10 0 10 0.00 0.0 0 2.6 8 300 M M 2 8 10 320
20 88 60 74 9 0 9 0.00 0.0 0 3.3 9 300 M M 3 8 12 320
21 86 60 73 9 0 8 0.00 0.0 0 2.7 9 300 M M 4 8 11 290
22 84 59 72 8 0 7 0.00 0.0 0 4.5 10 320 M M 0 8 15 350
23 80 54 67 3 0 2 0.00 0.0 0 3.6 8 160 M M 3 11 140
24 77 54 66 3 0 1 0.00 0.0 0 4.5 12 320 M M 6 8 14 320
25 71 52 62 -1 3 0 0.00 0.0 0 7.2 15 300 M M 3 8 17 300
26 66 48 57 -5 8 0 0.00 0.0 0 4.6 10 120 M M 5 8 12 120
27 72 47 60 -2 5 0 0.00 0.0 0 2.9 7 330 M M 3 8 8 350
28 78 45 62 0 3 0 0.00 0.0 0 2.4 7 300 M M 3 8 13 360
29 80 47 64 3 1 0 0.00 0.0 0 2.3 8 290 M M 1 8 17 10
30 80 48 64 3 1 0 0.00 0.0 0 2.2 6 310 M M 2 8 9 300
31 80 45 63 3 2 0 0.00 0.0 0 2.3 6 70 M M 0 8 7 180
================================================================================
SM 2640 1798 23 236 0.00 0.0 109.8 M 120
================================================================================
AV 85.2 58.0 3.5 FASTST M M 4 MAX(MPH)
MISC ----> # 16 320 # 21 320
================================================================================
NOTES:
# LAST OF SEVERAL OCCURRENCES
COLUMN 17 PEAK WIND IN M.P.H.
PRELIMINARY LOCAL CLIMATOLOGICAL DATA (WS FORM: F-6) , PAGE 2
STATION: FRESNO CA
MONTH: OCTOBER
YEAR: 2020
LATITUDE: 36 46 N
LONGITUDE: 119 43 W
[TEMPERATURE DATA] [PRECIPITATION DATA] SYMBOLS USED IN COLUMN 16
AVERAGE MONTHLY: 71.6 TOTAL FOR MONTH: 0.00 1 = FOG OR MIST
DPTR FM NORMAL: 5.4 DPTR FM NORMAL: -0.63 2 = FOG REDUCING VISIBILITY
HIGHEST: 96 ON 2, 1 GRTST 24HR 0.00 ON 31-31 TO 1/4 MILE OR LESS
LOWEST: 45 ON 31,28 3 = THUNDER
SNOW, ICE PELLETS, HAIL 4 = ICE PELLETS
TOTAL MONTH: 0.0 INCH 5 = HAIL
GRTST 24HR 0.0 6 = FREEZING RAIN OR DRIZZLE
GRTST DEPTH: 0 7 = DUSTSTORM OR SANDSTORM:
VSBY 1/2 MILE OR LESS
8 = SMOKE OR HAZE
[NO. OF DAYS WITH] [WEATHER - DAYS WITH] 9 = BLOWING SNOW
X = TORNADO
MAX 32 OR BELOW: 0 0.01 INCH OR MORE: 0
MAX 90 OR ABOVE: 10 0.10 INCH OR MORE: 0
MIN 32 OR BELOW: 0 0.50 INCH OR MORE: 0
MIN 0 OR BELOW: 0 1.00 INCH OR MORE: 0
[HDD (BASE 65) ]
TOTAL THIS MO. 23 CLEAR (SCALE 0-3) 12
DPTR FM NORMAL -38 PTCLDY (SCALE 4-7) 17
TOTAL FM JUL 1 23 CLOUDY (SCALE 8-10) 2
DPTR FM NORMAL -40
[CDD (BASE 65) ]
TOTAL THIS MO. 236
DPTR FM NORMAL 136 [PRESSURE DATA]
TOTAL FM JAN 1 2778 HIGHEST SLP M ON M
DPTR FM NORMAL 656 LOWEST SLP 29.74 ON 21
[REMARKS]
#FINAL-10-20#