000
CXUS56 KHNX 011146
CF6FAT
PRELIMINARY LOCAL CLIMATOLOGICAL DATA (WS FORM: F-6)
STATION: FRESNO CA
MONTH: JUNE
YEAR: 2020
LATITUDE: 36 46 N
LONGITUDE: 119 43 W
TEMPERATURE IN F: :PCPN: SNOW: WIND :SUNSHINE: SKY :PK WND
================================================================================
1 2 3 4 5 6A 6B 7 8 9 10 11 12 13 14 15 16 17 18
12Z AVG MX 2MIN
DY MAX MIN AVG DEP HDD CDD WTR SNW DPTH SPD SPD DIR MIN PSBL S-S WX SPD DR
================================================================================
1 87 66 77 3 0 12 0.00 0.0 0 8.0 14 310 M M 9 17 320
2 94 66 80 6 0 15 0.00 0.0 0 5.2 12 310 M M 7 15 300
3 103 71 87 13 0 22 0.00 0.0 0 6.8 16 310 M M 5 23 340
4 106 73 90 16 0 25 0.00 0.0 0 7.4 21 310 M M 1 22 310
5 88 62 75 0 0 10 0.00 0.0 0 9.5 26 310 M M 6 32 330
6 81 59 70 -5 0 5 0.00 0.0 0 12.5 26 320 M M 4 34 310
7 76 55 66 -9 0 1 0.00 0.0 0 16.7 24 300 M M 1 30 310
8 82 54 68 -7 0 3 0.00 0.0 0 6.8 18 310 M M 1 24 310
9 91 59 75 -1 0 10 0.00 0.0 0 4.8 13 300 M M 1 16 310
10 97 66 82 6 0 17 0.00 0.0 0 5.3 12 310 M M 2 8 24 350
11 103 69 86 10 0 21 0.00 0.0 0 6.9 23 300 M M 5 27 280
12 87 62 75 -1 0 10 0.00 0.0 0 13.5 28 300 M M 6 35 320
13 79 57 68 -8 0 3 0.00 0.0 0 14.1 20 310 M M 4 23 310
14 86 57 72 -5 0 7 0.00 0.0 0 9.0 17 310 M M 3 21 320
15 91 64 78 1 0 13 0.00 0.0 0 10.1 22 320 M M 4 27 320
16 85 60 73 -4 0 8 0.00 0.0 0 12.7 21 310 M M 1 8 26 320
17 87 59 73 -5 0 8 0.00 0.0 0 6.1 17 310 M M 1 22 300
18 95 65 80 2 0 15 0.00 0.0 0 5.6 15 300 M M 2 19 310
19 100 68 84 6 0 19 0.00 0.0 0 7.5 15 300 M M 4 19 300
20 100 70 85 7 0 20 0.00 0.0 0 8.5 16 310 M M 3 20 320
21 99 67 83 4 0 18 0.00 0.0 0 9.2 16 310 M M 3 20 300
22 101 71 86 7 0 21 0.00 0.0 0 6.5 14 320 M M 2 19 360
23 104 74 89 10 0 24 0.00 0.0 0 7.7 17 310 M M 1 22 320
24 103 74 89 10 0 24 0.00 0.0 0 7.9 13 320 M M 5 19 300
25 102 74 88 8 0 23 0.00 0.0 0 7.0 14 300 M M 3 19 300
26 102 76 89 9 0 24 0.00 0.0 0 6.4 14 320 M M 3 16 320
27 107 77 92 12 0 27 0.00 0.0 0 9.7 21 300 M M 2 25 290
28 92 62 77 -3 0 12 0.00 0.0 0 8.9 22 300 M M 3 8 26 300
29 87 59 73 -8 0 8 0.00 0.0 0 6.6 15 310 M M 1 18 310
30 94 65 80 -1 0 15 0.00 0.0 0 6.6 16 310 M M 1 8 21 310
================================================================================
SM 2809 1961 0 440 0.00 0.0 253.5 M 94
================================================================================
AV 93.6 65.4 8.5 FASTST M M 3 MAX(MPH)
MISC ----> # 28 300 # 35 320
================================================================================
NOTES:
# LAST OF SEVERAL OCCURRENCES
COLUMN 17 PEAK WIND IN M.P.H.
PRELIMINARY LOCAL CLIMATOLOGICAL DATA (WS FORM: F-6) , PAGE 2
STATION: FRESNO CA
MONTH: JUNE
YEAR: 2020
LATITUDE: 36 46 N
LONGITUDE: 119 43 W
[TEMPERATURE DATA] [PRECIPITATION DATA] SYMBOLS USED IN COLUMN 16
AVERAGE MONTHLY: 79.5 TOTAL FOR MONTH: 0.00 1 = FOG OR MIST
DPTR FM NORMAL: 2.3 DPTR FM NORMAL: -0.21 2 = FOG REDUCING VISIBILITY
HIGHEST: 107 ON 27 GRTST 24HR 0.00 ON 30-30 TO 1/4 MILE OR LESS
LOWEST: 54 ON 8 3 = THUNDER
SNOW, ICE PELLETS, HAIL 4 = ICE PELLETS
TOTAL MONTH: 0.0 INCH 5 = HAIL
GRTST 24HR 0.0 6 = FREEZING RAIN OR DRIZZLE
GRTST DEPTH: 0 7 = DUSTSTORM OR SANDSTORM:
VSBY 1/2 MILE OR LESS
8 = SMOKE OR HAZE
[NO. OF DAYS WITH] [WEATHER - DAYS WITH] 9 = BLOWING SNOW
X = TORNADO
MAX 32 OR BELOW: 0 0.01 INCH OR MORE: 0
MAX 90 OR ABOVE: 19 0.10 INCH OR MORE: 0
MIN 32 OR BELOW: 0 0.50 INCH OR MORE: 0
MIN 0 OR BELOW: 0 1.00 INCH OR MORE: 0
[HDD (BASE 65) ]
TOTAL THIS MO. 0 CLEAR (SCALE 0-3) 16
DPTR FM NORMAL -3 PTCLDY (SCALE 4-7) 13
TOTAL FM JUL 1 1831 CLOUDY (SCALE 8-10) 1
DPTR FM NORMAL -515
[CDD (BASE 65) ]
TOTAL THIS MO. 440
DPTR FM NORMAL 71 [PRESSURE DATA]
TOTAL FM JAN 1 809 HIGHEST SLP M ON M
DPTR FM NORMAL 199 LOWEST SLP 29.58 ON 4
[REMARKS]
#FINAL-06-20#