000
CXUS52 KRAH 010945
CF6FAY
PRELIMINARY LOCAL CLIMATOLOGICAL DATA (WS FORM: F-6)
STATION: FAYETTEVILLE REGL AIRPORT NC
MONTH: JANUARY
YEAR: 2021
LATITUDE: 35 0 N
LONGITUDE: 78 53 W
TEMPERATURE IN F: :PCPN: SNOW: WIND :SUNSHINE: SKY :PK WND
================================================================================
1 2 3 4 5 6A 6B 7 8 9 10 11 12 13 14 15 16 17 18
12Z AVG MX 2MIN
DY MAX MIN AVG DEP HDD CDD WTR SNW DPTH SPD SPD DIR MIN PSBL S-S WX SPD DR
================================================================================
1 56 46 51 8 14 0 0.51 M M 8.0 17 30 M M 10 12 24 50
2 65 48 57 14 8 0 0.83 M M 4.7 12 180 M M 7 12 15 190
3 67 50 59 16 6 0 0.69 M M 7.2 16 280 M M 9 1 20 290
4 53 34 44 1 21 0 0.00 M M 5.1 12 30 M M 6 1 14 20
5 52 32 42 -1 23 0 0.05 M M 3.0 10 320 M M 5 1 15 340
6 52 33 43 0 22 0 0.00 M M 5.3 14 10 M M 2 18 10
7 51 30 41 -2 24 0 T M M 5.1 12 90 M M 1 14 40
8 44 36 40 -3 25 0 0.67 M M 10.6 17 20 M M 10 1 23 60
9 51 33 42 -1 23 0 0.00 M M 7.3 13 320 M M 1 1 17 340
10 53 28 41 -2 24 0 0.00 M M 3.4 10 360 M M 0 8 15 340
11 48 30 39 -4 26 0 0.03 M M 2.4 8 140 M M 5 1 9 360
12 55 36 46 3 19 0 0.23 M M 5.8 12 350 M M 6 1 16 340
13 57 30 44 1 21 0 0.00 M M 4.9 14 220 M M 2 1 17 230
14 55 36 46 3 19 0 0.00 M M 6.3 14 240 M M 5 1 18 230
15 58 30 44 1 21 0 0.32 M M 6.2 21 190 M M 4 1 25 190
16 49 36 43 0 22 0 0.00 0.0 0 10.6 30 250 M M 4 12 37 250
17 50 28 39 -5 26 0 0.00 M M 8.0 18 210 M M 0 23 210
18 53 32 43 -1 22 0 0.00 M M 8.9 22 260 M M 1 8 30 280
19 59 27 43 -1 22 0 0.00 M M 8.0 17 220 M M 0 22 210
20 59 32 46 2 19 0 0.00 M M 8.8 17 300 M M 1 25 300
21 55 32 44 0 21 0 T M M 5.7 18 230 M M 4 24 230
22 59 40 50 6 15 0 0.00 M M 5.9 14 230 M M 0 16 230
23 52 31 42 -2 23 0 0.00 M M 7.7 20 340 M M 0 25 350
24 51 25 38 -6 27 0 0.00 M M 4.2 9 170 M M 3 17 190
25 48 41 45 1 20 0 0.34 M M 3.8 13 10 M M 10 12 14 10
26 55 46 51 6 14 0 0.42 M M 3.5 15 120 M M 10 123 18 120
27 56 44 50 5 15 0 0.33 M M 5.0 16 70 M M 9 12 19 70
28 45 31 38 -7 27 0 0.34 M M 12.7 26 320 M M 6 1 34 320
29 44 25 35 -10 30 0 0.00 M M 6.1 16 360 M M 0 19 340
30 46 24 35 -10 30 0 0.00 M M 4.5 10 120 M M 2 13 120
31 43 37 40 -5 25 0 0.66 M M 7.8 16 100 M M 10 1 21 110
================================================================================
SM 1641 1063 654 0 5.42 0.0 196.5 M 133
================================================================================
AV 52.9 34.3 6.3 FASTST M M 4 MAX(MPH)
MISC ----> 30 250 37 250
================================================================================
NOTES:
# LAST OF SEVERAL OCCURRENCES
COLUMN 17 PEAK WIND IN M.P.H.
PRELIMINARY LOCAL CLIMATOLOGICAL DATA (WS FORM: F-6) , PAGE 2
STATION: FAYETTEVILLE REGL AIRPORT NC
MONTH: JANUARY
YEAR: 2021
LATITUDE: 35 0 N
LONGITUDE: 78 53 W
[TEMPERATURE DATA] [PRECIPITATION DATA] SYMBOLS USED IN COLUMN 16
AVERAGE MONTHLY: 43.6 TOTAL FOR MONTH: 5.42 1 = FOG OR MIST
DPTR FM NORMAL: 0.1 DPTR FM NORMAL: 2.12 2 = FOG REDUCING VISIBILITY
HIGHEST: 67 ON 3 GRTST 24HR 1.11 ON 30-31 TO 1/4 MILE OR LESS
LOWEST: 24 ON 30 3 = THUNDER
SNOW, ICE PELLETS, HAIL 4 = ICE PELLETS
TOTAL MONTH: 0.0 INCH 5 = HAIL
GRTST 24HR 0.0 6 = FREEZING RAIN OR DRIZZLE
GRTST DEPTH: 0 7 = DUSTSTORM OR SANDSTORM:
VSBY 1/2 MILE OR LESS
8 = SMOKE OR HAZE
[NO. OF DAYS WITH] [WEATHER - DAYS WITH] 9 = BLOWING SNOW
X = TORNADO
MAX 32 OR BELOW: 0 0.01 INCH OR MORE: 13
MAX 90 OR ABOVE: 0 0.10 INCH OR MORE: 11
MIN 32 OR BELOW: 16 0.50 INCH OR MORE: 5
MIN 0 OR BELOW: 0 1.00 INCH OR MORE: 0
[HDD (BASE 65) ]
TOTAL THIS MO. 654 CLEAR (SCALE 0-3) 14
DPTR FM NORMAL -13 PTCLDY (SCALE 4-7) 10
TOTAL FM JUL 1 1528 CLOUDY (SCALE 8-10) 7
DPTR FM NORMAL -195
[CDD (BASE 65) ]
TOTAL THIS MO. 0
DPTR FM NORMAL -2 [PRESSURE DATA]
TOTAL FM JAN 1 0 HIGHEST SLP 30.39 ON 30
DPTR FM NORMAL -2 LOWEST SLP 29.62 ON 16
[REMARKS]
#FINAL-01-21#