000
CXUS52 KRAH 010845
CF6FAY
PRELIMINARY LOCAL CLIMATOLOGICAL DATA (WS FORM: F-6)
STATION: FAYETTEVILLE NC
MONTH: AUGUST
YEAR: 2023
LATITUDE: 35 0 N
LONGITUDE: 78 53 W
TEMPERATURE IN F: :PCPN: SNOW: WIND :SUNSHINE: SKY :PK WND
================================================================================
1 2 3 4 5 6A 6B 7 8 9 10 11 12 13 14 15 16 17 18
12Z AVG MX 2MIN
DY MAX MIN AVG DEP HDD CDD WTR SNW DPTH SPD SPD DIR MIN PSBL S-S WX SPD DR
================================================================================
1 90 69 80 -1 0 15 0.00 M M 6.1 15 30 M M 2 18 20 30
2 86 66 76 -5 0 11 0.00 M M 5.9 14 20 M M 0 18 20
3 82 63 73 -8 0 8 0.00 M M 5.1 13 170 M M 5 15 130
4 84 72 78 -3 0 13 0.30 M M 5.6 12 240 M M 9 1 15 250
5 92 72 82 1 0 17 0.00 M M 6.3 12 50 M M 1 1 18 50
6 94 72 83 2 0 18 0.00 M M 6.1 14 140 M M 1 1 18 160
7 95 73 84 3 0 19 0.25 M M 8.9 37 270 M M 3 13 58 260
8 93 73 83 2 0 18 0.00 M M 10.0 18 240 M M 1 24 280
9 92 74 83 2 0 18 0.00 M M 6.1 14 250 M M 3 14 260
10 91 74 83 3 0 18 0.12 M M 9.0 22 260 M M 2 13 28 100
11 92 71 82 2 0 17 0.00 M M 5.4 14 220 M M 3 21 220
12 95 73 84 4 0 19 0.00 M M 6.6 15 210 M M 3 1 17 210
13 98 78 88 8 0 23 0.00 M M 7.3 14 210 M M 1 1 18 220
14 99 76 88 8 0 23 0.35 M M 9.5 32 320 M M 2 13 40 320
15 99 77 88 8 0 23 0.00 M M 10.4 23 210 M M 1 3 32 210
16 92 76 84 4 0 19 0.00 M M 5.5 15 180 M M 4 19 180
17 93 74 84 4 0 19 0.00 M M 8.1 17 160 M M 3 1 21 210
18 93 70 82 2 0 17 0.00 M M 6.5 13 250 M M 2 17 330
19 93 69 81 1 0 16 0.00 M M 6.8 16 30 M M 0 21 10
20 95 68 82 3 0 17 0.00 M M 5.0 12 200 M M 1 15 190
21 99 75 87 8 0 22 0.00 M M 5.0 14 250 M M 1 1 17 260
22 96 73 85 6 0 20 0.00 M M 6.3 13 50 M M 2 19 60
23 89 67 78 -1 0 13 T M M 8.2 17 30 M M 3 23 70
24 93 65 79 0 0 14 0.00 M M 6.1 15 160 M M 1 18 19 160
25 94 72 83 4 0 18 0.00 M M 7.5 17 180 M M 1 21 180
26 101 75 88 9 0 23 0.00 M M 6.3 14 210 M M 2 17 190
27 96 73 85 7 0 20 0.67 M M 6.5 23 330 M M 4 13 31 10
28 90 74 82 4 0 17 0.14 M M 4.7 10 170 M M 6 1 13 100
29 92 74 83 5 0 18 0.27 M M 5.1 18 120 M M 5 123 21 10
30 84 72 78 0 0 13 2.75 M M 6.1 25 20 M M 8 12 36 20
31 85 64 75 -3 0 10 0.40 M M 12.7 31 20 M M 5 1 39 30
================================================================================
SM 2867 2224 0 536 5.25 M 214.7 M 85
================================================================================
AV 92.5 71.7 6.9 FASTST M M 3 MAX(MPH)
MISC ----> 37 270 58 260
================================================================================
NOTES:
# LAST OF SEVERAL OCCURRENCES
COLUMN 17 PEAK WIND IN M.P.H.
PRELIMINARY LOCAL CLIMATOLOGICAL DATA (WS FORM: F-6) , PAGE 2
STATION: FAYETTEVILLE NC
MONTH: AUGUST
YEAR: 2023
LATITUDE: 35 0 N
LONGITUDE: 78 53 W
[TEMPERATURE DATA] [PRECIPITATION DATA] SYMBOLS USED IN COLUMN 16
AVERAGE MONTHLY: 82.1 TOTAL FOR MONTH: 5.25 1 = FOG OR MIST
DPTR FM NORMAL: 2.3 DPTR FM NORMAL: -0.11 2 = FOG REDUCING VISIBILITY
HIGHEST: 101 ON 26 GRTST 24HR 3.15 ON 30-31 TO 1/4 MILE OR LESS
LOWEST: 63 ON 3 3 = THUNDER
SNOW, ICE PELLETS, HAIL 4 = ICE PELLETS
TOTAL MONTH: M 5 = HAIL
GRTST 24HR M ON M 6 = FREEZING RAIN OR DRIZZLE
GRTST DEPTH: M ON M 7 = DUSTSTORM OR SANDSTORM:
VSBY 1/2 MILE OR LESS
8 = SMOKE OR HAZE
[NO. OF DAYS WITH] [WEATHER - DAYS WITH] 9 = BLOWING SNOW
X = TORNADO
MAX 32 OR BELOW: 0 0.01 INCH OR MORE: 9
MAX 90 OR ABOVE: 25 0.10 INCH OR MORE: 9
MIN 32 OR BELOW: 0 0.50 INCH OR MORE: 2
MIN 0 OR BELOW: 0 1.00 INCH OR MORE: 1
[HDD (BASE 65) ]
TOTAL THIS MO. 0 CLEAR (SCALE 0-3) 22
DPTR FM NORMAL 0 PTCLDY (SCALE 4-7) 8
TOTAL FM JUL 1 0 CLOUDY (SCALE 8-10) 1
DPTR FM NORMAL 0
[CDD (BASE 65) ]
TOTAL THIS MO. 536
DPTR FM NORMAL 79 [PRESSURE DATA]
TOTAL FM JAN 1 1698 HIGHEST SLP 30.21 ON 2
DPTR FM NORMAL 25 LOWEST SLP 29.50 ON 31
[REMARKS]
#FINAL-08-23#