000
CXUS53 KLMK 010710
CF6FFT
PRELIMINARY LOCAL CLIMATOLOGICAL DATA (WS FORM: F-6)
STATION: FRANKFORT KY
MONTH: APRIL
YEAR: 2023
LATITUDE: 38 10 N
LONGITUDE: 84 54 W
TEMPERATURE IN F: :PCPN: SNOW: WIND :SUNSHINE: SKY :PK WND
================================================================================
1 2 3 4 5 6A 6B 7 8 9 10 11 12 13 14 15 16 17 18
12Z AVG MX 2MIN
DY MAX MIN AVG DEP HDD CDD WTR SNW DPTH SPD SPD DIR MIN PSBL S-S WX SPD DR
================================================================================
1 69 42 56 4 9 0 0.01 M M 15.3 40 230 M M 7 58 230
2 60 41 51 -1 14 0 0.00 M M 4.6 13 180 M M 4 21 160
3 74 40 57 5 8 0 0.03 M M 9.0 23 180 M M 4 33 180
4 80 59 70 17 0 5 0.00 M M 8.9 20 200 M M 7 26 170
5 86 59 73 20 0 8 0.31 M M 15.1 35 200 M M 4 13 47 200
6 61 43 52 -2 13 0 0.09 M M 5.4 14 10 M M 10 18 21 350
7 55 42 49 -5 16 0 0.00 M M 8.2 18 60 M M 3 27 60
8 59 42 51 -3 14 0 0.00 M M 10.0 22 60 M M 0 31 60
9 66 32 49 -5 16 0 0.00 M M 6.1 18 90 M M 0 25 70
10 71 32 52 -3 13 0 0.00 M M 1.9 12 230 M M 0 17 240
11 75 36 56 1 9 0 0.00 M M 3.6 14 330 M M 0 24 350
12 78 42 60 4 5 0 0.00 M M 4.3 15 220 M M 0 19 210
13 82 41 62 6 3 0 0.00 M M 1.5 10 70 M M 1 16 170
14 77 55 66 10 0 1 0.22 M M 4.6 21 170 M M 5 8 30 150
15 79 55 67 10 0 2 0.00 M M 6.6 16 210 M M 2 21 210
16 69 47 58 1 7 0 0.01 M M 10.9 25 230 M M 7 18 39 270
17 61 42 52 -5 13 0 0.00 M M 12.7 30 240 M M 5 43 220
18 69 34 52 -6 13 0 0.00 M M 3.2 14 300 M M 2 19 290
19 82 43 63 5 2 0 0.00 M M 5.3 18 210 M M 0 27 190
20 84 50 67 9 0 2 0.00 M M 10.1 26 210 M M 0 39 210
21 71 47 59 0 6 0 1.07 M M 5.1 22 260 M M 5 13 42 260
22 62 39 51 -8 14 0 0.16 M M 8.4 20 240 M M 7 1 31 240
23 51 35 43 -16 22 0 0.00 M M 4.9 13 320 M M 9 8 19 290
24 55 30 43 -17 22 0 0.00 M M 3.9 15 320 M M 0 23 300
25 65 31 48 -12 17 0 0.00 M M 2.3 12 130 M M 1 18 140
26 70 37 54 -6 11 0 0.00 M M 3.5 12 330 M M 1 19 270
27 69 45 57 -3 8 0 0.57 M M 8.0 16 80 M M 4 1 23 80
28 64 49 57 -4 8 0 0.05 M M 6.0 16 290 M M 9 18 26 280
29 62 46 54 -7 11 0 0.01 M M 5.8 15 200 M M 7 1 21 200
30 61 45 53 -8 12 0 0.01 M M 9.5 24 280 M M 8 40 290
================================================================================
SM 2067 1281 286 18 2.54 M 204.7 M 112
================================================================================
AV 68.9 42.7 6.8 FASTST M M 4 MAX(MPH)
MISC ----> 40 230 58 230
================================================================================
NOTES:
# LAST OF SEVERAL OCCURRENCES
COLUMN 17 PEAK WIND IN M.P.H.
PRELIMINARY LOCAL CLIMATOLOGICAL DATA (WS FORM: F-6) , PAGE 2
STATION: FRANKFORT KY
MONTH: APRIL
YEAR: 2023
LATITUDE: 38 10 N
LONGITUDE: 84 54 W
[TEMPERATURE DATA] [PRECIPITATION DATA] SYMBOLS USED IN COLUMN 16
AVERAGE MONTHLY: 55.8 TOTAL FOR MONTH: 2.54 1 = FOG OR MIST
DPTR FM NORMAL: -0.9 DPTR FM NORMAL: -2.01 2 = FOG REDUCING VISIBILITY
HIGHEST: 86 ON 5 GRTST 24HR 1.23 ON 21-22 TO 1/4 MILE OR LESS
LOWEST: 30 ON 24 3 = THUNDER
SNOW, ICE PELLETS, HAIL 4 = ICE PELLETS
TOTAL MONTH: M 5 = HAIL
GRTST 24HR M ON M 6 = FREEZING RAIN OR DRIZZLE
GRTST DEPTH: M ON M 7 = DUSTSTORM OR SANDSTORM:
VSBY 1/2 MILE OR LESS
8 = SMOKE OR HAZE
[NO. OF DAYS WITH] [WEATHER - DAYS WITH] 9 = BLOWING SNOW
X = TORNADO
MAX 32 OR BELOW: 0 0.01 INCH OR MORE: 12
MAX 90 OR ABOVE: 0 0.10 INCH OR MORE: 5
MIN 32 OR BELOW: 4 0.50 INCH OR MORE: 2
MIN 0 OR BELOW: 0 1.00 INCH OR MORE: 1
[HDD (BASE 65) ]
TOTAL THIS MO. 286 CLEAR (SCALE 0-3) 13
DPTR FM NORMAL 9 PTCLDY (SCALE 4-7) 14
TOTAL FM JUL 1 3882 CLOUDY (SCALE 8-10) 3
DPTR FM NORMAL -406
[CDD (BASE 65) ]
TOTAL THIS MO. 18
DPTR FM NORMAL -8 [PRESSURE DATA]
TOTAL FM JAN 1 18 HIGHEST SLP M ON M
DPTR FM NORMAL -12 LOWEST SLP 29.48 ON 30
[REMARKS]
#FINAL-04-23#