000
CXUS53 KFGF 010815
CF6FGF
PRELIMINARY LOCAL CLIMATOLOGICAL DATA (WS FORM: F-6)
STATION: GRAND FORKS UNIV. (NWS) ND
MONTH: MARCH
YEAR: 2023
LATITUDE: 47 55 N
LONGITUDE: 97 6 W
TEMPERATURE IN F: :PCPN: SNOW: WIND :SUNSHINE: SKY :PK WND
================================================================================
1 2 3 4 5 6A 6B 7 8 9 10 11 12 13 14 15 16 17 18
12Z AVG MX 2MIN
DY MAX MIN AVG DEP HDD CDD WTR SNW DPTH SPD SPD DIR MIN PSBL S-S WX SPD DR
================================================================================
1 16 -3 7 -11 58 0 0.00 0.0 14 M M M M M M M M
2 16 -6 5 -13 60 0 T T 14 M M M M M M M M
3 36 12 24 5 41 0 T T 14 M M M M M M M M
4 34 14 24 5 41 0 T T 13 M M M M M M M M
5 25 7 16 -4 49 0 0.00 0.0 13 M M M M M M M M
6 18 -1 9 -11 56 0 0.00 0.0 13 M M M M M M M M
7 13 -5 4 -17 61 0 0.09 1.2 13 M M M M M M M M
8 18 12 15 -6 50 0 0.20 2.0 16 M M M M M M M M
9 26 17 22 0 43 0 0.01 0.3 16 M M M M M M M M
10 32 18 25 3 40 0 0.01 0.2 16 M M M M M M M M
11 26 20 23 0 42 0 0.50 8.8 16 M M M M M M M M
12 24 6 15 -8 50 0 0.15 2.5 23 M M M M M M M M
13 20 -5 8 -16 57 0 0.00 0.0 22 M M M M M M M M
14 26 3 15 -9 50 0 0.00 0.0 21 M M M M M M M M
15 31 14 23 -2 42 0 0.03 0.5 20 M M M M M M M M
16 25 3 14 -11 51 0 0.10 1.8 21 M M M M M M M M
17 9 -3 3 -23 62 0 T T 20 M M M M M M M M
18 14 2 8 -18 57 0 0.00 0.0 19 M M M M M M M M
19 29 1 15 -12 50 0 0.00 0.0 19 M M M M M M M M
20 22 1 12 -16 53 0 0.00 0.0 19 M M M M M M M M
21 30 0 15 -13 50 0 0.22 2.2 19 M M M M M M M M
22 30 8 19 -10 46 0 T T 21 M M M M M M M M
23 22 1 12 -17 53 0 0.00 0.0 20 M M M M M M M M
24 28 5 17 -13 48 0 0.00 0.0 20 M M M M M M M M
25 29 10 20 -10 45 0 0.00 0.0 20 M M M M M M 1 M M
26 28 1 15 -16 50 0 0.00 0.0 20 M M M M M M 1 M M
27 17 -2 8 -23 57 0 0.00 0.0 20 M M M M M M M M
28 18 -6 6 -26 59 0 0.07 1.1 21 M M M M M M M M
29 22 -9 7 -26 58 0 0.00 0.0 20 M M M M M M M M
30 28 -2 13 -20 52 0 0.00 0.0 20 M M M M M M M M
31 36 16 26 -8 39 0 0.00 0.0 21 M M M M M M M M
================================================================================
SM 748 129 1570 0 1.38 20.6 M M M
================================================================================
AV 24.1 4.2 M FASTST M M M MAX(MPH)
MISC ----> M M M M
================================================================================
NOTES:
# LAST OF SEVERAL OCCURRENCES
COLUMN 17 PEAK WIND IN M.P.H.
PRELIMINARY LOCAL CLIMATOLOGICAL DATA (WS FORM: F-6) , PAGE 2
STATION: GRAND FORKS UNIV. (NWS) ND
MONTH: MARCH
YEAR: 2023
LATITUDE: 47 55 N
LONGITUDE: 97 6 W
[TEMPERATURE DATA] [PRECIPITATION DATA] SYMBOLS USED IN COLUMN 16
AVERAGE MONTHLY: 14.1 TOTAL FOR MONTH: 1.38 1 = FOG OR MIST
DPTR FM NORMAL: -11.3 DPTR FM NORMAL: 0.47 2 = FOG REDUCING VISIBILITY
HIGHEST: 36 ON 31, 3 GRTST 24HR 0.50 ON 11-11 TO 1/4 MILE OR LESS
LOWEST: -9 ON 29 3 = THUNDER
SNOW, ICE PELLETS, HAIL 4 = ICE PELLETS
TOTAL MONTH: 20.6 INCHES 5 = HAIL
GRTST 24HR 8.8 ON 11-11 6 = FREEZING RAIN OR DRIZZLE
GRTST DEPTH: 23 ON 12 7 = DUSTSTORM OR SANDSTORM:
VSBY 1/2 MILE OR LESS
8 = SMOKE OR HAZE
[NO. OF DAYS WITH] [WEATHER - DAYS WITH] 9 = BLOWING SNOW
X = TORNADO
MAX 32 OR BELOW: 28 0.01 INCH OR MORE: 10
MAX 90 OR ABOVE: 0 0.10 INCH OR MORE: 5
MIN 32 OR BELOW: 31 0.50 INCH OR MORE: 1
MIN 0 OR BELOW: 11 1.00 INCH OR MORE: 0
[HDD (BASE 65) ]
TOTAL THIS MO. 1570 CLEAR (SCALE 0-3) 0
DPTR FM NORMAL 344 PTCLDY (SCALE 4-7) 0
TOTAL FM JUL 1 8390 CLOUDY (SCALE 8-10) 31
DPTR FM NORMAL 219
[CDD (BASE 65) ]
TOTAL THIS MO. 0
DPTR FM NORMAL 0 [PRESSURE DATA]
TOTAL FM JAN 1 0 HIGHEST SLP M ON M
DPTR FM NORMAL 0 LOWEST SLP M ON M
[REMARKS]
#FINAL-03-23#