000
CXUS56 KFGZ 011820
CF6FLG
PRELIMINARY LOCAL CLIMATOLOGICAL DATA (WS FORM: F-6)
STATION: FLAGSTAFF AZ AIRPORT
MONTH: NOVEMBER
YEAR: 2020
LATITUDE: 35 7 N
LONGITUDE: 111 40 W
TEMPERATURE IN F: :PCPN: SNOW: WIND :SUNSHINE: SKY :PK WND
================================================================================
1 2 3 4 5 6A 6B 7 8 9 10 11 12 13 14 15 16 17 18
12Z AVG MX 2MIN
DY MAX MIN AVG DEP HDD CDD WTR SNW DPTH SPD SPD DIR MIN PSBL S-S WX SPD DR
================================================================================
1 70 35 53 11 12 0 0.00 0.0 0 3.0 13 80 M M 0 17 60
2 69 38 54 13 11 0 0.00 0.0 0 3.7 15 80 M M 1 24 80
3 63 32 48 7 17 0 T 0.0 0 2.6 14 110 M M 3 21 120
4 67 28 48 7 17 0 0.00 0.0 0 4.8 17 80 M M 0 23 60
5 67 31 49 9 16 0 0.00 0.0 0 5.7 15 110 M M 0 22 70
6 67 37 52 12 13 0 T 0.0 0 10.4 35 210 M M 3 44 200
7 52 31 42 2 23 0 0.24 T 0 17.4 45 230 M M 9 1 60 240
8 32 26 29 -10 36 0 0.30 2.2 T 19.0 36 220 M M 9 18 47 240
9 32 10 21 -18 44 0 0.18 1.9 3 8.4 23 230 M M 6 128 27 240
10 42 3 23 -16 42 0 0.00 0.0 2 2.3 12 230 M M 0 17 250
11 50 14 32 -6 33 0 0.00 0.0 2 3.7 15 220 M M 0 19 220
12 53 20 37 -1 28 0 0.00 0.0 T 1.4 12 210 M M 2 14 210
13 53 22 38 0 27 0 0.00 0.0 0 6.9 23 230 M M 0 28 230
14 54 24 39 2 26 0 0.00 0.0 0 5.7 20 230 M M 0 25 230
15 64 20 42 5 23 0 0.00 0.0 0 1.8 12 40 M M 0 16 40
16 63 22 43 7 22 0 0.00 0.0 0 3.7 15 70 M M 0 19 70
17 66 25 46 10 19 0 0.00 0.0 0 4.2 16 230 M M 0 21 200
18 64 33 49 13 16 0 0.00 0.0 0 12.1 31 230 M M 1 40 230
19 62 29 46 11 19 0 0.00 0.0 0 10.2 25 220 M M 0 31 210
20 61 27 44 9 21 0 0.00 0.0 0 5.8 25 220 M M 0 30 230
21 64 30 47 12 18 0 0.00 0.0 0 3.1 17 220 M M 1 20 200
22 59 27 43 9 22 0 0.00 0.0 0 5.4 20 220 M M 1 29 240
23 53 37 45 11 20 0 0.00 0.0 0 13.9 30 220 M M 2 35 220
24 49 20 35 1 30 0 0.00 0.0 0 3.6 10 170 M M 0 16 210
25 49 14 32 -1 33 0 0.00 0.0 0 3.6 18 220 M M 0 22 220
26 46 19 33 0 32 0 0.00 0.0 0 7.1 15 230 M M 2 25 230
27 40 25 33 0 32 0 T T 0 13.4 28 50 M M 2 38 60
28 50 14 32 0 33 0 0.00 0.0 0 2.9 12 40 M M 0 15 120
29 48 10 29 -3 36 0 T 0.0 0 4.3 17 80 M M 0 24 70
30 51 12 32 0 33 0 0.00 0.0 0 1.9 10 40 M M 0 13 70
================================================================================
SM 1660 715 754 0 0.72 4.1 192.0 M 42
================================================================================
AV 55.3 23.8 6.4 FASTST M M 1 MAX(MPH)
MISC ----> 45 230 60 240
================================================================================
NOTES:
# LAST OF SEVERAL OCCURRENCES
COLUMN 17 PEAK WIND IN M.P.H.
PRELIMINARY LOCAL CLIMATOLOGICAL DATA (WS FORM: F-6) , PAGE 2
STATION: FLAGSTAFF AZ AIRPORT
MONTH: NOVEMBER
YEAR: 2020
LATITUDE: 35 7 N
LONGITUDE: 111 40 W
[TEMPERATURE DATA] [PRECIPITATION DATA] SYMBOLS USED IN COLUMN 16
AVERAGE MONTHLY: 39.6 TOTAL FOR MONTH: 0.72 1 = FOG OR MIST
DPTR FM NORMAL: 2.9 DPTR FM NORMAL: -1.04 2 = FOG REDUCING VISIBILITY
HIGHEST: 70 ON 1 GRTST 24HR 0.47 ON 8- 9 TO 1/4 MILE OR LESS
LOWEST: 3 ON 10 3 = THUNDER
SNOW, ICE PELLETS, HAIL 4 = ICE PELLETS
TOTAL MONTH: 4.1 INCHES 5 = HAIL
GRTST 24HR 2.2 ON 8- 8 6 = FREEZING RAIN OR DRIZZLE
GRTST DEPTH: 3 ON 9 7 = DUSTSTORM OR SANDSTORM:
VSBY 1/2 MILE OR LESS
8 = SMOKE OR HAZE
[NO. OF DAYS WITH] [WEATHER - DAYS WITH] 9 = BLOWING SNOW
X = TORNADO
MAX 32 OR BELOW: 2 0.01 INCH OR MORE: 3
MAX 90 OR ABOVE: 0 0.10 INCH OR MORE: 3
MIN 32 OR BELOW: 25 0.50 INCH OR MORE: 0
MIN 0 OR BELOW: 0 1.00 INCH OR MORE: 0
[HDD (BASE 65) ]
TOTAL THIS MO. 754 CLEAR (SCALE 0-3) 26
DPTR FM NORMAL -95 PTCLDY (SCALE 4-7) 2
TOTAL FM JUL 1 1357 CLOUDY (SCALE 8-10) 2
DPTR FM NORMAL -375
[CDD (BASE 65) ]
TOTAL THIS MO. 0
DPTR FM NORMAL 0 [PRESSURE DATA]
TOTAL FM JAN 1 275 HIGHEST SLP 30.46 ON 30
DPTR FM NORMAL 158 LOWEST SLP 29.43 ON 7
[REMARKS]
#FINAL-11-20#