000
CXUS55 KFGZ 011806
CLMFLG
CLIMATE REPORT
NATIONAL WEATHER SERVICE FLAGSTAFF AZ
1106 AM MST SAT APR 01 2023
...................................
...THE FLAGSTAFF AZ AIRPORT CLIMATE SUMMARY FOR THE MONTH OF MARCH 2023...
CLIMATE NORMAL PERIOD 1991 TO 2020
CLIMATE RECORD PERIOD 1898 TO 2023
WEATHER OBSERVED NORMAL DEPART LAST YEAR`S
VALUE DATE(S) VALUE FROM VALUE DATE(S)
NORMAL
................................................................
TEMPERATURE (F)
RECORD
HIGH 73 03/17/2007
03/26/1988
03/31/1966
LOW -16 03/04/1966
HIGHEST 52 03/13 69 03/25
LOWEST 5 03/04 11 03/06
03/07
03/08
AVG. MAXIMUM 43.4 52.2 -8.8 51.0
AVG. MINIMUM 21.8 23.8 -2.0 22.1
MEAN 32.6 38.0 -5.4 36.5
DAYS MAX >= 90 0 0.0 0.0 0
DAYS MAX <= 32 1 0.6 0.4 0
DAYS MIN <= 32 28 29.3 -1.3 31
DAYS MIN <= 0 0 0.1 -0.1 0
PRECIPITATION (INCHES)
RECORD
MAXIMUM 6.75 1970
MINIMUM T 1972
TOTALS 7.27R 1.88 5.39 1.75
DAILY AVG. 0.23 0.06 0.17 0.06
DAYS >= .01 14 6.8 7.2 8
DAYS >= .10 10 4.3 5.7 5
DAYS >= .50 4 1.1 2.9 0
DAYS >= 1.00 3 0.4 2.6 0
GREATEST
24 HR. TOTAL 2.56 03/21 TO 03/22 0.59
SNOWFALL (INCHES)
RECORDS
TOTAL 79.4 1991
TOTALS 43.7 15.6 14.0
SINCE 7/1 162.6 84.0 78.6 56.2
SNOWDEPTH AVG. MM MM
GREATEST
SNOW DEPTH 42R 03/02 6 03/06
24 HR TOTAL 24.0R 03/01 TO 03/02 3.6
DEGREE DAYS
HEATING TOTAL 995 837 158 874
SINCE 7/1 5811 5535 276 MM
COOLING TOTAL 0 0 0 0
SINCE 1/1 0 0 0 MM
................................................................
WIND (MPH)
AVERAGE WIND SPEED 9.8
HIGHEST WIND SPEED/DIRECTION 40/210 DATE 03/22
HIGHEST GUST SPEED/DIRECTION 61/200 DATE 03/22
SKY COVER
POSSIBLE SUNSHINE (PERCENT) MM
AVERAGE SKY COVER 0.39
NUMBER OF DAYS FAIR 14
NUMBER OF DAYS PC 12
NUMBER OF DAYS CLOUDY 5
AVERAGE RH (PERCENT) 65
WEATHER CONDITIONS. NUMBER OF DAYS WITH
THUNDERSTORM 0 MIXED PRECIP 0
HEAVY RAIN 1 RAIN 4
LIGHT RAIN 6 FREEZING RAIN 0
LT FREEZING RAIN 0 HAIL 0
HEAVY SNOW 4 SNOW 6
LIGHT SNOW 12 SLEET 0
FOG 19 FOG W/VIS <= 1/4 MILE 9
HAZE 1
- INDICATES NEGATIVE NUMBERS.
R INDICATES RECORD WAS SET OR TIED.
MM INDICATES DATA IS MISSING.
T INDICATES TRACE AMOUNT.
$$