000
CXUS52 KMFL 011130
CF6FLL
PRELIMINARY LOCAL CLIMATOLOGICAL DATA (WS FORM: F-6)
STATION: FORT LAUDERDALE
MONTH: JANUARY
YEAR: 2023
LATITUDE: 26 4 N
LONGITUDE: 80 9 W
TEMPERATURE IN F: :PCPN: SNOW: WIND :SUNSHINE: SKY :PK WND
================================================================================
1 2 3 4 5 6A 6B 7 8 9 10 11 12 13 14 15 16 17 18
12Z AVG MX 2MIN
DY MAX MIN AVG DEP HDD CDD WTR SNW DPTH SPD SPD DIR MIN PSBL S-S WX SPD DR
================================================================================
1 84 69 77 8 0 12 0.00 0.0 0 5.7 12 120 M M 2 18 16 110
2 83 71 77 8 0 12 0.00 0.0 M 8.9 20 110 M M 4 23 110
3 81 75 78 9 0 13 0.00 0.0 M 12.6 18 130 M M 4 24 140
4 83 75 79 10 0 14 0.00 0.0 M 10.9 21 150 M M 4 24 160
5 84 71 78 10 0 13 0.00 0.0 0 6.5 16 140 M M 4 19 120
6 79 63 71 3 0 6 0.00 0.0 0 8.1 15 50 M M 2 20 60
7 77 59 68 0 0 3 0.00 0.0 0 8.1 15 50 M M 2 19 50
8 79 69 74 6 0 9 0.00 0.0 0 7.6 16 100 M M 4 20 80
9 81 65 73 5 0 8 0.00 0.0 0 4.9 15 300 M M 2 18 300
10 79 61 70 2 0 5 0.00 0.0 0 5.7 14 260 M M 2 17 230
11 78 55 67 -1 0 2 0.00 0.0 0 5.6 15 70 M M 1 26 80
12 80 60 70 2 0 5 0.00 0.0 0 5.3 17 140 M M 3 23 140
13 81 57 69 1 0 4 0.03 0.0 0 11.6 26 260 M M 3 8 34 260
14 60 46 53 -15 12 0 0.00 M M 12.5 21 280 M M 1 32 310
15 64 43 54 -14 11 0 0.00 0.0 0 6.0 12 330 M M 1 19 300
16 72 47 60 -8 5 0 0.00 0.0 0 3.5 10 110 M M 1 14 100
17 75 54 65 -3 0 0 0.00 0.0 0 4.6 17 150 M M 2 22 140
18 79 58 69 1 0 4 T 0.0 0 5.7 17 150 M M 4 23 140
19 83 67 75 7 0 10 0.00 0.0 0 7.1 18 130 M M 5 22 140
20 83 67 75 7 0 10 0.00 0.0 0 5.0 14 130 M M 6 18 120
21 82 67 75 7 0 10 0.00 0.0 0 5.4 14 130 M M 7 17 140
22 84 72 78 10 0 13 0.00 0.0 0 11.7 21 170 M M 5 27 160
23 86 69 78 10 0 13 0.00 0.0 0 8.7 20 300 M M 5 25 300
24 79 68 74 6 0 9 0.00 M M 13.2 20 100 M M 8 23 110
25 83 73 78 10 0 13 0.00 0.0 0 12.7 24 160 M M 5 30 150
26 81 68 75 7 0 10 0.00 0.0 0 6.7 14 320 M M 5 19 330
27 70 62 66 -2 0 1 0.00 0.0 0 9.2 16 340 M M 9 20 340
28 78 66 72 4 0 7 0.00 0.0 0 12.8 22 80 M M 9 28 90
29 82 73 78 9 0 13 0.00 0.0 0 13.9 21 100 M M 5 27 90
30 83 74 79 10 0 14 0.00 0.0 0 10.3 15 110 M M 3 19 120
31 82 74 78 9 0 13 0.00 0.0 0 9.8 16 120 M M 3 21 140
================================================================================
SM 2455 1998 28 246 0.03 0.0 260.3 M 121
================================================================================
AV 79.2 64.5 8.4 FASTST M M 4 MAX(MPH)
MISC ----> 26 260 34 260
================================================================================
NOTES:
# LAST OF SEVERAL OCCURRENCES
COLUMN 17 PEAK WIND IN M.P.H.
PRELIMINARY LOCAL CLIMATOLOGICAL DATA (WS FORM: F-6) , PAGE 2
STATION: FORT LAUDERDALE
MONTH: JANUARY
YEAR: 2023
LATITUDE: 26 4 N
LONGITUDE: 80 9 W
[TEMPERATURE DATA] [PRECIPITATION DATA] SYMBOLS USED IN COLUMN 16
AVERAGE MONTHLY: 71.8 TOTAL FOR MONTH: 0.03 1 = FOG OR MIST
DPTR FM NORMAL: 3.5 DPTR FM NORMAL: -2.87 2 = FOG REDUCING VISIBILITY
HIGHEST: 86 ON 23 GRTST 24HR 0.10 ON 24-24 TO 1/4 MILE OR LESS
LOWEST: 43 ON 15 3 = THUNDER
SNOW, ICE PELLETS, HAIL 4 = ICE PELLETS
TOTAL MONTH: 0.0 INCH 5 = HAIL
GRTST 24HR 0.0 6 = FREEZING RAIN OR DRIZZLE
GRTST DEPTH: 0 7 = DUSTSTORM OR SANDSTORM:
VSBY 1/2 MILE OR LESS
8 = SMOKE OR HAZE
[NO. OF DAYS WITH] [WEATHER - DAYS WITH] 9 = BLOWING SNOW
X = TORNADO
MAX 32 OR BELOW: 0 0.01 INCH OR MORE: 1
MAX 90 OR ABOVE: 0 0.10 INCH OR MORE: 0
MIN 32 OR BELOW: 0 0.50 INCH OR MORE: 0
MIN 0 OR BELOW: 0 1.00 INCH OR MORE: 0
[HDD (BASE 65) ]
TOTAL THIS MO. 28 CLEAR (SCALE 0-3) 12
DPTR FM NORMAL -24 PTCLDY (SCALE 4-7) 16
TOTAL FM JUL 1 72 CLOUDY (SCALE 8-10) 3
DPTR FM NORMAL -18
[CDD (BASE 65) ]
TOTAL THIS MO. 246
DPTR FM NORMAL 93 [PRESSURE DATA]
TOTAL FM JAN 1 246 HIGHEST SLP 30.29 ON 28
DPTR FM NORMAL 93 LOWEST SLP 29.84 ON 13
[REMARKS]
#FINAL-01-23#