000
CXUS52 KMFL 011130
CF6FLL
PRELIMINARY LOCAL CLIMATOLOGICAL DATA (WS FORM: F-6)
STATION: FORT LAUDERDALE
MONTH: NOVEMBER
YEAR: 2022
LATITUDE: 26 4 N
LONGITUDE: 80 9 W
TEMPERATURE IN F: :PCPN: SNOW: WIND :SUNSHINE: SKY :PK WND
================================================================================
1 2 3 4 5 6A 6B 7 8 9 10 11 12 13 14 15 16 17 18
12Z AVG MX 2MIN
DY MAX MIN AVG DEP HDD CDD WTR SNW DPTH SPD SPD DIR MIN PSBL S-S WX SPD DR
================================================================================
1 87 80 84 7 0 19 0.00 0.0 0 9.8 14 100 M M 4 19 120
2 87 80 84 7 0 19 0.00 0.0 M 10.2 16 110 M M 6 20 100
3 86 74 80 4 0 15 0.14 0.0 0 7.1 15 70 M M 6 18 21 70
4 85 71 78 2 0 13 0.00 0.0 0 9.6 20 50 M M 3 26 50
5 85 75 80 4 0 15 0.01 0.0 0 9.1 21 90 M M 4 27 90
6 86 75 81 5 0 16 0.28 0.0 0 12.5 26 110 M M 5 18 34 110
7 85 71 78 2 0 13 1.03 0.0 0 12.7 22 60 M M 5 1 29 40
8 85 70 78 2 0 13 1.74 0.0 0 10.3 28 20 M M 6 18 40 10
9 76 70 73 -2 0 8 2.24 0.0 0 13.1 31 260 M M 10 1 38 260
10 85 69 77 2 0 12 0.01 0.0 0 14.4 28 250 M M 7 36 260
11 84 71 78 3 0 13 0.00 0.0 0 6.4 16 170 M M 5 1 23 170
12 83 71 77 2 0 12 0.31 0.0 0 4.2 15 130 M M 4 13 17 130
13 84 70 77 2 0 12 0.01 0.0 0 3.6 12 70 M M 3 14 70
14 82 70 76 2 0 11 0.02 0.0 0 7.7 14 90 M M 4 19 70
15 83 75 79 5 0 14 0.00 0.0 0 7.5 15 140 M M 5 20 140
16 83 70 77 3 0 12 0.00 0.0 0 4.4 13 140 M M 3 16 140
17 79 68 74 0 0 9 0.00 0.0 0 8.7 15 20 M M 8 20 50
18 79 64 72 -2 0 7 0.00 0.0 0 10.4 17 60 M M 8 23 70
19 81 68 75 1 0 10 0.00 0.0 0 10.4 18 40 M M 7 29 60
20 84 68 76 2 0 11 1.67 0.0 0 13.9 25 40 M M 10 18 32 50
21 76 68 72 -2 0 7 0.71 0.0 0 14.0 24 60 M M 9 1 32 60
22 82 72 77 3 0 12 0.06 0.0 0 5.0 14 100 M M 8 13 16 100
23 84 71 78 4 0 13 0.00 0.0 0 4.4 12 130 M M 5 12 13 130
24 85 72 79 5 0 14 0.00 0.0 0 8.1 14 110 M M 6 18 110
25 85 77 81 8 0 16 0.20 0.0 0 7.7 14 140 M M 5 1 20 130
26 85 73 79 6 0 14 0.00 0.0 0 7.0 14 130 M M 3 18 130
27 88 76 82 9 0 17 0.00 0.0 0 6.4 15 240 M M 5 21 220
28 87 74 81 8 0 16 0.00 0.0 0 5.5 14 50 M M 5 1 20 90
29 83 71 77 4 0 12 0.00 0.0 0 9.6 18 90 M M 3 23 80
30 84 74 79 6 0 14 0.12 0.0 0 9.0 20 100 M M 6 38 23 100
================================================================================
SM 2508 2158 0 389 8.55 0.0 262.7 M 168
================================================================================
AV 83.6 71.9 8.8 FASTST M M 6 MAX(MPH)
MISC ----> 31 260 40 10
================================================================================
NOTES:
# LAST OF SEVERAL OCCURRENCES
COLUMN 17 PEAK WIND IN M.P.H.
PRELIMINARY LOCAL CLIMATOLOGICAL DATA (WS FORM: F-6) , PAGE 2
STATION: FORT LAUDERDALE
MONTH: NOVEMBER
YEAR: 2022
LATITUDE: 26 4 N
LONGITUDE: 80 9 W
[TEMPERATURE DATA] [PRECIPITATION DATA] SYMBOLS USED IN COLUMN 16
AVERAGE MONTHLY: 77.8 TOTAL FOR MONTH: 8.55 1 = FOG OR MIST
DPTR FM NORMAL: 3.2 DPTR FM NORMAL: 4.86 2 = FOG REDUCING VISIBILITY
HIGHEST: 88 ON 27 GRTST 24HR 3.71 ON 8- 9 TO 1/4 MILE OR LESS
LOWEST: 64 ON 18 3 = THUNDER
SNOW, ICE PELLETS, HAIL 4 = ICE PELLETS
TOTAL MONTH: 0.0 INCH 5 = HAIL
GRTST 24HR 0.0 6 = FREEZING RAIN OR DRIZZLE
GRTST DEPTH: 0 7 = DUSTSTORM OR SANDSTORM:
VSBY 1/2 MILE OR LESS
8 = SMOKE OR HAZE
[NO. OF DAYS WITH] [WEATHER - DAYS WITH] 9 = BLOWING SNOW
X = TORNADO
MAX 32 OR BELOW: 0 0.01 INCH OR MORE: 15
MAX 90 OR ABOVE: 0 0.10 INCH OR MORE: 10
MIN 32 OR BELOW: 0 0.50 INCH OR MORE: 5
MIN 0 OR BELOW: 0 1.00 INCH OR MORE: 4
[HDD (BASE 65) ]
TOTAL THIS MO. 0 CLEAR (SCALE 0-3) 3
DPTR FM NORMAL -4 PTCLDY (SCALE 4-7) 24
TOTAL FM JUL 1 0 CLOUDY (SCALE 8-10) 3
DPTR FM NORMAL 0
[CDD (BASE 65) ]
TOTAL THIS MO. 389
DPTR FM NORMAL 99 [PRESSURE DATA]
TOTAL FM JAN 1 4810 HIGHEST SLP 30.16 ON 19
DPTR FM NORMAL 459 LOWEST SLP 29.49 ON 10
[REMARKS]
#FINAL-11-22#