000
CXUS54 KLZK 011230
CF6FLP
PRELIMINARY LOCAL CLIMATOLOGICAL DATA (WS FORM: F-6)
STATION: FLIPPIN
MONTH: APRIL
YEAR: 2023
LATITUDE: 36 17 N
LONGITUDE: 92 28 W
TEMPERATURE IN F: :PCPN: SNOW: WIND :SUNSHINE: SKY :PK WND
================================================================================
1 2 3 4 5 6A 6B 7 8 9 10 11 12 13 14 15 16 17 18
12Z AVG MX 2MIN
DY MAX MIN AVG DEP HDD CDD WTR SNW DPTH SPD SPD DIR MIN PSBL S-S WX SPD DR
================================================================================
1 67 40 54 M 11 0 0.00 M M 12.5 23 310 M M 0 37 290
2 79 32 56 M 9 0 0.00 M M 5.7 12 160 M M 0 21 190
3 82 56 69 M 0 4 0.00 M M 6.8 14 170 M M 3 21 170
4 81 71 76 M 0 11 T M M 9.9 18 200 M M 1 3 32 200
5 75 45 60 M 5 0 0.30 M M 8.6 15 330 M M 3 22 200
6 57 41 49 M 16 0 0.00 M M 5.2 10 10 M M 0 M M
7 65 40 53 M 12 0 0.00 M M 5.0 9 30 M M 0 8 M M
8 71 39 55 M 10 0 0.00 M M 4.1 8 50 M M 0 M M
9 64 44 54 M 11 0 0.00 M M 2.4 7 100 M M 5 M M
10 75 43 59 M 6 0 0.00 M M 1.4 7 99 M M 4 128 M M
11 77 46 62 M 3 0 0.00 M M 2.0 9 90 M M 0 M M
12 80 43 62 M 3 0 0.00 M M 2.1 7 170 M M 0 M M
13 78 47 63 M 2 0 0.00 M M 1.9 8 50 M M 1 M M
14 82 47 65 M 0 0 0.00 M M 2.8 8 150 M M 0 18 150
15 85 48 67 M 0 2 0.24 M M 7.5 18 270 M M 5 3 30 270
16 65 44 55 M 10 0 0.00 M M 13.4 22 280 M M 1 37 280
17 76 44 60 M 5 0 0.00 M M 6.4 14 310 M M 0 20 310
18 82 48 65 M 0 0 0.00 M M 5.6 13 210 M M 0 21 200
19 83 60 72 M 0 7 0.00 M M 7.6 16 160 M M 2 8 33 180
20 73 59 66 M 0 1 0.26 M M 8.9 14 190 M M 6 3 31 190
21 68 45 57 M 8 0 0.00 M M 3.7 9 300 M M 2 1 18 320
22 61 37 49 M 16 0 0.00 M M 7.5 20 290 M M 1 1 26 290
23 61 34 48 M 17 0 0.00 M M 4.3 10 340 M M 1 16 10
24 66 30 48 M 17 0 0.00 M M 2.8 12 90 M M 0 M M
25 64 50 57 M 8 0 T M M 3.5 9 120 M M 7 8 M M
26 67 50 59 M 6 0 T M M 2.9 8 120 M M 9 8 17 90
27 58 52 55 M 10 0 0.47 M M 2.8 10 280 M M 10 18 M M
28 67 54 61 M 4 0 0.04 M M 2.2 6 99 M M 9 1 M M
29 69 54 62 M 3 0 0.06 M M 6.2 13 290 M M 6 1 20 290
30 65 42 54 M 11 0 0.00 M M 10.1 21 320 M M 1 33 270
================================================================================
SM 2143 1385 203 25 1.37 M 165.8 M 77
================================================================================
AV 71.4 46.2 5.5 FASTST M M 3 MAX(MPH)
MISC ----> 23 310 # 37 290
================================================================================
NOTES:
# LAST OF SEVERAL OCCURRENCES
COLUMN 17 PEAK WIND IN M.P.H.
PRELIMINARY LOCAL CLIMATOLOGICAL DATA (WS FORM: F-6) , PAGE 2
STATION: FLIPPIN
MONTH: APRIL
YEAR: 2023
LATITUDE: 36 17 N
LONGITUDE: 92 28 W
[TEMPERATURE DATA] [PRECIPITATION DATA] SYMBOLS USED IN COLUMN 16
AVERAGE MONTHLY: 58.8 TOTAL FOR MONTH: 1.37 1 = FOG OR MIST
DPTR FM NORMAL: 0.0 DPTR FM NORMAL: M 2 = FOG REDUCING VISIBILITY
HIGHEST: 85 ON 15 GRTST 24HR 0.47 ON 26-27 TO 1/4 MILE OR LESS
LOWEST: 30 ON 24 3 = THUNDER
SNOW, ICE PELLETS, HAIL 4 = ICE PELLETS
TOTAL MONTH: M 5 = HAIL
GRTST 24HR M ON M 6 = FREEZING RAIN OR DRIZZLE
GRTST DEPTH: M ON M 7 = DUSTSTORM OR SANDSTORM:
VSBY 1/2 MILE OR LESS
8 = SMOKE OR HAZE
[NO. OF DAYS WITH] [WEATHER - DAYS WITH] 9 = BLOWING SNOW
X = TORNADO
MAX 32 OR BELOW: 0 0.01 INCH OR MORE: 6
MAX 90 OR ABOVE: 0 0.10 INCH OR MORE: 4
MIN 32 OR BELOW: 2 0.50 INCH OR MORE: 0
MIN 0 OR BELOW: 0 1.00 INCH OR MORE: 0
[HDD (BASE 65) ]
TOTAL THIS MO. 203 CLEAR (SCALE 0-3) 20
DPTR FM NORMAL M PTCLDY (SCALE 4-7) 7
TOTAL FM JUL 1 3206 CLOUDY (SCALE 8-10) 3
DPTR FM NORMAL M
[CDD (BASE 65) ]
TOTAL THIS MO. 25
DPTR FM NORMAL M [PRESSURE DATA]
TOTAL FM JAN 1 35 HIGHEST SLP 30.46 ON 7
DPTR FM NORMAL M LOWEST SLP 29.57 ON 4
[REMARKS]
#FINAL-04-23#