000
CXUS53 KOAX 010930
CF6FNB
PRELIMINARY LOCAL CLIMATOLOGICAL DATA (WS FORM: F-6)
STATION: FALLS CITY NE
MONTH: JULY
YEAR: 2023
LATITUDE: 40 4 N
LONGITUDE: 95 35 W
TEMPERATURE IN F: :PCPN: SNOW: WIND :SUNSHINE: SKY :PK WND
================================================================================
1 2 3 4 5 6A 6B 7 8 9 10 11 12 13 14 15 16 17 18
12Z AVG MX 2MIN
DY MAX MIN AVG DEP HDD CDD WTR SNW DPTH SPD SPD DIR MIN PSBL S-S WX SPD DR
================================================================================
1 84 66 75 -1 0 10 0.74 M M 5.8 24 290 M M 7 13 35 290
2 86 65 76 -1 0 11 0.00 M M 4.7 13 350 M M 2 18 19 310
3 88 62 75 -2 0 10 0.00 M M 5.2 12 160 M M 0 1 17 150
4 92 65 79 2 0 14 0.65 M M 8.1 31 320 M M 1 13 52 310
5 79 65 72 -5 0 7 0.11 M M 8.1 15 360 M M 3 13 25 350
6 76 60 68 -9 0 3 0.00 M M 4.0 9 80 M M 3 13 70
7 77 60 69 -8 0 4 0.41 M M 6.0 25 350 M M 5 13 37 350
8 76 62 69 -8 0 4 0.00 M M 6.4 15 20 M M 5 1 20 20
9 82 58 70 -7 0 5 0.00 M M 3.1 8 200 M M 1 1 11 200
10 87 59 73 -4 0 8 T M M 7.3 16 200 M M 0 22 200
11 91 66 79 2 0 14 0.00 M M 5.5 14 200 M M 0 19 180
12 87 66 77 0 0 12 0.19 M M 8.1 29 340 M M 4 13 45 350
13 86 67 77 0 0 12 T M M 3.4 13 230 M M 1 1 17 200
14 88 66 77 0 0 12 0.01 M M 4.7 15 360 M M 1 12 25 360
15 87 64 76 -1 0 11 0.00 M M 4.3 13 280 M M 0 18 16 300
16 84 62 73 -4 0 8 0.23 M M 6.4 17 200 M M 2 13 26 200
17 82 62 72 -5 0 7 0.02 M M 5.3 16 80 M M 6 1238 22 90
18 78 63 71 -6 0 6 0.11 M M 8.2 23 80 M M 2 13 31 80
19 86 66 76 -2 0 11 T M M 5.3 12 20 M M 1 1 16 40
20 85 68 77 -1 0 12 0.00 M M 6.2 15 340 M M 1 1 21 210
21 81 65 73 -5 0 8 T M M 3.2 10 30 M M 2 8 16 330
22 89 M M M M M T M M 4.8 15 250 M M 1 128 19 260
23 90 61 76 -1 0 11 0.00 M M 3.0 8 280 M M 0 38 10 260
24 89 68 79 2 0 14 0.81 M M 7.8 25 20 M M 1 13 49 10
25 85 73 79 2 0 14 0.00 M M 7.6 16 120 M M 0 22 130
26 95 74 85 8 0 20 0.00 M M 6.1 13 330 M M 0 18 21 200
27 93 75 84 7 0 19 0.00 M M 7.2 18 200 M M 1 123 25 200
28 98 75 87 10 0 22 T M M 7.1 22 150 M M 0 38 27 150
29 84 67 76 -1 0 11 0.81 M M 5.8 40 320 M M 1 13 64 330
30 87 68 78 1 0 13 0.96 M M 6.9 36 350 M M 2 13 55 350
31 81 68 75 -2 0 10 0.19 M M 7.6 18 310 M M 4 13 25 160
================================================================================
SM 2653 1966 0 323 5.24 M 183.2 M 57
================================================================================
AV 85.6 65.5 5.9 FASTST M M 2 MAX(MPH)
MISC ----> 40 320 64 330
================================================================================
NOTES:
# LAST OF SEVERAL OCCURRENCES
COLUMN 17 PEAK WIND IN M.P.H.
PRELIMINARY LOCAL CLIMATOLOGICAL DATA (WS FORM: F-6) , PAGE 2
STATION: FALLS CITY NE
MONTH: JULY
YEAR: 2023
LATITUDE: 40 4 N
LONGITUDE: 95 35 W
[TEMPERATURE DATA] [PRECIPITATION DATA] SYMBOLS USED IN COLUMN 16
AVERAGE MONTHLY: 75.6 TOTAL FOR MONTH: 5.24 1 = FOG OR MIST
DPTR FM NORMAL: -1.6 DPTR FM NORMAL: 0.05 2 = FOG REDUCING VISIBILITY
HIGHEST: 98 ON 28 GRTST 24HR 1.16 ON 30- 1 TO 1/4 MILE OR LESS
LOWEST: 58 ON 9 3 = THUNDER
SNOW, ICE PELLETS, HAIL 4 = ICE PELLETS
TOTAL MONTH: M 5 = HAIL
GRTST 24HR M ON M 6 = FREEZING RAIN OR DRIZZLE
GRTST DEPTH: M ON M 7 = DUSTSTORM OR SANDSTORM:
VSBY 1/2 MILE OR LESS
8 = SMOKE OR HAZE
[NO. OF DAYS WITH] [WEATHER - DAYS WITH] 9 = BLOWING SNOW
X = TORNADO
MAX 32 OR BELOW: 0 0.01 INCH OR MORE: 13
MAX 90 OR ABOVE: 6 0.10 INCH OR MORE: 11
MIN 32 OR BELOW: 0 0.50 INCH OR MORE: 5
MIN 0 OR BELOW: 0 1.00 INCH OR MORE: 0
[HDD (BASE 65) ]
TOTAL THIS MO. 0 CLEAR (SCALE 0-3) 23
DPTR FM NORMAL -1 PTCLDY (SCALE 4-7) 8
TOTAL FM JUL 1 0 CLOUDY (SCALE 8-10) 0
DPTR FM NORMAL 0
[CDD (BASE 65) ]
TOTAL THIS MO. 323
DPTR FM NORMAL -56 [PRESSURE DATA]
TOTAL FM JAN 1 750 HIGHEST SLP 30.17 ON 30
DPTR FM NORMAL -10 LOWEST SLP 29.71 ON 26
[REMARKS]
#FINAL-07-23#