000
CXUS52 KMLB 092056 CCA
CF6FPR
PRELIMINARY LOCAL CLIMATOLOGICAL DATA (WS FORM: F-6)
STATION: FORT PIERCE
MONTH: JANUARY
YEAR: 2023
LATITUDE: 27 30 N
LONGITUDE: 80 22 W
TEMPERATURE IN F: :PCPN: SNOW: WIND :SUNSHINE: SKY :PK WND
================================================================================
1 2 3 4 5 6A 6B 7 8 9 10 11 12 13 14 15 16 17 18
12Z AVG MX 2MIN
DY MAX MIN AVG DEP HDD CDD WTR SNW DPTH SPD SPD DIR MIN PSBL S-S WX SPD DR
================================================================================
1 83 61 72 9 0 7 0.00 0.0 0 2.3 12 40 M M 5 12 24 30
2 81 59 70 7 0 5 0.00 0.0 0 4.2 12 70 M M 4 12 17 80
3 81 67 74 11 0 9 0.00 0.0 0 9.6 18 130 M M 2 22 130
4 85 65 75 12 0 10 T 0.0 0 6.9 16 130 M M 2 1 20 180
5 84 66 75 12 0 10 T 0.0 0 7.3 15 220 M M 3 12 20 200
6 72 47 60 -2 5 0 0.00 0.0 0 5.6 15 340 M M 2 22 350
7 74 45 60 -2 5 0 0.00 0.0 0 4.6 10 10 M M 0 16 30
8 78 51 65 3 0 0 0.00 0.0 0 4.5 15 140 M M 4 21 140
9 78 53 66 4 0 1 0.00 0.0 0 3.2 13 320 M M 0 1 16 300
10 77 48 63 1 2 0 0.00 0.0 0 3.3 10 290 M M 2 12 13 190
11 73 45 59 -3 6 0 0.00 0.0 0 3.6 10 70 M M 0 1 13 70
12 78 48 63 1 2 0 0.00 0.0 0 5.4 18 130 M M 3 12 22 130
13 73 54 64 2 1 0 0.09 0.0 0 11.3 25 270 M M 4 1 32 270
14 57 39 48 -14 17 0 0.00 0.0 0 12.3 25 290 M M 1 35 300
15 62 34 48 -14 17 0 0.00 0.0 0 5.4 15 310 M M 0 18 320
16 70 34 52 -10 13 0 0.00 0.0 0 2.6 10 170 M M 0 18 14 80
17 77 40 59 -3 6 0 0.00 0.0 0 3.5 15 210 M M 0 22 210
18 77 46 62 0 3 0 0.00 0.0 0 4.7 17 120 M M 0 12 21 110
19 85 54 70 8 0 5 0.00 0.0 0 5.4 14 190 M M 0 1 18 190
20 84 62 73 11 0 8 T 0.0 0 4.0 13 280 M M 5 1 18 290
21 80 64 72 10 0 7 0.00 0.0 0 3.5 9 80 M M 7 12 14 70
22 85 60 73 11 0 8 0.00 0.0 0 7.7 20 210 M M 3 1 30 160
23 71 62 67 5 0 2 0.14 0.0 0 5.8 16 290 M M 4 1 22 290
24 75 51 63 1 2 0 0.00 0.0 0 10.1 20 100 M M 4 23 90
25 86 65 76 14 0 11 0.01 0.0 0 8.5 17 180 M M 4 1 25 200
26 72 62 67 5 0 2 0.03 0.0 0 5.9 15 280 M M 6 1 19 280
27 67 53 60 -2 5 0 T 0.0 0 7.7 15 350 M M 9 24 20
28 74 59 67 5 0 2 T 0.0 0 8.7 16 90 M M 10 22 80
29 79 63 71 8 0 6 0.00 0.0 0 11.5 20 110 M M 1 1 24 120
30 84 62 73 10 0 8 0.00 0.0 0 4.7 16 120 M M 3 1 19 120
31 84 60 72 9 0 7 T 0.0 0 4.9 14 130 M M 5 12 17 120
================================================================================
SM 2386 1679 84 108 0.27 0.0 188.7 M 93
================================================================================
AV 77.0 54.2 6.1 FASTST M M 3 MAX(MPH)
MISC ----> # 25 270 35 300
================================================================================
NOTES:
# LAST OF SEVERAL OCCURRENCES
COLUMN 17 PEAK WIND IN M.P.H.
PRELIMINARY LOCAL CLIMATOLOGICAL DATA (WS FORM: F-6) , PAGE 2
STATION: FORT PIERCE
MONTH: JANUARY
YEAR: 2023
LATITUDE: 27 30 N
LONGITUDE: 80 22 W
[TEMPERATURE DATA] [PRECIPITATION DATA] SYMBOLS USED IN COLUMN 16
AVERAGE MONTHLY: 65.6 TOTAL FOR MONTH: 0.27 1 = FOG OR MIST
DPTR FM NORMAL: 3.3 DPTR FM NORMAL: -2.55 2 = FOG REDUCING VISIBILITY
HIGHEST: 86 ON 25 GRTST 24HR 0.14 ON 23-23 TO 1/4 MILE OR LESS
LOWEST: 34 ON 16,15 3 = THUNDER
SNOW, ICE PELLETS, HAIL 4 = ICE PELLETS
TOTAL MONTH: 0.0 INCH 5 = HAIL
GRTST 24HR 0.0 6 = FREEZING RAIN OR DRIZZLE
GRTST DEPTH: 0 7 = DUSTSTORM OR SANDSTORM:
VSBY 1/2 MILE OR LESS
8 = SMOKE OR HAZE
[NO. OF DAYS WITH] [WEATHER - DAYS WITH] 9 = BLOWING SNOW
X = TORNADO
MAX 32 OR BELOW: 0 0.01 INCH OR MORE: 4
MAX 90 OR ABOVE: 0 0.10 INCH OR MORE: 1
MIN 32 OR BELOW: 0 0.50 INCH OR MORE: 0
MIN 0 OR BELOW: 0 1.00 INCH OR MORE: 0
[HDD (BASE 65) ]
TOTAL THIS MO. 84 CLEAR (SCALE 0-3) 16
DPTR FM NORMAL -61 PTCLDY (SCALE 4-7) 13
TOTAL FM JUL 1 152 CLOUDY (SCALE 8-10) 2
DPTR FM NORMAL -119
[CDD (BASE 65) ]
TOTAL THIS MO. 108
DPTR FM NORMAL 46 [PRESSURE DATA]
TOTAL FM JAN 1 108 HIGHEST SLP M ON M
DPTR FM NORMAL 46 LOWEST SLP 29.80 ON 13
[REMARKS]
#FINAL-01-23#