000
CXUS53 KFSD 011714
CF6FSD
PRELIMINARY LOCAL CLIMATOLOGICAL DATA (WS FORM: F-6)
STATION: SIOUX FALLS
MONTH: NOVEMBER
YEAR: 2022
LATITUDE: 43 34 N
LONGITUDE: 96 44 W
TEMPERATURE IN F: :PCPN: SNOW: WIND :SUNSHINE: SKY :PK WND
================================================================================
1 2 3 4 5 6A 6B 7 8 9 10 11 12 13 14 15 16 17 18
12Z AVG MX 2MIN
DY MAX MIN AVG DEP HDD CDD WTR SNW DPTH SPD SPD DIR MIN PSBL S-S WX SPD DR
================================================================================
1 78 32 55 13 10 0 0.00 0.0 0 8.4 20 180 M M 2 28 190
2 77 58 68 27 0 3 0.00 0.0 0 20.5 36 190 M M 5 50 180
3 65 37 51 10 14 0 0.25 T 0 13.8 21 340 M M 8 134 31 180
4 47 27 37 -3 28 0 T 0.0 0 7.2 18 330 M M 5 24 330
5 50 20 35 -5 30 0 0.00 0.0 0 5.3 17 180 M M 4 25 190
6 54 31 43 4 22 0 0.00 0.0 0 15.2 35 290 M M 4 51 300
7 41 19 30 -9 35 0 0.00 0.0 0 9.3 20 110 M M 6 28 110
8 61 37 49 11 16 0 T 0.0 0 13.7 24 140 M M 10 34 150
9 63 39 51 13 14 0 0.02 0.0 0 7.4 23 180 M M 10 18 29 180
10 47 19 33 -4 32 0 0.31 T 0 17.3 31 290 M M 10 1 46 280
11 25 19 22 -15 43 0 T T T 17.8 28 320 M M 10 39 320
12 25 19 22 -14 43 0 T T T 8.5 17 310 M M 10 21 290
13 31 19 25 -11 40 0 0.00 0.0 0 9.4 21 120 M M 9 26 120
14 32 22 27 -8 38 0 0.00 0.0 0 8.7 15 320 M M 9 21 290
15 28 21 25 -10 40 0 0.01 0.1 0 12.2 21 310 M M 10 27 300
16 29 18 24 -10 41 0 T T T 13.8 24 310 M M 8 36 320
17 30 14 22 -12 43 0 0.01 0.3 T 20.0 32 310 M M 8 1 44 310
18 27 11 19 -15 46 0 T T T 15.6 28 310 M M 7 40 300
19 26 14 20 -13 45 0 T T T 15.7 32 320 M M 6 45 320
20 43 17 30 -3 35 0 0.00 0.0 0 6.9 18 270 M M 2 25 290
21 41 22 32 0 33 0 0.00 0.0 0 4.5 13 340 M M 4 16 350
22 53 18 36 4 29 0 0.00 0.0 0 3.4 12 290 M M 1 15 280
23 56 18 37 6 28 0 0.00 0.0 0 6.5 15 160 M M 3 19 180
24 48 24 36 5 29 0 0.00 0.0 0 9.0 20 330 M M 2 26 340
25 57 21 39 9 26 0 0.00 0.0 0 5.7 14 200 M M 2 21 200
26 58 34 46 16 19 0 0.00 0.0 0 12.1 21 350 M M 3 30 330
27 45 25 35 6 30 0 0.00 0.0 0 8.4 18 350 M M 3 26 340
28 47 30 39 10 26 0 T T 0 13.2 22 180 M M 7 29 170
29 32 18 25 -3 40 0 0.21 2.1 1 15.4 25 300 M M 8 1 36 310
30 23 9 16 -12 49 0 0.00 0.0 2 13.5 26 300 M M 3 38 300
================================================================================
SM 1339 712 924 3 0.81 2.5 338.4 M 179
================================================================================
AV 44.6 23.7 11.3 FASTST M M 6 MAX(MPH)
MISC ----> 36 190 51 300
================================================================================
NOTES:
# LAST OF SEVERAL OCCURRENCES
-COLUMN 17 PEAK WIND IN M.P.H.
-PRECIPITATION AMOUNTS IN COLUMNS 7,8 AND 9 ARE THE OFFICIAL
PRECIPITATION AMOUNTS FOR SIOUX FALLS, SD.
-SNOW DEPTH IN COLUMN 9 IS RECORDED AT 6 AM CST (12Z).
PRELIMINARY LOCAL CLIMATOLOGICAL DATA (WS FORM: F-6) , PAGE 2
STATION: SIOUX FALLS
MONTH: NOVEMBER
YEAR: 2022
LATITUDE: 43 34 N
LONGITUDE: 96 44 W
[TEMPERATURE DATA] [PRECIPITATION DATA] SYMBOLS USED IN COLUMN 16
AVERAGE MONTHLY: 34.2 TOTAL FOR MONTH: 0.81 1 = FOG OR MIST
DPTR FM NORMAL: -0.6 DPTR FM NORMAL: -0.41 2 = FOG REDUCING VISIBILITY
HIGHEST: 78 ON 1 GRTST 24HR 0.31 ON 10 TO 1/4 MILE OR LESS
LOWEST: 9 ON 30 3 = THUNDER
SNOW, ICE PELLETS, HAIL 4 = ICE PELLETS
TOTAL MONTH: 2.5 INCHES 5 = HAIL
GRTST 24HR 2.1 ON 29-29 6 = FREEZING RAIN OR DRIZZLE
GRTST DEPTH: 2 ON 30 7 = DUSTSTORM OR SANDSTORM:
VSBY 1/2 MILE OR LESS
8 = SMOKE OR HAZE
[NO. OF DAYS WITH] [WEATHER - DAYS WITH] 9 = BLOWING SNOW
X = TORNADO
MAX 32 OR BELOW: 11 0.01 INCH OR MORE: 6
MAX 90 OR ABOVE: 0 0.10 INCH OR MORE: 3
MIN 32 OR BELOW: 25 0.50 INCH OR MORE: 0
MIN 0 OR BELOW: 0 1.00 INCH OR MORE: 0
[HDD (BASE 65) ]
TOTAL THIS MO. 924 CLEAR (SCALE 0-3) 8
DPTR FM NORMAL 16 PTCLDY (SCALE 4-7) 13
TOTAL FM JUL 1 1410 CLOUDY (SCALE 8-10) 9
DPTR FM NORMAL -125
[CDD (BASE 65) ]
TOTAL THIS MO. 3
DPTR FM NORMAL 3 [PRESSURE DATA]
TOTAL FM JAN 1 1113 HIGHEST SLP 30.62 ON 7
DPTR FM NORMAL 266 LOWEST SLP 29.38 ON 5
[REMARKS]
RECORD HIGH DAILY MAXIMUM TEMPERATURE WAS ESTABLISHED ON THE 1ST WITH
78 DEGREES. THE PREVIOUS RECORD WAS 73 DEGREES IN 1938.
RECORD HIGH DAILY MINIMUM TEMPERATURE WAS ESTABLISHED ON THE 2ND WITH
58 DEGREES. THE PREVIOUS RECORD WAS 54 DEGREES IN 1987.
RECORD HIGH DAILY MAXIMUM TEMPERATURE WAS TIED ON THE 2ND WITH 77 DEGREES.
THE TEMPERATURE OF 77 DEGREES WAS PREVIOUSLY REACHED IN 2005.
#FINAL-11-22#