000
CXUS54 KMAF 011443
CF6FST
PRELIMINARY LOCAL CLIMATOLOGICAL DATA (WS FORM: F-6)
STATION: FORT STOCKTON
MONTH: SEPTEMBER
YEAR: 2023
LATITUDE: 30 55 N
LONGITUDE: 102 55 W
TEMPERATURE IN F: :PCPN: SNOW: WIND :SUNSHINE: SKY :PK WND
================================================================================
1 2 3 4 5 6A 6B 7 8 9 10 11 12 13 14 15 16 17 18
12Z AVG MX 2MIN
DY MAX MIN AVG DEP HDD CDD WTR SNW DPTH SPD SPD DIR MIN PSBL S-S WX SPD DR
================================================================================
1 96 71 84 5 0 19 0.00 M M 11.6 20 110 M M 0 28 130
2 96 72 84 5 0 19 0.00 M M 10.9 20 180 M M 0 29 200
3 99 72 86 7 0 21 0.00 M M 12.2 20 160 M M 0 29 170
4 104 72 88 10 0 23 0.00 M M 10.3 23 160 M M 0 32 160
5 105 75 90 12 0 25 0.00 M M 10.0 24 160 M M 0 35 160
6 101 76 89 11 0 24 0.00 M M 12.5 18 130 M M 0 29 160
7 101 76 89 11 0 24 0.00 M M 9.4 18 110 M M 0 26 120
8 102 74 88 11 0 23 0.00 M M 10.0 16 140 M M 0 23 150
9 102 71 87 10 0 22 0.00 M M 10.4 18 180 M M 0 25 180
10 100 74 87 10 0 22 0.00 M M 10.0 25 150 M M 0 35 150
11 97 69 83 6 0 18 0.00 M M 12.5 32 10 M M 0 38 46 350
12 72 66 69 -7 0 4 T M M 7.7 17 70 M M 9 138 25 80
13 85 65 75 -1 0 10 0.00 M M 8.7 17 150 M M 4 1 23 130
14 94 66 80 4 0 15 0.08 M M 8.3 21 330 M M 0 3 32 330
15 88 66 77 1 0 12 0.00 M M 8.1 23 150 M M 0 3 31 150
16 83 65 74 -2 0 9 T M M 7.9 22 50 M M 3 3 31 50
17 88 66 77 2 0 12 0.00 M M 6.5 12 90 M M 3 18 70
18 94 67 81 6 0 16 0.00 M M 8.5 17 170 M M 1 22 170
19 98 72 85 10 0 20 T M M 11.9 20 150 M M 1 3 26 330
20 100 70 85 10 0 20 0.00 M M 8.3 16 110 M M 0 23 130
21 96 71 84 10 0 19 T M M 10.9 24 260 M M 1 3 35 260
22 100 73 87 13 0 22 T M M 9.4 24 220 M M 1 3 36 240
23 102 75 89 15 0 24 T M M 10.4 22 180 M M 0 3 27 170
24 100 74 87 13 0 22 0.00 M M 10.4 18 310 M M 0 26 320
25 92 67 80 6 0 15 0.00 M M 6.4 24 100 M M 3 3 32 100
26 93 67 80 7 0 15 0.00 M M 7.6 15 190 M M 1 20 80
27 95 70 83 10 0 18 0.00 M M 7.9 24 140 M M 0 35 140
28 98 70 84 11 0 19 0.00 M M 12.3 23 160 M M 0 33 160
29 99 68 84 11 0 19 T M M 14.3 23 150 M M 0 3 33 140
30 90 69 80 8 0 15 0.00 M M 15.2 22 160 M M 0 37 160
================================================================================
SM 2870 2109 0 546 0.08 M 300.5 M 27
================================================================================
AV 95.7 70.3 10.0 FASTST M M 1 MAX(MPH)
MISC ----> 32 10 46 350
================================================================================
NOTES:
# LAST OF SEVERAL OCCURRENCES
COLUMN 17 PEAK WIND IN M.P.H.
PRELIMINARY LOCAL CLIMATOLOGICAL DATA (WS FORM: F-6) , PAGE 2
STATION: FORT STOCKTON
MONTH: SEPTEMBER
YEAR: 2023
LATITUDE: 30 55 N
LONGITUDE: 102 55 W
[TEMPERATURE DATA] [PRECIPITATION DATA] SYMBOLS USED IN COLUMN 16
AVERAGE MONTHLY: 83.0 TOTAL FOR MONTH: 0.08 1 = FOG OR MIST
DPTR FM NORMAL: 7.3 DPTR FM NORMAL: -1.64 2 = FOG REDUCING VISIBILITY
HIGHEST: 105 ON 5 GRTST 24HR 0.08 ON 14-14 TO 1/4 MILE OR LESS
LOWEST: 65 ON 16,13 3 = THUNDER
SNOW, ICE PELLETS, HAIL 4 = ICE PELLETS
TOTAL MONTH: M 5 = HAIL
GRTST 24HR M ON M 6 = FREEZING RAIN OR DRIZZLE
GRTST DEPTH: M ON M 7 = DUSTSTORM OR SANDSTORM:
VSBY 1/2 MILE OR LESS
8 = SMOKE OR HAZE
[NO. OF DAYS WITH] [WEATHER - DAYS WITH] 9 = BLOWING SNOW
X = TORNADO
MAX 32 OR BELOW: 0 0.01 INCH OR MORE: 1
MAX 90 OR ABOVE: 25 0.10 INCH OR MORE: 0
MIN 32 OR BELOW: 0 0.50 INCH OR MORE: 0
MIN 0 OR BELOW: 0 1.00 INCH OR MORE: 0
[HDD (BASE 65) ]
TOTAL THIS MO. 0 CLEAR (SCALE 0-3) 26
DPTR FM NORMAL -5 PTCLDY (SCALE 4-7) 3
TOTAL FM JUL 1 0 CLOUDY (SCALE 8-10) 1
DPTR FM NORMAL 0
[CDD (BASE 65) ]
TOTAL THIS MO. 546
DPTR FM NORMAL 218 [PRESSURE DATA]
TOTAL FM JAN 1 3123 HIGHEST SLP 30.13 ON 16
DPTR FM NORMAL 685 LOWEST SLP 29.60 ON 4
[REMARKS]
#FINAL-09-23#