000
CXUS56 KSGX 011912
CLMFUL
CLIMATE REPORT
NATIONAL WEATHER SERVICE SAN DIEGO, CA
1112 AM PST FRI DEC 01 2023
...................................
...THE FULLERTON AIRPORT CA CLIMATE SUMMARY FOR THE MONTH OF NOVEMBER 2023...
CLIMATE NORMAL PERIOD: 1991 TO 2020
CLIMATE RECORD PERIOD: 1998 TO 2023
WEATHER OBSERVED NORMAL DEPART LAST YEAR`S
VALUE DATE(S) VALUE FROM VALUE DATE(S)
NORMAL
................................................................
TEMPERATURE (F)
RECORD
HIGH 99 11/03/2010
LOW 34 11/29/2010
HIGHEST 89 11/01 74 15 83 11/24
LOWEST 44 11/11 51 -7 42 11/10
AVG. MAXIMUM 77.4 74.0 3.4 72.6
AVG. MINIMUM 51.2 50.7 0.5 48.0
MEAN 64.3 62.4 1.9 60.3
DAYS MAX >= 90 0 1.8 -1.8 0
DAYS MAX <= 32 0 0.0 0.0 0
DAYS MAX >= 45 30 30
DAYS MIN <= 32 0 0.0 0.0 0
PRECIPITATION (INCHES)
RECORD
MAXIMUM 7.33 1965
MINIMUM 0.00 2021
TOTALS 0.41 0.74 -0.33 2.02
DAILY AVG. 0.01 0.02 -0.01 0.07
DAYS >= .01 2 4.6 -2.6 0
DAYS >= .10 1 1.7 -0.7 0
DAYS >= .50 0 0.4 -0.4 0
DAYS >= 1.00 0 0.2 -0.2 0
DAYS >= %-5.2F 0 0
DAYS >= %-5.2F 0 0
GREATEST
24 HR. TOTAL 0.40 11/15 TO 11/15 1.85 11/08 TO 11/08
STORM TOTAL 0.40 1.85
(MM/DD(HH)) MM
DEGREE DAYS
HEATING TOTAL 43 113 -70 131
SINCE 7/1 44 129 -85 MM
COOLING TOTAL 29 33 -4 1
SINCE 1/1 1333 1506 -173 MM
FREEZE DATES
RECORD
EARLIEST MM
LATEST MM
EARLIEST 12/31
LATEST MM
................................................................
WIND (MPH)
AVERAGE WIND SPEED 3.1
RESULTANT WIND SPEED/DIRECTION 1/110
HIGHEST WIND SPEED/DIRECTION 21/080 DATE 11/20
21/080 11/26
HIGHEST GUST SPEED/DIRECTION 28/080 DATE 11/26
SKY COVER
POSSIBLE SUNSHINE (PERCENT) MM
AVERAGE SKY COVER 0.20
NUMBER OF DAYS FAIR 23
NUMBER OF DAYS PC 7
NUMBER OF DAYS CLOUDY 0
AVERAGE RH (PERCENT) 51
WEATHER CONDITIONS. NUMBER OF DAYS WITH
THUNDERSTORM 1 MIXED PRECIP 0
HEAVY RAIN 1 RAIN 1
LIGHT RAIN 2 FREEZING RAIN 0
LT FREEZING RAIN 0 HAIL 0
HEAVY SNOW 0 SNOW 0
LIGHT SNOW 0 SLEET 0
FOG 8 FOG W/VIS <= 1/4 MILE 0
HAZE 15
- INDICATES NEGATIVE NUMBERS.
R INDICATES RECORD WAS SET OR TIED.
MM INDICATES DATA IS MISSING.
T INDICATES TRACE AMOUNT.
$$