000
CXUS53 KIWX 010846
CF6FWA
PRELIMINARY LOCAL CLIMATOLOGICAL DATA (WS FORM: F-6)
STATION: FORT WAYNE
MONTH: JULY
YEAR: 2022
LATITUDE: 41 0 N
LONGITUDE: 85 12 W
TEMPERATURE IN F: :PCPN: SNOW: WIND :SUNSHINE: SKY :PK WND
================================================================================
1 2 3 4 5 6A 6B 7 8 9 10 11 12 13 14 15 16 17 18
12Z AVG MX 2MIN
DY MAX MIN AVG DEP HDD CDD WTR SNW DPTH SPD SPD DIR MIN PSBL S-S WX SPD DR
================================================================================
1 91 67 79 5 0 14 T 0.0 0 9.7 22 320 M M 7 13 33 320
2 86 62 74 0 0 9 0.00 0.0 0 5.0 13 290 M M 6 18 300
3 89 57 73 -1 0 8 0.00 0.0 0 2.5 9 340 M M 2 14 70
4 92 61 77 3 0 12 T 0.0 0 6.9 17 190 M M 5 23 200
5 92 68 80 6 0 15 2.83 0.0 0 10.9 31 360 M M 8 13 49 320
6 84 69 77 3 0 12 0.66 0.0 0 8.1 24 270 M M 9 13 33 230
7 82 66 74 0 0 9 0.00 0.0 0 5.0 12 70 M M 8 1 17 80
8 74 68 71 -3 0 6 0.08 0.0 0 6.9 16 100 M M 10 1 20 100
9 80 62 71 -3 0 6 0.00 0.0 0 9.8 17 50 M M 5 24 70
10 83 57 70 -4 0 5 0.00 0.0 0 5.4 13 50 M M 1 18 50
11 85 61 73 -1 0 8 0.00 0.0 0 8.9 18 180 M M 5 24 240
12 81 63 72 -2 0 7 0.00 0.0 0 9.0 17 300 M M 3 26 330
13 83 61 72 -2 0 7 0.00 0.0 0 7.9 21 260 M M 3 30 300
14 82 58 70 -4 0 5 0.00 0.0 0 4.1 10 60 M M 4 1 16 50
15 81 60 71 -3 0 6 0.32 0.0 0 5.8 17 270 M M 8 1 24 290
16 81 67 74 0 0 9 0.87 0.0 0 6.8 14 130 M M 9 1 20 130
17 76 70 73 -1 0 8 0.26 0.0 0 4.8 17 210 M M 10 13 27 210
18 85 67 76 2 0 11 0.00 0.0 0 5.7 10 340 M M 6 12 15 350
19 86 64 75 1 0 10 0.00 0.0 0 6.5 14 210 M M 3 1 19 200
20 89 70 80 6 0 15 0.00 0.0 0 11.9 23 280 M M 4 1 35 240
21 86 68 77 3 0 12 0.00 0.0 0 9.1 18 20 M M 2 1 27 260
22 87 67 77 3 0 12 T 0.0 0 5.8 18 20 M M 4 24 20
23 84 66 75 1 0 10 1.02 0.0 0 8.8 28 330 M M 8 13 40 340
24 82 69 76 2 0 11 0.21 0.0 0 10.1 23 220 M M 9 13 34 200
25 78 62 70 -4 0 5 0.00 0.0 0 4.2 12 40 M M 7 15 290
26 78 60 69 -4 0 4 0.00 0.0 0 3.7 10 120 M M 7 14 130
27 82 67 75 2 0 10 0.06 0.0 0 5.4 15 250 M M 9 1 21 230
28 81 66 74 1 0 9 0.03 0.0 0 7.2 16 270 M M 7 1 25 280
29 79 59 69 -4 0 4 0.00 0.0 0 4.5 15 280 M M 4 1 23 280
30 81 56 69 -4 0 4 0.00 0.0 0 2.3 8 230 M M 3 11 220
31 82 60 71 -2 0 6 0.00 0.0 0 3.9 12 210 M M 4 8 15 200
================================================================================
SM 2582 1978 0 269 6.34 0.0 206.6 M 180
================================================================================
AV 83.3 63.8 6.7 FASTST M M 6 MAX(MPH)
MISC ----> 31 360 49 320
================================================================================
NOTES:
# LAST OF SEVERAL OCCURRENCES
COLUMN 17 PEAK WIND IN M.P.H.
PRELIMINARY LOCAL CLIMATOLOGICAL DATA (WS FORM: F-6) , PAGE 2
STATION: FORT WAYNE
MONTH: JULY
YEAR: 2022
LATITUDE: 41 0 N
LONGITUDE: 85 12 W
[TEMPERATURE DATA] [PRECIPITATION DATA] SYMBOLS USED IN COLUMN 16
AVERAGE MONTHLY: 73.5 TOTAL FOR MONTH: 6.34 1 = FOG OR MIST
DPTR FM NORMAL: -0.3 DPTR FM NORMAL: 2.29 2 = FOG REDUCING VISIBILITY
HIGHEST: 92 ON 5, 4 GRTST 24HR 2.93 ON 5- 6 TO 1/4 MILE OR LESS
LOWEST: 56 ON 30 3 = THUNDER
SNOW, ICE PELLETS, HAIL 4 = ICE PELLETS
TOTAL MONTH: 0.0 INCH 5 = HAIL
GRTST 24HR 0.0 6 = FREEZING RAIN OR DRIZZLE
GRTST DEPTH: 0 7 = DUSTSTORM OR SANDSTORM:
VSBY 1/2 MILE OR LESS
8 = SMOKE OR HAZE
[NO. OF DAYS WITH] [WEATHER - DAYS WITH] 9 = BLOWING SNOW
X = TORNADO
MAX 32 OR BELOW: 0 0.01 INCH OR MORE: 10
MAX 90 OR ABOVE: 3 0.10 INCH OR MORE: 7
MIN 32 OR BELOW: 0 0.50 INCH OR MORE: 4
MIN 0 OR BELOW: 0 1.00 INCH OR MORE: 2
[HDD (BASE 65) ]
TOTAL THIS MO. 0 CLEAR (SCALE 0-3) 3
DPTR FM NORMAL -3 PTCLDY (SCALE 4-7) 22
TOTAL FM JUL 1 0 CLOUDY (SCALE 8-10) 6
DPTR FM NORMAL 0
[CDD (BASE 65) ]
TOTAL THIS MO. 269
DPTR FM NORMAL -6 [PRESSURE DATA]
TOTAL FM JAN 1 616 HIGHEST SLP 30.23 ON 30
DPTR FM NORMAL 77 LOWEST SLP 29.58 ON 20
[REMARKS]
#FINAL-07-22#