000
CXUS53 KIWX 011601
CLSFWA
CLIMATE REPORT
NATIONAL WEATHER SERVICE NORTHERN INDIANA
1101 AM EST WED MAR 01 2023
...................................
...THE FORT WAYNE CLIMATE SUMMARY FOR THE SEASON, FROM
12/1/2022 TO 2/28/2023...
CLIMATE NORMAL PERIOD 1991 TO 2020
CLIMATE RECORD PERIOD 1897 TO 2023
WEATHER OBSERVED NORMAL DEPART LAST YEAR`S
VALUE DATE(S) VALUE FROM VALUE
NORMAL
..............................................................
TEMPERATURE (F)
RECORD
HIGH 73 02/25/2000
LOW -24 01/12/1918
HIGHEST 62 01/03 MM MM 62
LOWEST -8 12/23 MM MM -9
AVG. MAXIMUM 40.7 35.5 5.2 37.3
AVG. MINIMUM 26.2 21.2 5.0 20.4
MEAN 33.5 28.4 5.1
DAYS MAX >= 90 0 0.0 0.0 0
DAYS MAX <= 32 14 35.5 -21.5 37
DAYS MIN <= 32 67 76.7 -9.7 76
DAYS MIN <= 0 2 6.1 -4.1 5
PRECIPITATION (INCHES)
RECORD
MAXIMUM 17.85 1950
MINIMUM 1.58 1920
TOTALS 9.48 7.07 2.41 8.04
DAILY AVG. 0.11 0.08 0.03 0.09
DAYS >= .01 33 36.3 -3.3 29
DAYS >= .10 17 17.1 -0.1 17
DAYS >= .50 5 4.3 0.7 8
DAYS >= 1.00 3 0.9 2.1 0
GREATEST
24 HR. TOTAL 1.93 02/22 TO 02/22
SNOWFALL (INCHES)
RECORDS
TOTAL 61.1 1982
24 HR TOTAL 6.7 02/02/2022 TO 02/03/2022
TOTALS 13.4 26.2 -12.8 19.3
SINCE 7/1 17.6 28.2 -10.6 20.9
SNOWDEPTH AVG. 0 1
DAYS >= TRACE 28 25.3 2.7 40
DAYS >= 1.0 4 8.4 -4.4 6
GREATEST
SNOW DEPTH 7 01/26 9
24 HR TOTAL 6.2 01/25 TO 01/25
DEGREE DAYS
HEATING TOTAL 2821 3298 -477 3224
SINCE 7/1 3958 4497 -539 4245
COOLING TOTAL 0 0 0 0
SINCE 1/1 0 0 0 0
..............................................................
WIND (MPH)
AVERAGE WIND SPEED 10.5
HIGHEST WIND SPEED/DIRECTION 43/240 DATE 02/09
HIGHEST GUST SPEED/DIRECTION 61/230 DATE 02/09
SKY COVER
POSSIBLE SUNSHINE (PERCENT) MM
AVERAGE SKY COVER 0.80
NUMBER OF DAYS FAIR 5
NUMBER OF DAYS PC 21
NUMBER OF DAYS CLOUDY 64
AVERAGE RH (PERCENT) 75
WEATHER CONDITIONS. NUMBER OF DAYS WITH
THUNDERSTORM 3 MIXED PRECIP 0
HEAVY RAIN 7 RAIN 12
LIGHT RAIN 37 FREEZING RAIN 1
LT FREEZING RAIN 4 HAIL 1
HEAVY SNOW 2 SNOW 3
LIGHT SNOW 27 SLEET 2
FOG 50 FOG W/VIS <= 1/4 MILE 11
HAZE 19
- INDICATES NEGATIVE NUMBERS.
R INDICATES RECORD WAS SET OR TIED.
MM INDICATES DATA IS MISSING.
T INDICATES TRACE AMOUNT.
$$