000
CXUS54 KTSA 010950
CF6FYV
PRELIMINARY LOCAL CLIMATOLOGICAL DATA (WS FORM: F-6)
STATION: FAYETTEVILLE ARKANSAS
MONTH: FEBRUARY
YEAR: 2024
LATITUDE: 36 0 N
LONGITUDE: 94 10 W
TEMPERATURE IN F: :PCPN: SNOW: WIND :SUNSHINE: SKY :PK WND
================================================================================
1 2 3 4 5 6A 6B 7 8 9 10 11 12 13 14 15 16 17 18
12Z AVG MX 2MIN
DY MAX MIN AVG DEP HDD CDD WTR SNW DPTH SPD SPD DIR MIN PSBL S-S WX SPD DR
================================================================================
1 67 37 52 14 13 0 0.00 0.0 0 7.0 21 180 M M 1 29 190
2 72 40 56 18 9 0 0.00 0.0 0 4.5 17 180 M M 2 28 180
3 62 49 56 18 9 0 0.30 0.0 0 8.4 22 120 M M 9 1 35 120
4 51 45 48 10 17 0 0.66 0.0 0 4.4 12 40 M M 10 1 23 10
5 62 33 48 10 17 0 0.00 0.0 0 4.5 12 340 M M 2 18 17 70
6 68 27 48 10 17 0 0.00 0.0 0 1.4 8 200 M M 0 12 200
7 67 37 52 13 13 0 0.00 0.0 0 8.1 20 160 M M 0 34 160
8 71 52 62 23 3 0 0.00 0.0 0 15.5 31 190 M M 3 44 200
9 72 48 60 21 5 0 0.00 0.0 0 9.5 23 200 M M 2 32 210
10 60 41 51 12 14 0 0.00 0.0 0 4.1 12 270 M M 1 20 260
11 47 35 41 2 24 0 0.04 0.0 0 5.8 13 60 M M 6 22 60
12 42 29 36 -4 29 0 0.10 0.3 0 7.1 18 330 M M 7 1 23 330
13 61 25 43 3 22 0 0.00 0.0 0 4.6 16 180 M M 0 22 220
14 66 28 47 7 18 0 0.00 0.0 0 6.4 20 190 M M 0 28 180
15 70 43 57 17 8 0 0.00 0.0 0 5.1 14 210 M M 0 20 200
16 63 30 47 7 18 0 T 0.0 0 8.5 26 320 M M 8 18 35 330
17 36 17 27 -14 38 0 0.00 0.0 0 7.1 16 340 M M 2 27 360
18 52 14 33 -8 32 0 0.00 0.0 0 5.2 13 220 M M 0 8 21 250
19 59 20 40 -1 25 0 0.00 0.0 0 4.2 16 180 M M 0 22 170
20 71 27 49 7 16 0 0.00 0.0 0 2.0 12 170 M M 0 18 17 200
21 78 35 57 15 8 0 0.00 0.0 0 10.6 22 200 M M 0 30 190
22 73 41 57 15 8 0 0.00 0.0 0 7.6 18 340 M M 5 26 350
23 67 34 51 9 14 0 0.00 0.0 0 6.9 22 270 M M 1 29 270
24 67 34 51 9 14 0 0.00 0.0 0 4.9 13 200 M M 0 19 280
25 78 46 62 19 3 0 0.00 0.0 0 8.2 18 210 M M 0 31 210
26 78 36 57 14 8 0 0.00 0.0 0 8.3 25 180 M M 0 1 32 180
27 81 46 64 21 1 0 T 0.0 0 14.6 30 310 M M 1 37 300
28 47 26 37 -7 28 0 0.00 0.0 0 8.2 24 320 M M 1 32 330
29 55 22 39 -5 26 0 0.07 T 0 5.6 20 180 M M 2 1 25 170
================================================================================
SM 1843 997 457 0 1.17 0.3 198.3 M 63
================================================================================
AV 63.6 34.4 6.8 FASTST M M 2 MAX(MPH)
MISC ----> 31 190 44 200
================================================================================
NOTES:
# LAST OF SEVERAL OCCURRENCES
COLUMN 17 PEAK WIND IN M.P.H.
PRELIMINARY LOCAL CLIMATOLOGICAL DATA (WS FORM: F-6) , PAGE 2
STATION: FAYETTEVILLE ARKANSAS
MONTH: FEBRUARY
YEAR: 2024
LATITUDE: 36 0 N
LONGITUDE: 94 10 W
[TEMPERATURE DATA] [PRECIPITATION DATA] SYMBOLS USED IN COLUMN 16
AVERAGE MONTHLY: 49.0 TOTAL FOR MONTH: 1.17 1 = FOG OR MIST
DPTR FM NORMAL: 8.6 DPTR FM NORMAL: -1.39 2 = FOG REDUCING VISIBILITY
HIGHEST: 81 ON 27 GRTST 24HR 0.79 ON 3- 4 TO 1/4 MILE OR LESS
LOWEST: 14 ON 18 3 = THUNDER
SNOW, ICE PELLETS, HAIL 4 = ICE PELLETS
TOTAL MONTH: 0.3 INCH 5 = HAIL
GRTST 24HR 0.3 ON 12-12 6 = FREEZING RAIN OR DRIZZLE
GRTST DEPTH: 0 7 = DUSTSTORM OR SANDSTORM:
VSBY 1/2 MILE OR LESS
8 = SMOKE OR HAZE
[NO. OF DAYS WITH] [WEATHER - DAYS WITH] 9 = BLOWING SNOW
X = TORNADO
MAX 32 OR BELOW: 0 0.01 INCH OR MORE: 5
MAX 90 OR ABOVE: 0 0.10 INCH OR MORE: 3
MIN 32 OR BELOW: 11 0.50 INCH OR MORE: 1
MIN 0 OR BELOW: 0 1.00 INCH OR MORE: 0
[HDD (BASE 65) ]
TOTAL THIS MO. 457 CLEAR (SCALE 0-3) 23
DPTR FM NORMAL -234 PTCLDY (SCALE 4-7) 3
TOTAL FM JUL 1 2698 CLOUDY (SCALE 8-10) 3
DPTR FM NORMAL -551
[CDD (BASE 65) ]
TOTAL THIS MO. 0
DPTR FM NORMAL -1 [PRESSURE DATA]
TOTAL FM JAN 1 0 HIGHEST SLP 30.47 ON 29
DPTR FM NORMAL -1 LOWEST SLP 29.42 ON 27
[REMARKS]
#FINAL-02-24#