000
CXUS53 KDDC 021455
CF6GCK
PRELIMINARY LOCAL CLIMATOLOGICAL DATA (WS FORM: F-6)
STATION: GARDEN CITY REGIONAL ARPT KS
MONTH: JUNE
YEAR: 2021
LATITUDE: 37 55 N
LONGITUDE: 100 43 W
TEMPERATURE IN F: :PCPN: SNOW: WIND :SUNSHINE: SKY :PK WND
================================================================================
1 2 3 4 5 6A 6B 7 8 9 10 11 12 13 14 15 16 17 18
12Z AVG MX 2MIN
DY MAX MIN AVG DEP HDD CDD WTR SNW DPTH SPD SPD DIR MIN PSBL S-S WX SPD DR
================================================================================
1 73 54 64 -6 1 0 0.00 M M 4.8 14 110 M M 7 17 100
2 76 50 63 -7 2 0 0.59 M M 4.9 20 20 M M 2 13 26 270
3 82 51 67 -3 0 2 0.00 M M 4.1 9 150 M M 0 1 14 150
4 85 56 71 0 0 6 0.00 M M 9.8 21 180 M M 1 29 200
5 83 60 72 1 0 7 0.00 M M 14.1 25 180 M M 1 35 150
6 84 58 71 0 0 6 0.00 M M 11.6 21 190 M M 2 1 29 200
7 87 65 76 4 0 11 0.00 M M 12.1 20 150 M M 2 1 26 150
8 86 63 75 3 0 10 0.00 M M 13.2 23 150 M M 1 12 29 150
9 89 66 78 6 0 13 0.00 M M 10.7 20 150 M M 4 1 26 140
10 94 71 83 10 0 18 0.00 M M 16.6 28 150 M M 3 18 38 150
11 88 67 78 5 0 13 0.00 M M 18.3 38 20 M M 0 1 48 20
12 89 64 77 4 0 12 0.00 M M 10.6 17 100 M M 5 23 80
13 93 68 81 8 0 16 0.00 M M 10.1 20 150 M M 0 26 140
14 94 61 78 4 0 13 0.00 M M 8.3 17 180 M M 0 24 170
15 95 64 80 6 0 15 0.00 M M 9.7 18 180 M M 0 26 170
16 98 66 82 8 0 17 0.00 M M 12.0 24 190 M M 0 31 190
17 101 63 82 8 0 17 0.00 M M 13.5 28 200 M M 0 35 190
18 102 61 82 7 0 17 0.00 M M 11.0 22 180 M M 0 30 190
19 100 64 82 7 0 17 0.13 M M 12.6 25 10 M M 1 38 35 280
20 92 61 77 2 0 12 T M M 15.6 33 80 M M 1 3 47 70
21 77 58 68 -7 0 3 0.41 M M 8.1 29 60 M M 5 13 40 50
22 88 57 73 -3 0 8 0.00 M M 18.7 32 200 M M 0 43 190
23 100 66 83 7 0 18 0.00 M M 15.5 26 150 M M 0 35 180
24 93 67 80 4 0 15 1.23 M M 11.6 35 50 M M 1 13 48 60
25 88 63 76 0 0 11 T M M 6.8 24 280 M M 2 3 35 290
26 80 61 71 -5 0 6 0.00 M M 9.0 17 330 M M 5 23 10
27 82 57 70 -6 0 5 0.00 M M 5.4 13 340 M M 2 17 180
28 80 61 71 -6 0 6 0.00 M M 6.5 14 150 M M 3 8 21 160
29 82 61 72 -5 0 7 0.00 M M 8.8 18 130 M M 2 24 60
30 83 64 74 -3 0 9 T M M 4.9 14 190 M M 6 12 20 180
================================================================================
SM 2644 1848 3 310 2.36 M 318.9 M 56
================================================================================
AV 88.1 61.6 10.6 FASTST M M 2 MAX(MPH)
MISC ----> 38 20 # 48 20
================================================================================
NOTES:
# LAST OF SEVERAL OCCURRENCES
COLUMN 17 PEAK WIND IN M.P.H.
PRELIMINARY LOCAL CLIMATOLOGICAL DATA (WS FORM: F-6) , PAGE 2
STATION: GARDEN CITY REGIONAL ARPT KS
MONTH: JUNE
YEAR: 2021
LATITUDE: 37 55 N
LONGITUDE: 100 43 W
[TEMPERATURE DATA] [PRECIPITATION DATA] SYMBOLS USED IN COLUMN 16
AVERAGE MONTHLY: 74.9 TOTAL FOR MONTH: 2.36 1 = FOG OR MIST
DPTR FM NORMAL: 1.1 DPTR FM NORMAL: -1.15 2 = FOG REDUCING VISIBILITY
HIGHEST: 102 ON 18 GRTST 24HR 1.23 ON 24-24 TO 1/4 MILE OR LESS
LOWEST: 50 ON 2 3 = THUNDER
4 = ICE PELLETS
5 = HAIL
6 = FREEZING RAIN OR DRIZZLE
7 = DUSTSTORM OR SANDSTORM:
VSBY 1/2 MILE OR LESS
8 = SMOKE OR HAZE
[NO. OF DAYS WITH] [WEATHER - DAYS WITH] 9 = BLOWING SNOW
X = TORNADO
MAX 32 OR BELOW: 0 0.01 INCH OR MORE: 4
MAX 90 OR ABOVE: 11 0.10 INCH OR MORE: 4
MIN 32 OR BELOW: 0 0.50 INCH OR MORE: 2
MIN 0 OR BELOW: 0 1.00 INCH OR MORE: 1
[HDD (BASE 65) ]
TOTAL THIS MO. 3 CLEAR (SCALE 0-3) 23
DPTR FM NORMAL -9 PTCLDY (SCALE 4-7) 7
TOTAL FM JUL 1 5356 CLOUDY (SCALE 8-10) 0
DPTR FM NORMAL 186
[CDD (BASE 65) ]
TOTAL THIS MO. 310
DPTR FM NORMAL 35 [PRESSURE DATA]
TOTAL FM JAN 1 361 HIGHEST SLP 30.19 ON 1
DPTR FM NORMAL -11 LOWEST SLP 29.54 ON 19
[REMARKS]
#FINAL-06-21#