000
CXUS54 KFWD 010830
CF6GDJ
PRELIMINARY LOCAL CLIMATOLOGICAL DATA (WS FORM: F-6)
STATION: GRANBURY
MONTH: DECEMBER
YEAR: 2022
LATITUDE: 32 26 N
LONGITUDE: 97 48 W
TEMPERATURE IN F: :PCPN: SNOW: WIND :SUNSHINE: SKY :PK WND
================================================================================
1 2 3 4 5 6A 6B 7 8 9 10 11 12 13 14 15 16 17 18
12Z AVG MX 2MIN
DY MAX MIN AVG DEP HDD CDD WTR SNW DPTH SPD SPD DIR MIN PSBL S-S WX SPD DR
================================================================================
1 53 29 41 -7 24 0 0.00 M M 6.0 14 140 M M 6 18 130
2 75 48 62 15 3 0 0.00 M M 9.1 17 190 M M 6 1 22 190
3 64 44 54 7 11 0 0.00 M M 8.6 20 360 M M 2 30 360
4 57 45 51 5 14 0 0.00 M M 5.0 9 140 M M 10 1 M M
5 80 53 67 21 0 2 0.00 M M 11.3 20 210 M M 3 24 210
6 77 60 69 23 0 4 M M M 4.0 14 210 M M 2 21 210
7 72 61 67 21 0 2 0.04 M M 3.5 9 170 M M 8 1 M M
8 73 57 65 20 0 0 0.04 M M 2.1 7 340 M M 9 12 M M
9 64 60 62 17 3 0 0.01 M M 4.6 9 110 M M 10 12 M M
10 71 54 63 18 2 0 1.16 M M 5.2 13 350 M M 10 13 23 340
11 58 51 55 11 10 0 0.16 M M 4.4 9 360 M M 10 1 M M
12 67 55 61 17 4 0 T M M 10.0 15 150 M M 10 1 21 140
13 69 48 59 15 6 0 0.60 M M 11.7 20 150 M M 7 3 28 150
14 58 36 47 3 18 0 0.00 M M 8.2 20 310 M M 4 29 290
15 54 30 42 -2 23 0 0.00 M M 2.8 6 360 M M 0 M M
16 48 30 39 -5 26 0 0.00 M M 4.3 10 20 M M 3 16 340
17 51 29 40 -3 25 0 0.00 M M 4.4 8 360 M M 0 M M
18 55 25 40 -3 25 0 0.00 M M 5.4 12 120 M M 3 16 130
19 49 41 45 2 20 0 0.00 M M 7.8 10 130 M M 10 1 18 140
20 51 33 42 -1 23 0 0.00 M M 5.9 13 30 M M 8 1 17 30
21 49 28 39 -4 26 0 0.00 M M 4.9 10 190 M M 2 1 18 190
22 39 11 25 -18 40 0 0.00 M M 17.9 30 320 M M 7 1 40 330
23 25 10 18 -25 47 0 0.00 M M 11.6 17 330 M M 1 26 330
24 37 18 28 -15 37 0 0.00 M M 2.9 8 320 M M 3 M M
25 51 19 35 -8 30 0 0.00 M M 3.5 12 220 M M 0 10 160
26 56 25 41 -2 24 0 0.00 M M 5.9 12 340 M M 1 18 320
27 55 19 37 -6 28 0 0.00 M M 6.3 12 120 M M 0 17 160
28 74 39 57 14 8 0 0.00 M M 7.8 10 130 M M 0 M M
29 M M M M M M M M M M M M M M M M M
30 M M M M M M M M M M M M M M M M M
31 M M M M M M M M M M M M M M M M M
================================================================================
SM 1632 1058 477 8 2.01 M 185.0 M 135
================================================================================
AV 58.3 37.8 6.6 FASTST M M 5 MAX(MPH)
MISC ----> 30 320 40 330
================================================================================
NOTES:
# LAST OF SEVERAL OCCURRENCES
COLUMN 17 PEAK WIND IN M.P.H.
PRELIMINARY LOCAL CLIMATOLOGICAL DATA (WS FORM: F-6) , PAGE 2
STATION: GRANBURY
MONTH: DECEMBER
YEAR: 2022
LATITUDE: 32 26 N
LONGITUDE: 97 48 W
[TEMPERATURE DATA] [PRECIPITATION DATA] SYMBOLS USED IN COLUMN 16
AVERAGE MONTHLY: 48.0 TOTAL FOR MONTH: 2.01 1 = FOG OR MIST
DPTR FM NORMAL: 3.9 DPTR FM NORMAL: M 2 = FOG REDUCING VISIBILITY
HIGHEST: 80 ON 5 GRTST 24HR 1.16 ON 10-10 TO 1/4 MILE OR LESS
LOWEST: 10 ON 23 3 = THUNDER
SNOW, ICE PELLETS, HAIL 4 = ICE PELLETS
TOTAL MONTH: M 5 = HAIL
GRTST 24HR M ON M 6 = FREEZING RAIN OR DRIZZLE
GRTST DEPTH: M ON M 7 = DUSTSTORM OR SANDSTORM:
VSBY 1/2 MILE OR LESS
8 = SMOKE OR HAZE
[NO. OF DAYS WITH] [WEATHER - DAYS WITH] 9 = BLOWING SNOW
X = TORNADO
MAX 32 OR BELOW: 1 0.01 INCH OR MORE: 6
MAX 90 OR ABOVE: 0 0.10 INCH OR MORE: 3
MIN 32 OR BELOW: 12 0.50 INCH OR MORE: 2
MIN 0 OR BELOW: 0 1.00 INCH OR MORE: 1
[HDD (BASE 65) ]
TOTAL THIS MO. 477 CLEAR (SCALE 0-3) 12
DPTR FM NORMAL -174 PTCLDY (SCALE 4-7) 8
TOTAL FM JUL 1 918 CLOUDY (SCALE 8-10) 11
DPTR FM NORMAL -152
[CDD (BASE 65) ]
TOTAL THIS MO. 8
DPTR FM NORMAL 6 [PRESSURE DATA]
TOTAL FM JAN 1 3212 HIGHEST SLP M ON M
DPTR FM NORMAL 818 LOWEST SLP M ON M
[REMARKS]
#FINAL-12-22#