000
CXUS51 KPHI 010815
CF6GED
PRELIMINARY LOCAL CLIMATOLOGICAL DATA (WS FORM: F-6)
STATION: GEORGETOWN DE
MONTH: APRIL
YEAR: 2021
LATITUDE: 38 41 N
LONGITUDE: 75 22 W
TEMPERATURE IN F: :PCPN: SNOW: WIND :SUNSHINE: SKY :PK WND
================================================================================
1 2 3 4 5 6A 6B 7 8 9 10 11 12 13 14 15 16 17 18
12Z AVG MX 2MIN
DY MAX MIN AVG DEP HDD CDD WTR SNW DPTH SPD SPD DIR MIN PSBL S-S WX SPD DR
================================================================================
1 60 38 49 -1 16 0 T M M 9.6 20 310 M M 9 1 30 300
2 45 32 39 -11 26 0 0.00 M M 8.1 17 300 M M 5 26 320
3 54 30 42 -8 23 0 0.00 M M 4.7 14 340 M M 1 19 300
4 70 42 56 5 9 0 0.00 M M 5.7 15 290 M M 4 22 290
5 71 48 60 9 5 0 0.00 M M 6.1 17 280 M M 0 25 360
6 73 49 61 10 4 0 T M M 5.1 16 310 M M 5 22 290
7 71 47 59 7 6 0 0.00 M M 5.4 14 100 M M 1 17 100
8 66 43 55 3 10 0 0.00 M M 7.5 17 100 M M 1 22 110
9 59 50 55 3 10 0 0.01 M M 7.8 15 120 M M 8 19 110
10 78 52 65 13 0 0 0.00 M M 4.7 13 160 M M 5 12 15 50
11 81 55 68 15 0 3 0.23 M M 7.9 17 240 M M 5 1 27 230
12 56 50 53 0 12 0 0.00 M M 10.0 17 50 M M 10 18 21 50
13 64 45 55 2 10 0 0.00 M M 6.4 14 40 M M 6 18 17 20
14 69 41 55 1 10 0 0.30 M M 5.2 14 220 M M 5 1 18 260
15 69 50 60 6 5 0 0.11 M M 6.7 15 320 M M 9 1 25 340
16 61 40 51 -3 14 0 0.00 M M 9.1 21 290 M M 3 32 280
17 63 41 52 -2 13 0 0.00 M M 4.9 13 300 M M 2 8 20 310
18 68 41 55 0 10 0 0.00 M M 3.6 13 290 M M 2 18 18 260
19 61 42 52 -3 13 0 0.40 M M 1.7 10 280 M M 6 12 16 280
20 75 42 59 4 6 0 0.00 0.0 0 9.9 21 220 M M 1 12 27 220
21 77 42 60 4 5 0 0.05 M M 11.9 29 290 M M 2 3 41 290
22 54 36 45 -11 20 0 0.00 M M 8.6 23 290 M M 4 34 280
23 63 34 49 -7 16 0 0.00 M M 7.4 17 260 M M 1 27 290
24 70 40 55 -1 10 0 0.35 M M 5.4 16 210 M M 3 1 19 200
25 66 52 59 2 6 0 0.66 M M 8.2 20 40 M M 8 1 26 310
26 66 44 55 -2 10 0 0.00 M M 5.8 16 300 M M 0 23 280
27 85 41 63 6 2 0 0.00 M M 7.7 18 230 M M 0 25 230
28 88 66 77 19 0 12 0.00 M M 8.7 17 230 M M 0 24 230
29 88 70 79 21 0 14 T M M 10.6 25 240 M M 2 38 230
30 78 52 65 7 0 0 0.08 M M 13.8 29 280 M M 5 46 280
================================================================================
SM 2049 1355 271 29 2.19 0.0 218.2 M 113
================================================================================
AV 68.3 45.2 7.3 FASTST M M 4 MAX(MPH)
MISC ----> # 29 290 46 280
================================================================================
NOTES:
# LAST OF SEVERAL OCCURRENCES
COLUMN 17 PEAK WIND IN M.P.H.
PRELIMINARY LOCAL CLIMATOLOGICAL DATA (WS FORM: F-6) , PAGE 2
STATION: GEORGETOWN DE
MONTH: APRIL
YEAR: 2021
LATITUDE: 38 41 N
LONGITUDE: 75 22 W
[TEMPERATURE DATA] [PRECIPITATION DATA] SYMBOLS USED IN COLUMN 16
AVERAGE MONTHLY: 56.7 TOTAL FOR MONTH: 2.19 1 = FOG OR MIST
DPTR FM NORMAL: 2.7 DPTR FM NORMAL: -1.44 2 = FOG REDUCING VISIBILITY
HIGHEST: 88 ON 29,28 GRTST 24HR 1.01 ON 24-25 TO 1/4 MILE OR LESS
LOWEST: 30 ON 3 3 = THUNDER
SNOW, ICE PELLETS, HAIL 4 = ICE PELLETS
TOTAL MONTH: 0.0 INCH 5 = HAIL
GRTST 24HR 0.0 6 = FREEZING RAIN OR DRIZZLE
GRTST DEPTH: 0 7 = DUSTSTORM OR SANDSTORM:
VSBY 1/2 MILE OR LESS
8 = SMOKE OR HAZE
[NO. OF DAYS WITH] [WEATHER - DAYS WITH] 9 = BLOWING SNOW
X = TORNADO
MAX 32 OR BELOW: 0 0.01 INCH OR MORE: 9
MAX 90 OR ABOVE: 0 0.10 INCH OR MORE: 6
MIN 32 OR BELOW: 2 0.50 INCH OR MORE: 1
MIN 0 OR BELOW: 0 1.00 INCH OR MORE: 0
[HDD (BASE 65) ]
TOTAL THIS MO. 271 CLEAR (SCALE 0-3) 14
DPTR FM NORMAL -77 PTCLDY (SCALE 4-7) 12
TOTAL FM JUL 1 3517 CLOUDY (SCALE 8-10) 4
DPTR FM NORMAL -743
[CDD (BASE 65) ]
TOTAL THIS MO. 29
DPTR FM NORMAL 11 [PRESSURE DATA]
TOTAL FM JAN 1 45 HIGHEST SLP 30.44 ON 3
DPTR FM NORMAL 25 LOWEST SLP 29.45 ON 11
[REMARKS]
#FINAL-04-21#