000
CXUS51 KPHI 020557
CF6GED
PRELIMINARY LOCAL CLIMATOLOGICAL DATA (WS FORM: F-6)
STATION: GEORGETOWN DE
MONTH: DECEMBER
YEAR: 2023
LATITUDE: 38 41 N
LONGITUDE: 75 22 W
TEMPERATURE IN F: :PCPN: SNOW: WIND :SUNSHINE: SKY :PK WND
================================================================================
1 2 3 4 5 6A 6B 7 8 9 10 11 12 13 14 15 16 17 18
12Z AVG MX 2MIN
DY MAX MIN AVG DEP HDD CDD WTR SNW DPTH SPD SPD DIR MIN PSBL S-S WX SPD DR
================================================================================
1 57 31 44 -1 21 0 0.25 M M 5.5 13 190 M M 0 1 17 190
2 57 50 54 9 11 0 0.00 M M 4.7 9 270 M M M 12 14 260
3 63 49 56 12 9 0 0.63 M M 5.2 14 90 M M M 1 18 90
4 56 35 46 2 19 0 0.00 M M 3.3 13 330 M M M 1 18 330
5 50 30 40 -4 25 0 0.00 M M 1.7 8 40 M M M 12 330
6 45 31 38 -6 27 0 T M M 5.4 15 10 M M M 20 350
7 46 27 37 -6 28 0 0.00 M M 4.0 18 230 M M M 22 220
8 57 30 44 1 21 0 0.00 M M 3.7 13 140 M M M 1 15 150
9 63 37 50 7 15 0 0.00 M M 4.9 15 210 M M M 12 19 250
10 67 47 57 14 8 0 1.30 M M 11.8 25 330 M M M 1 41 320
11 47 33 40 -2 25 0 0.56 M M 7.4 17 300 M M M 13 27 320
12 47 25 36 -6 29 0 0.00 M M 3.8 13 230 M M M 16 220
13 51 27 39 -3 26 0 0.00 M M 5.0 15 290 M M M 22 290
14 44 25 35 -7 30 0 0.00 M M 3.1 10 10 M M 0 14 320
15 59 28 44 3 21 0 0.00 M M 4.5 14 300 M M 0 20 290
16 57 31 44 3 21 0 0.00 M M 3.2 13 120 M M 0 1 15 50
17 61 35 48 7 17 0 0.96 M M 11.1 33 140 M M 8 12 48 130
18 64 42 53 12 12 0 3.38 M M 10.0 33 140 M M 10 1 49 150
19 43 32 38 -2 27 0 0.00 M M 8.2 18 290 M M M 27 330
20 45 28 37 -3 28 0 0.00 M M 3.9 12 290 M M M 16 310
21 46 30 38 -2 27 0 0.00 M M 3.7 16 340 M M M 20 340
22 48 32 40 0 25 0 0.00 M M 4.2 10 80 M M M 17 30
23 48 29 39 -1 26 0 0.00 M M 2.5 8 90 M M M 11 100
24 55 36 46 7 19 0 0.00 M M 1.0 10 50 M M M 1 26 30
25 56 38 47 8 18 0 0.00 M M 4.8 12 80 M M M 1 15 80
26 51 45 48 9 17 0 0.00 M M 6.3 12 70 M M M 1 16 80
27 59 47 53 14 12 0 0.81 M M 7.9 16 100 M M M 1 22 160
28 54 42 48 9 17 0 0.07 M M 4.7 13 30 M M M 12 15 30
29 56 41 49 11 16 0 T M M 3.0 9 310 M M M 12 13 300
30 49 38 44 6 21 0 0.00 M M 7.8 18 280 M M M 27 300
31 49 28 39 1 26 0 0.00 M M 2.5 9 290 M M M 14 310
================================================================================
SM 1650 1079 644 0 7.96 M 158.8 M 18
================================================================================
AV 53.2 34.8 5.1 FASTST M M 3 MAX(MPH)
MISC ----> # 33 140 49 150
================================================================================
NOTES:
# LAST OF SEVERAL OCCURRENCES
COLUMN 17 PEAK WIND IN M.P.H.
PRELIMINARY LOCAL CLIMATOLOGICAL DATA (WS FORM: F-6) , PAGE 2
STATION: GEORGETOWN DE
MONTH: DECEMBER
YEAR: 2023
LATITUDE: 38 41 N
LONGITUDE: 75 22 W
[TEMPERATURE DATA] [PRECIPITATION DATA] SYMBOLS USED IN COLUMN 16
AVERAGE MONTHLY: 44.0 TOTAL FOR MONTH: 7.96 1 = FOG OR MIST
DPTR FM NORMAL: 2.7 DPTR FM NORMAL: 4.49 2 = FOG REDUCING VISIBILITY
HIGHEST: 67 ON 10 GRTST 24HR 4.27 ON 17-18 TO 1/4 MILE OR LESS
LOWEST: 25 ON 14,12 3 = THUNDER
SNOW, ICE PELLETS, HAIL 4 = ICE PELLETS
TOTAL MONTH: M 5 = HAIL
GRTST 24HR M ON M 6 = FREEZING RAIN OR DRIZZLE
GRTST DEPTH: M ON M 7 = DUSTSTORM OR SANDSTORM:
VSBY 1/2 MILE OR LESS
8 = SMOKE OR HAZE
[NO. OF DAYS WITH] [WEATHER - DAYS WITH] 9 = BLOWING SNOW
X = TORNADO
MAX 32 OR BELOW: 0 0.01 INCH OR MORE: 8
MAX 90 OR ABOVE: 0 0.10 INCH OR MORE: 7
MIN 32 OR BELOW: 16 0.50 INCH OR MORE: 6
MIN 0 OR BELOW: 0 1.00 INCH OR MORE: 2
[HDD (BASE 65) ]
TOTAL THIS MO. 644 CLEAR (SCALE 0-3) 4
DPTR FM NORMAL -91 PTCLDY (SCALE 4-7) 0
TOTAL FM JUL 1 1388 CLOUDY (SCALE 8-10) 27
DPTR FM NORMAL -62
[CDD (BASE 65) ]
TOTAL THIS MO. 0
DPTR FM NORMAL -1 [PRESSURE DATA]
TOTAL FM JAN 1 1316 HIGHEST SLP M ON M
DPTR FM NORMAL -79 LOWEST SLP 29.07 ON 18
[REMARKS]
#FINAL-12-23#
ADDED MISSING WIND DATA FOR SEVERAL DATES.
STAARMANN