000
CXUS51 KPHI 011901
CF6GED
PRELIMINARY LOCAL CLIMATOLOGICAL DATA (WS FORM: F-6)
STATION: GEORGETOWN DE
MONTH: JUNE
YEAR: 2020
LATITUDE: 38 41 N
LONGITUDE: 75 22 W
TEMPERATURE IN F: :PCPN: SNOW: WIND :SUNSHINE: SKY :PK WND
================================================================================
1 2 3 4 5 6A 6B 7 8 9 10 11 12 13 14 15 16 17 18
12Z AVG MX 2MIN
DY MAX MIN AVG DEP HDD CDD WTR SNW DPTH SPD SPD DIR MIN PSBL S-S WX SPD DR
================================================================================
1 72 52 62 -6 3 0 0.00 M M 6.8 14 290 M M 1 20 300
2 78 55 67 -2 0 2 0.00 M M 6.8 14 240 M M 5 22 250
3 91 68 80 11 0 15 0.00 M M 10.0 21 260 M M 1 27 240
4 92 69 81 12 0 16 0.00 M M 6.7 18 170 M M 1 23 170
5 91 71 81 11 0 16 T M M 11.0 26 230 M M 5 36 210
6 93 73 83 13 0 18 T M M 6.0 14 270 M M 3 21 270
7 82 61 72 2 0 7 T M M 6.0 16 330 M M 2 24 10
8 83 55 69 -2 0 4 0.00 M M 3.5 13 290 M M 0 19 280
9 92 55 74 3 0 9 0.00 M M 5.5 16 190 M M 0 20 190
10 95 72 84 13 0 19 0.00 M M 11.9 21 190 M M 1 29 170
11 84 72 78 6 0 13 1.80 M M 9.8 22 220 M M 8 123 28 220
12 88 68 78 6 0 13 0.00 M M 3.6 13 360 M M 3 1 17 350
13 79 59 69 -3 0 4 0.00 M M 6.7 17 40 M M 0 23 40
14 73 56 65 -7 0 0 0.00 M M 8.2 17 50 M M 0 22 50
15 72 59 66 -7 0 1 0.00 M M 13.4 28 60 M M 4 33 60
16 73 60 67 -6 0 2 T M M 14.7 29 50 M M 4 35 50
17 67 62 65 -8 0 0 0.16 M M 12.9 21 50 M M 10 13 28 60
18 82 65 74 0 0 9 0.00 M M 6.9 16 110 M M 5 12 22 110
19 85 62 74 0 0 9 T M M 5.3 17 160 M M 1 3 22 150
20 85 66 76 2 0 11 0.03 M M 4.6 17 160 M M 3 1 22 160
21 84 67 76 2 0 11 0.03 M M 3.4 12 90 M M 5 13 14 50
22 90 66 78 4 0 13 T M M 4.6 16 110 M M 3 123 21 190
23 94 69 82 7 0 17 T M M 7.1 18 210 M M 1 1 22 200
24 87 67 77 2 0 12 T M M 7.0 17 280 M M 1 18 25 290
25 81 69 75 0 0 10 0.05 M M 3.2 22 200 M M 4 13 28 210
26 89 63 76 1 0 11 0.00 M M 5.4 14 200 M M 2 1 19 190
27 94 72 83 8 0 18 T M M 8.1 22 210 M M 3 28 230
28 93 73 83 7 0 18 0.00 M M 4.3 15 240 M M 1 19 230
29 91 71 81 5 0 16 0.00 M M 5.4 15 30 M M 1 21 300
30 89 69 79 3 0 14 0.00 M M 5.1 13 140 M M 2 16 120
================================================================================
SM 2549 1946 3 308 2.07 M 213.9 M 80
================================================================================
AV 85.0 64.9 7.1 FASTST M M 3 MAX(MPH)
MISC ----> 29 50 36 210
================================================================================
NOTES:
# LAST OF SEVERAL OCCURRENCES
COLUMN 17 PEAK WIND IN M.P.H.
PRELIMINARY LOCAL CLIMATOLOGICAL DATA (WS FORM: F-6) , PAGE 2
STATION: GEORGETOWN DE
MONTH: JUNE
YEAR: 2020
LATITUDE: 38 41 N
LONGITUDE: 75 22 W
[TEMPERATURE DATA] [PRECIPITATION DATA] SYMBOLS USED IN COLUMN 16
AVERAGE MONTHLY: 74.9 TOTAL FOR MONTH: 2.07 1 = FOG OR MIST
DPTR FM NORMAL: 2.4 DPTR FM NORMAL: -2.54 2 = FOG REDUCING VISIBILITY
HIGHEST: 95 ON 10 GRTST 24HR 1.80 ON 11-11 TO 1/4 MILE OR LESS
LOWEST: 52 ON 1 3 = THUNDER
SNOW, ICE PELLETS, HAIL 4 = ICE PELLETS
TOTAL MONTH: M 5 = HAIL
GRTST 24HR M ON M 6 = FREEZING RAIN OR DRIZZLE
GRTST DEPTH: M ON M 7 = DUSTSTORM OR SANDSTORM:
VSBY 1/2 MILE OR LESS
8 = SMOKE OR HAZE
[NO. OF DAYS WITH] [WEATHER - DAYS WITH] 9 = BLOWING SNOW
X = TORNADO
MAX 32 OR BELOW: 0 0.01 INCH OR MORE: 5
MAX 90 OR ABOVE: 11 0.10 INCH OR MORE: 2
MIN 32 OR BELOW: 0 0.50 INCH OR MORE: 1
MIN 0 OR BELOW: 0 1.00 INCH OR MORE: 1
[HDD (BASE 65) ]
TOTAL THIS MO. 3 CLEAR (SCALE 0-3) 21
DPTR FM NORMAL -10 PTCLDY (SCALE 4-7) 8
TOTAL FM JUL 1 3726 CLOUDY (SCALE 8-10) 1
DPTR FM NORMAL -677
[CDD (BASE 65) ]
TOTAL THIS MO. 307
DPTR FM NORMAL 68 [PRESSURE DATA]
TOTAL FM JAN 1 383 HIGHEST SLP 30.38 ON 15
DPTR FM NORMAL 50 LOWEST SLP 29.68 ON 24
[REMARKS]
#FINAL-06-20#