000
CXUS55 KRIW 011110
CF6GEY
PRELIMINARY LOCAL CLIMATOLOGICAL DATA (WS FORM: F-6)
STATION: GREYBULL WY
MONTH: FEBRUARY
YEAR: 2022
LATITUDE: 44 30 N
LONGITUDE: 108 4 W
TEMPERATURE IN F: :PCPN: SNOW: WIND :SUNSHINE: SKY :PK WND
================================================================================
1 2 3 4 5 6A 6B 7 8 9 10 11 12 13 14 15 16 17 18
12Z AVG MX 2MIN
DY MAX MIN AVG DEP HDD CDD WTR SNW DPTH SPD SPD DIR MIN PSBL S-S WX SPD DR
================================================================================
1 29 11 20 1 45 0 T M M 8.2 20 300 M M 3 26 310
2 12 -7 3 -16 62 0 T M M 12.0 31 310 M M 5 8 39 300
3 22 -9 7 -12 58 0 0.00 M M 2.9 8 90 M M 2 11 170
4 36 4 20 0 45 0 0.00 M M 4.8 13 160 M M 3 18 160
5 42 17 30 10 35 0 T M M 9.9 36 350 M M 6 18 49 360
6 42 15 29 9 36 0 0.00 M M 5.3 15 290 M M 1 20 310
7 46 10 28 8 37 0 0.00 M M 4.7 13 180 M M 0 16 150
8 45 20 33 12 32 0 0.00 M M 6.4 18 300 M M 0 24 310
9 50 16 33 12 32 0 0.00 M M 3.5 15 340 M M 2 19 340
10 53 22 38 17 27 0 0.00 M M 6.9 29 320 M M 1 40 320
11 39 17 28 6 37 0 T M M 20.8 36 330 M M 7 45 340
12 39 14 27 5 38 0 0.00 M M 2.3 8 110 M M 2 12 100
13 51 12 32 10 33 0 0.00 M M 3.5 9 100 M M 0 14 110
14 48 12 30 7 35 0 0.00 M M 2.2 9 190 M M 0 13 190
15 46 26 36 13 29 0 0.00 M M 12.4 33 330 M M 6 44 330
16 34 11 23 -1 42 0 T M M 10.7 32 320 M M 7 1 43 320
17 38 9 24 0 41 0 0.00 M M 6.3 17 160 M M 5 22 150
18 44 20 32 7 33 0 0.00 M M 4.6 12 90 M M 8 16 110
19 53 17 35 10 30 0 0.00 M M 7.1 18 150 M M 0 23 150
20 55 16 36 10 29 0 0.00 M M 10.4 37 320 M M 3 48 310
21 16 -2 7 -19 58 0 T M M 15.8 31 330 M M 10 18 40 330
22 3 -11 -4 -31 69 0 T M M 8.9 16 310 M M 8 8 21 300
23 2 -19 -8 -35 73 0 T M M 3.7 12 130 M M 3 15 130
24 13 -18 -2 -30 67 0 0.00 M M 1.7 9 120 M M 4 13 120
25 24 -6 9 -19 56 0 0.00 M M 5.3 13 140 M M 1 18 130
26 30 -6 12 -17 53 0 0.00 M M 5.3 14 130 M M 0 17 130
27 42 1 22 -8 43 0 0.00 M M 4.4 14 120 M M 0 19 130
28 53 14 34 4 31 0 0.00 M M 6.7 16 100 M M 0 24 290
================================================================================
SM 1007 206 1206 0 T M 196.7 M 87
================================================================================
AV 36.0 7.4 7.0 FASTST M M 3 MAX(MPH)
MISC ----> 37 320 49 360
================================================================================
NOTES:
# LAST OF SEVERAL OCCURRENCES
COLUMN 17 PEAK WIND IN M.P.H.
PRELIMINARY LOCAL CLIMATOLOGICAL DATA (WS FORM: F-6) , PAGE 2
STATION: GREYBULL WY
MONTH: FEBRUARY
YEAR: 2022
LATITUDE: 44 30 N
LONGITUDE: 108 4 W
[TEMPERATURE DATA] [PRECIPITATION DATA] SYMBOLS USED IN COLUMN 16
AVERAGE MONTHLY: 21.7 TOTAL FOR MONTH: T 1 = FOG OR MIST
DPTR FM NORMAL: -1.9 DPTR FM NORMAL: -0.12 2 = FOG REDUCING VISIBILITY
HIGHEST: 55 ON 20 GRTST 24HR T ON 1- 1 TO 1/4 MILE OR LESS
LOWEST: -19 ON 23 3 = THUNDER
SNOW, ICE PELLETS, HAIL 4 = ICE PELLETS
TOTAL MONTH: M 5 = HAIL
GRTST 24HR M ON M 6 = FREEZING RAIN OR DRIZZLE
GRTST DEPTH: M ON M 7 = DUSTSTORM OR SANDSTORM:
VSBY 1/2 MILE OR LESS
8 = SMOKE OR HAZE
[NO. OF DAYS WITH] [WEATHER - DAYS WITH] 9 = BLOWING SNOW
X = TORNADO
MAX 32 OR BELOW: 9 0.01 INCH OR MORE: 0
MAX 90 OR ABOVE: 0 0.10 INCH OR MORE: 0
MIN 32 OR BELOW: 28 0.50 INCH OR MORE: 0
MIN 0 OR BELOW: 8 1.00 INCH OR MORE: 0
[HDD (BASE 65) ]
TOTAL THIS MO. 1206 CLEAR (SCALE 0-3) 17
DPTR FM NORMAL 48 PTCLDY (SCALE 4-7) 10
TOTAL FM JUL 1 5324 CLOUDY (SCALE 8-10) 1
DPTR FM NORMAL -500
[CDD (BASE 65) ]
TOTAL THIS MO. 0
DPTR FM NORMAL 0 [PRESSURE DATA]
TOTAL FM JAN 1 0 HIGHEST SLP 30.70 ON 22
DPTR FM NORMAL 0 LOWEST SLP 29.53 ON 20
[REMARKS]
#FINAL-02-22#